{"id":148,"date":"2024-03-30T06:44:00","date_gmt":"2024-03-30T05:44:00","guid":{"rendered":"https:\/\/blogs.univ-jfc.fr\/archampo\/?page_id=148"},"modified":"2024-03-30T08:22:13","modified_gmt":"2024-03-30T07:22:13","slug":"visite-de-genevieve-fioraso-sur-le-campus-dalbi-16-septembre-2013","status":"publish","type":"page","link":"https:\/\/blogs.univ-jfc.fr\/archampo\/visite-de-genevieve-fioraso-sur-le-campus-dalbi-16-septembre-2013\/","title":{"rendered":"Visite de Genevi\u00e8ve Fioraso sur le campus d&rsquo;Albi &#8211; 16 septembre 2013"},"content":{"rendered":"\n<div class=\"wp-block-media-text alignwide is-stacked-on-mobile\"><figure class=\"wp-block-media-text__media\"><img loading=\"lazy\" width=\"600\" height=\"400\" src=\"https:\/\/blogs.univ-jfc.fr\/archampo\/wp-content\/uploads\/sites\/125\/2024\/03\/Fioraso19-3.jpg\" alt=\"\" class=\"wp-image-189 size-full\" srcset=\"https:\/\/blogs.univ-jfc.fr\/archampo\/wp-content\/uploads\/sites\/125\/2024\/03\/Fioraso19-3.jpg 600w, https:\/\/blogs.univ-jfc.fr\/archampo\/wp-content\/uploads\/sites\/125\/2024\/03\/Fioraso19-3-300x200.jpg 300w\" sizes=\"(max-width: 600px) 100vw, 600px\" \/><\/figure><div class=\"wp-block-media-text__content\">\n<p><\/p>\n\n\n\n<h6>Christian Desmoulin (\u00e0 droite), pr\u00e9sident du Conseil d&rsquo;administration du CUFR Champollion accueille, le 16 septembre 2013, Genevi\u00e8ve Fioraso, ministre de l&rsquo;Enseignement sup\u00e9rieur devant l&rsquo;entr\u00e9e du campus albigeois du CUFR Champollion, place de Verdun, en pr\u00e9sence de Martin Malvy (\u00e0 gauche), <strong>pr\u00e9sident du Conseil r\u00e9gional Midi-Pyr\u00e9n\u00e9es (1998-2015)<\/strong>.<\/h6>\n\n\n\n<p>\u00a9 Archives du Service Communication de l&rsquo;INU Champollion.<\/p>\n<\/div><\/div>\n\n\n\n<div class=\"wp-block-media-text alignwide is-stacked-on-mobile\"><figure class=\"wp-block-media-text__media\"><img loading=\"lazy\" width=\"600\" height=\"400\" src=\"https:\/\/blogs.univ-jfc.fr\/archampo\/wp-content\/uploads\/sites\/125\/2024\/03\/Fioraso15-3.jpg\" alt=\"\" class=\"wp-image-188 size-full\" srcset=\"https:\/\/blogs.univ-jfc.fr\/archampo\/wp-content\/uploads\/sites\/125\/2024\/03\/Fioraso15-3.jpg 600w, https:\/\/blogs.univ-jfc.fr\/archampo\/wp-content\/uploads\/sites\/125\/2024\/03\/Fioraso15-3-300x200.jpg 300w\" sizes=\"(max-width: 600px) 100vw, 600px\" \/><\/figure><div class=\"wp-block-media-text__content\">\n<h6><strong>La ministre Genevi\u00e8ve Fioraso entre dans le hall de la Maison Multimedia du CUFR Champollion, place de Verdun \u00e0 Albi. A sa gauche Martin Malvy, pr\u00e9sident du Conseil r\u00e9gional Midi-Pyr\u00e9n\u00e9es (1998-2015). Elle suit Herv\u00e9 Pingaud, directeur du CUFR<\/strong> devant la cam\u00e9ra.  16 septembre 2013.<\/h6>\n\n\n\n<p>\u00a9 Archives du Service Communication de l&rsquo;INU Champollion.<\/p>\n<\/div><\/div>\n\n\n\n<div class=\"wp-block-media-text alignwide is-stacked-on-mobile\"><figure class=\"wp-block-media-text__media\"><img loading=\"lazy\" width=\"600\" height=\"400\" src=\"https:\/\/blogs.univ-jfc.fr\/archampo\/wp-content\/uploads\/sites\/125\/2024\/03\/Fioraso9-2.jpg\" alt=\"\" class=\"wp-image-176 size-full\" srcset=\"https:\/\/blogs.univ-jfc.fr\/archampo\/wp-content\/uploads\/sites\/125\/2024\/03\/Fioraso9-2.jpg 600w, https:\/\/blogs.univ-jfc.fr\/archampo\/wp-content\/uploads\/sites\/125\/2024\/03\/Fioraso9-2-300x200.jpg 300w\" sizes=\"(max-width: 600px) 100vw, 600px\" \/><\/figure><div class=\"wp-block-media-text__content\">\n<h6><strong>La ministre Genevi\u00e8ve Fioraso serrant une main le 16 septembre 2013. Au premier plan, Christian Desmoulin, pr\u00e9sident du Conseil d&rsquo;administration du CUFR Champollion depuis 2012.  Au troisi\u00e8me plan, la rectrice H\u00e9l\u00e8ne Bernard (2013-2018), le pr\u00e9sident<\/strong> du Conseil r\u00e9gional de Midi-Pyr\u00e9n\u00e9es Martin Malvy (1998-2015) \u00e0 gauche et, entre les deux, Thierry Carcenac,  pr\u00e9sident du Conseil g\u00e9n\u00e9ral du Tarn (1991-2017).<\/h6>\n\n\n\n<p>\u00a9 Archives du Service Communication de l&rsquo;INU Champollion.<\/p>\n<\/div><\/div>\n\n\n\n<div class=\"wp-block-media-text alignwide is-stacked-on-mobile\"><figure class=\"wp-block-media-text__media\"><img loading=\"lazy\" width=\"600\" height=\"400\" src=\"https:\/\/blogs.univ-jfc.fr\/archampo\/wp-content\/uploads\/sites\/125\/2024\/03\/Fioraso20-2.jpg\" alt=\"\" class=\"wp-image-185 size-full\" srcset=\"https:\/\/blogs.univ-jfc.fr\/archampo\/wp-content\/uploads\/sites\/125\/2024\/03\/Fioraso20-2.jpg 600w, https:\/\/blogs.univ-jfc.fr\/archampo\/wp-content\/uploads\/sites\/125\/2024\/03\/Fioraso20-2-300x200.jpg 300w\" sizes=\"(max-width: 600px) 100vw, 600px\" \/><\/figure><div class=\"wp-block-media-text__content\">\n<h6>Herv\u00e9 Pingaud, directeur du CUFR Champollion, fait visiter le campus \u00e0 la ministre Fioraso le 16 septembre 2013. A la droite de la ministre, le pr\u00e9sident du Conseil r\u00e9gional de Midi-Pyr\u00e9n\u00e9es Martin Malvy (1998-2015) et derri\u00e8re lui Jean-Louis Chauzy, pr\u00e9sident du Conseil \u00c9conomique et Social r\u00e9gional.<\/h6>\n\n\n\n<p>\u00a9 Archives du Service Communication de l&rsquo;INU Champollion.<\/p>\n<\/div><\/div>\n\n\n\n<div class=\"wp-block-media-text alignwide is-stacked-on-mobile\"><figure class=\"wp-block-media-text__media\"><img loading=\"lazy\" width=\"600\" height=\"400\" src=\"https:\/\/blogs.univ-jfc.fr\/archampo\/wp-content\/uploads\/sites\/125\/2024\/03\/Fioraso3-2.jpg\" alt=\"\" class=\"wp-image-190 size-full\" srcset=\"https:\/\/blogs.univ-jfc.fr\/archampo\/wp-content\/uploads\/sites\/125\/2024\/03\/Fioraso3-2.jpg 600w, https:\/\/blogs.univ-jfc.fr\/archampo\/wp-content\/uploads\/sites\/125\/2024\/03\/Fioraso3-2-300x200.jpg 300w\" sizes=\"(max-width: 600px) 100vw, 600px\" \/><\/figure><div class=\"wp-block-media-text__content\">\n<h6>De gauche \u00e0 droite : Herv\u00e9 Pingaud, directeur du CUFR Champollion, le pr\u00e9sident du Conseil r\u00e9gional de Midi-Pyr\u00e9n\u00e9es Martin Malvy (1998-2015), Nadia Pellefigue, vice-pr\u00e9sidente de la R\u00e9gion Midi-Pyr\u00e9n\u00e9es en charge de l&rsquo;Enseignement sup\u00e9rieur. 16 septembre 2013.<\/h6>\n\n\n\n<p>\u00a9 Archives du Service Communication de l&rsquo;INU Champollion.<\/p>\n<\/div><\/div>\n\n\n\n<div class=\"wp-block-media-text alignwide is-stacked-on-mobile\"><figure class=\"wp-block-media-text__media\"><img loading=\"lazy\" width=\"600\" height=\"400\" src=\"https:\/\/blogs.univ-jfc.fr\/archampo\/wp-content\/uploads\/sites\/125\/2024\/03\/Fioraso4-2.jpg\" alt=\"\" class=\"wp-image-191 size-full\" srcset=\"https:\/\/blogs.univ-jfc.fr\/archampo\/wp-content\/uploads\/sites\/125\/2024\/03\/Fioraso4-2.jpg 600w, https:\/\/blogs.univ-jfc.fr\/archampo\/wp-content\/uploads\/sites\/125\/2024\/03\/Fioraso4-2-300x200.jpg 300w\" sizes=\"(max-width: 600px) 100vw, 600px\" \/><\/figure><div class=\"wp-block-media-text__content\">\n<h6>Herv\u00e9 Pingaud, directeur du CUFR Champollion dans la cour du CUFR Champollion le 16 septembre 2013. A sa droite, Nadia Pellefigue, vice-pr\u00e9sidente de la R\u00e9gion Midi-Pyr\u00e9n\u00e9es en charge de l&rsquo;Enseignement sup\u00e9rieur. En face de lui, le pr\u00e9sident du Conseil r\u00e9gional de Midi-Pyr\u00e9n\u00e9es Martin Malvy (1998-2015) et Thierry Carcenac, pr\u00e9sident du Conseil g\u00e9n\u00e9ral du Tarn (1991-2017).<\/h6>\n\n\n\n<p>\u00a9 Archives du Service Communication de l&rsquo;INU Champollion.<\/p>\n<\/div><\/div>\n\n\n\n<div class=\"wp-block-media-text alignwide is-stacked-on-mobile\"><figure class=\"wp-block-media-text__media\"><img loading=\"lazy\" width=\"600\" height=\"400\" src=\"https:\/\/blogs.univ-jfc.fr\/archampo\/wp-content\/uploads\/sites\/125\/2024\/03\/Fioraso2-2.jpg\" alt=\"\" class=\"wp-image-194 size-full\" srcset=\"https:\/\/blogs.univ-jfc.fr\/archampo\/wp-content\/uploads\/sites\/125\/2024\/03\/Fioraso2-2.jpg 600w, https:\/\/blogs.univ-jfc.fr\/archampo\/wp-content\/uploads\/sites\/125\/2024\/03\/Fioraso2-2-300x200.jpg 300w\" sizes=\"(max-width: 600px) 100vw, 600px\" \/><\/figure><div class=\"wp-block-media-text__content\">\n<h6>De gauche \u00e0 droite : Genevi\u00e8ve Fioraso, ministre de l&rsquo;Enseignement sup\u00e9rieur, Herv\u00e9 Pingaud, directeur du CUFR Champollion et Thierry Carcenac, pr\u00e9sident du Conseil g\u00e9n\u00e9ral du Tarn (1991-2017), entre le b\u00e2timent Borel et le b\u00e2timent administratif. 16 septembre 2013.<\/h6>\n\n\n\n<p>\u00a9 Archives du Service Communication de l&rsquo;INU Champollion.<\/p>\n<\/div><\/div>\n\n\n\n<div class=\"wp-block-media-text alignwide is-stacked-on-mobile\"><figure class=\"wp-block-media-text__media\"><img loading=\"lazy\" width=\"600\" height=\"400\" src=\"https:\/\/blogs.univ-jfc.fr\/archampo\/wp-content\/uploads\/sites\/125\/2024\/03\/Fioraso14-2.jpg\" alt=\"\" class=\"wp-image-195 size-full\" srcset=\"https:\/\/blogs.univ-jfc.fr\/archampo\/wp-content\/uploads\/sites\/125\/2024\/03\/Fioraso14-2.jpg 600w, https:\/\/blogs.univ-jfc.fr\/archampo\/wp-content\/uploads\/sites\/125\/2024\/03\/Fioraso14-2-300x200.jpg 300w\" sizes=\"(max-width: 600px) 100vw, 600px\" \/><\/figure><div class=\"wp-block-media-text__content\">\n<h6>De gauche \u00e0 droite : Le Professeur Pierre Lagarrigue , la Professeure Mich\u00e8le Lalanne, Nadia Pellefigue, Genevi\u00e8ve Fioraso, Martin Malvy dans une salle informatique du b\u00e2timent Multim\u00e9dia du CUFR Champollion. 16 septembre 2013.<\/h6>\n\n\n\n<p>\u00a9 Archives du Service Communication de l&rsquo;INU Champollion.<\/p>\n<\/div><\/div>\n\n\n\n<div class=\"wp-block-media-text alignwide is-stacked-on-mobile\"><figure class=\"wp-block-media-text__media\"><img loading=\"lazy\" width=\"600\" height=\"400\" src=\"https:\/\/blogs.univ-jfc.fr\/archampo\/wp-content\/uploads\/sites\/125\/2024\/03\/Fioraso16-2.jpg\" alt=\"\" class=\"wp-image-196 size-full\" srcset=\"https:\/\/blogs.univ-jfc.fr\/archampo\/wp-content\/uploads\/sites\/125\/2024\/03\/Fioraso16-2.jpg 600w, https:\/\/blogs.univ-jfc.fr\/archampo\/wp-content\/uploads\/sites\/125\/2024\/03\/Fioraso16-2-300x200.jpg 300w\" sizes=\"(max-width: 600px) 100vw, 600px\" \/><\/figure><div class=\"wp-block-media-text__content\">\n<h6>De gauche \u00e0 droite : Le Professeur Pierre Lagarrigue , la Professeure Mich\u00e8le Lalanne, Nadia Pellefigue, Genevi\u00e8ve Fioraso dans une salle informatique du b\u00e2timent Multim\u00e9dia du CUFR Champollion. 16 septembre 2013.<\/h6>\n\n\n\n<p>\u00a9 Archives du Service Communication de l&rsquo;INU Champollion.<\/p>\n<\/div><\/div>\n\n\n\n<div class=\"wp-block-media-text alignwide is-stacked-on-mobile\"><figure class=\"wp-block-media-text__media\"><img loading=\"lazy\" width=\"600\" height=\"400\" src=\"https:\/\/blogs.univ-jfc.fr\/archampo\/wp-content\/uploads\/sites\/125\/2024\/03\/Fioraso8-2.jpg\" alt=\"\" class=\"wp-image-197 size-full\" srcset=\"https:\/\/blogs.univ-jfc.fr\/archampo\/wp-content\/uploads\/sites\/125\/2024\/03\/Fioraso8-2.jpg 600w, https:\/\/blogs.univ-jfc.fr\/archampo\/wp-content\/uploads\/sites\/125\/2024\/03\/Fioraso8-2-300x200.jpg 300w\" sizes=\"(max-width: 600px) 100vw, 600px\" \/><\/figure><div class=\"wp-block-media-text__content\">\n<h6>Christian Desmoulin, pr\u00e9sident du Conseil d&rsquo;administration du CUFR Champollion depuis 2012, dans le grand amphith\u00e9\u00e2tre du CUFR Champollion (b\u00e2timent Jaur\u00e8s) lors de l&rsquo;accueil de la ministre Fioraso le 16 septembre 2013.<\/h6>\n\n\n\n<p>\u00a9 Archives du Service Communication de l&rsquo;INU Champollion.<\/p>\n<\/div><\/div>\n\n\n\n<div class=\"wp-block-media-text alignwide is-stacked-on-mobile\"><figure class=\"wp-block-media-text__media\"><img loading=\"lazy\" width=\"600\" height=\"400\" src=\"https:\/\/blogs.univ-jfc.fr\/archampo\/wp-content\/uploads\/sites\/125\/2024\/03\/Fioraso21-2.jpg\" alt=\"\" class=\"wp-image-198 size-full\" srcset=\"https:\/\/blogs.univ-jfc.fr\/archampo\/wp-content\/uploads\/sites\/125\/2024\/03\/Fioraso21-2.jpg 600w, https:\/\/blogs.univ-jfc.fr\/archampo\/wp-content\/uploads\/sites\/125\/2024\/03\/Fioraso21-2-300x200.jpg 300w\" sizes=\"(max-width: 600px) 100vw, 600px\" \/><\/figure><div class=\"wp-block-media-text__content\">\n<h6>Le pr\u00e9sident du Conseil r\u00e9gional de Midi-Pyr\u00e9n\u00e9es Martin Malvy (1998-2015) dans le grand amphith\u00e9\u00e2tre du CUFR Champollion (b\u00e2timent Jaur\u00e8s) lors de l&rsquo;accueil de la ministre Fioraso le 16 septembre 2013.<\/h6>\n\n\n\n<p>\u00a9 Archives du Service Communication de l&rsquo;INU Champollion.<\/p>\n<\/div><\/div>\n\n\n\n<div class=\"wp-block-media-text alignwide is-stacked-on-mobile\"><figure class=\"wp-block-media-text__media\"><img loading=\"lazy\" width=\"600\" height=\"400\" src=\"https:\/\/blogs.univ-jfc.fr\/archampo\/wp-content\/uploads\/sites\/125\/2024\/03\/Fioraso22-2.jpg\" alt=\"\" class=\"wp-image-199 size-full\" srcset=\"https:\/\/blogs.univ-jfc.fr\/archampo\/wp-content\/uploads\/sites\/125\/2024\/03\/Fioraso22-2.jpg 600w, https:\/\/blogs.univ-jfc.fr\/archampo\/wp-content\/uploads\/sites\/125\/2024\/03\/Fioraso22-2-300x200.jpg 300w\" sizes=\"(max-width: 600px) 100vw, 600px\" \/><\/figure><div class=\"wp-block-media-text__content\">\n<h6>Le grand amphith\u00e9atre du CUFR (b\u00e2timent Jaur\u00e8s) lors de l&rsquo;accueil de la ministre Fioraso le 16 septembre 2013.<\/h6>\n\n\n\n<p>\u00a9 Archives du Service Communication de l&rsquo;INU Champollion.<\/p>\n<\/div><\/div>\n\n\n\n<div class=\"wp-block-media-text alignwide is-stacked-on-mobile\"><figure class=\"wp-block-media-text__media\"><img loading=\"lazy\" width=\"600\" height=\"400\" src=\"https:\/\/blogs.univ-jfc.fr\/archampo\/wp-content\/uploads\/sites\/125\/2024\/03\/Fioraso23-2.jpg\" alt=\"\" class=\"wp-image-200 size-full\" srcset=\"https:\/\/blogs.univ-jfc.fr\/archampo\/wp-content\/uploads\/sites\/125\/2024\/03\/Fioraso23-2.jpg 600w, https:\/\/blogs.univ-jfc.fr\/archampo\/wp-content\/uploads\/sites\/125\/2024\/03\/Fioraso23-2-300x200.jpg 300w\" sizes=\"(max-width: 600px) 100vw, 600px\" \/><\/figure><div class=\"wp-block-media-text__content\">\n<h6>Le grand amphith\u00e9atre du CUFR (b\u00e2timent Jaur\u00e8s) lors de l&rsquo;accueil de la ministre Fioraso le 16 septembre 2013.<\/h6>\n\n\n\n<p>\u00a9 Archives du Service Communication de l&rsquo;INU Champollion.<\/p>\n<\/div><\/div>\n\n\n\n<div class=\"wp-block-media-text alignwide is-stacked-on-mobile\"><figure class=\"wp-block-media-text__media\"><img loading=\"lazy\" width=\"600\" height=\"400\" src=\"https:\/\/blogs.univ-jfc.fr\/archampo\/wp-content\/uploads\/sites\/125\/2024\/03\/Fioraso10-2.jpg\" alt=\"\" class=\"wp-image-201 size-full\" srcset=\"https:\/\/blogs.univ-jfc.fr\/archampo\/wp-content\/uploads\/sites\/125\/2024\/03\/Fioraso10-2.jpg 600w, https:\/\/blogs.univ-jfc.fr\/archampo\/wp-content\/uploads\/sites\/125\/2024\/03\/Fioraso10-2-300x200.jpg 300w\" sizes=\"(max-width: 600px) 100vw, 600px\" \/><\/figure><div class=\"wp-block-media-text__content\">\n<h6>La ministre Fioraso \u00e9coutant les \u00e9tudiants dans le grand amphith\u00e9atre du CUFR (b\u00e2timent Jaur\u00e8s) le 16 septembre 2013.<\/h6>\n\n\n\n<p>\u00a9 Archives du Service Communication de l&rsquo;INU Champollion.<\/p>\n<\/div><\/div>\n\n\n\n<div class=\"wp-block-media-text alignwide is-stacked-on-mobile\"><figure class=\"wp-block-media-text__media\"><img loading=\"lazy\" width=\"600\" height=\"400\" src=\"https:\/\/blogs.univ-jfc.fr\/archampo\/wp-content\/uploads\/sites\/125\/2024\/03\/Fioraso13-2.jpg\" alt=\"\" class=\"wp-image-202 size-full\" srcset=\"https:\/\/blogs.univ-jfc.fr\/archampo\/wp-content\/uploads\/sites\/125\/2024\/03\/Fioraso13-2.jpg 600w, https:\/\/blogs.univ-jfc.fr\/archampo\/wp-content\/uploads\/sites\/125\/2024\/03\/Fioraso13-2-300x200.jpg 300w\" sizes=\"(max-width: 600px) 100vw, 600px\" \/><\/figure><div class=\"wp-block-media-text__content\">\n<h6>La ministre Fioraso sur le campus albigeois. A sa gauche, Thierry Carcenac, pr\u00e9sident du Conseil g\u00e9n\u00e9ral du Tarn (1991-2017).<\/h6>\n\n\n\n<p>\u00a9 Archives du Service Communication de l&rsquo;INU Champollion.<\/p>\n<\/div><\/div>\n\n\n\n<div class=\"wp-block-media-text alignwide is-stacked-on-mobile\"><figure class=\"wp-block-media-text__media\"><img loading=\"lazy\" width=\"600\" height=\"400\" src=\"https:\/\/blogs.univ-jfc.fr\/archampo\/wp-content\/uploads\/sites\/125\/2024\/03\/Fioraso11-2.jpg\" alt=\"\" class=\"wp-image-203 size-full\" srcset=\"https:\/\/blogs.univ-jfc.fr\/archampo\/wp-content\/uploads\/sites\/125\/2024\/03\/Fioraso11-2.jpg 600w, https:\/\/blogs.univ-jfc.fr\/archampo\/wp-content\/uploads\/sites\/125\/2024\/03\/Fioraso11-2-300x200.jpg 300w\" sizes=\"(max-width: 600px) 100vw, 600px\" \/><\/figure><div class=\"wp-block-media-text__content\">\n<h6>La ministre Fiorasao r\u00e9pondant \u00e0 la presse sur le campus albigeois, 16 septembre 2013.<\/h6>\n\n\n\n<p>\u00a9 Archives du Service Communication de l&rsquo;INU Champollion.<\/p>\n<\/div><\/div>\n","protected":false},"excerpt":{"rendered":"<p>Christian Desmoulin (\u00e0 droite), pr\u00e9sident du Conseil d&rsquo;administration du CUFR Champollion accueille, le 16 septembre 2013, Genevi\u00e8ve Fioraso, ministre de l&rsquo;Enseignement sup\u00e9rieur devant l&rsquo;entr\u00e9e du campus albigeois du CUFR Champollion, place de Verdun, en pr\u00e9sence de Martin Malvy (\u00e0 gauche), pr\u00e9sident du Conseil r\u00e9gional Midi-Pyr\u00e9n\u00e9es (1998-2015). \u00a9 Archives du Service Communication de l&rsquo;INU Champollion. La &hellip; <a href=\"https:\/\/blogs.univ-jfc.fr\/archampo\/visite-de-genevieve-fioraso-sur-le-campus-dalbi-16-septembre-2013\/\" class=\"more-link\">Continuer la lecture de <span class=\"screen-reader-text\">Visite de Genevi\u00e8ve Fioraso sur le campus d&rsquo;Albi &#8211; 16 septembre 2013<\/span> <span class=\"meta-nav\">&rarr;<\/span><\/a><\/p>\n","protected":false},"author":19,"featured_media":0,"parent":0,"menu_order":0,"comment_status":"closed","ping_status":"closed","template":"","meta":[],"_links":{"self":[{"href":"https:\/\/blogs.univ-jfc.fr\/archampo\/wp-json\/wp\/v2\/pages\/148"}],"collection":[{"href":"https:\/\/blogs.univ-jfc.fr\/archampo\/wp-json\/wp\/v2\/pages"}],"about":[{"href":"https:\/\/blogs.univ-jfc.fr\/archampo\/wp-json\/wp\/v2\/types\/page"}],"author":[{"embeddable":true,"href":"https:\/\/blogs.univ-jfc.fr\/archampo\/wp-json\/wp\/v2\/users\/19"}],"replies":[{"embeddable":true,"href":"https:\/\/blogs.univ-jfc.fr\/archampo\/wp-json\/wp\/v2\/comments?post=148"}],"version-history":[{"count":6,"href":"https:\/\/blogs.univ-jfc.fr\/archampo\/wp-json\/wp\/v2\/pages\/148\/revisions"}],"predecessor-version":[{"id":204,"href":"https:\/\/blogs.univ-jfc.fr\/archampo\/wp-json\/wp\/v2\/pages\/148\/revisions\/204"}],"wp:attachment":[{"href":"https:\/\/blogs.univ-jfc.fr\/archampo\/wp-json\/wp\/v2\/media?parent=148"}],"curies":[{"name":"wp","href":"https:\/\/api.w.org\/{rel}","templated":true}]}}