{"id":1494,"date":"2024-05-14T08:13:02","date_gmt":"2024-05-14T06:13:02","guid":{"rendered":"https:\/\/blogs.univ-jfc.fr\/archampo\/?page_id=1494"},"modified":"2024-05-15T09:53:32","modified_gmt":"2024-05-15T07:53:32","slug":"armel-bousquet","status":"publish","type":"page","link":"https:\/\/blogs.univ-jfc.fr\/archampo\/armel-bousquet\/","title":{"rendered":"Armel Bousquet"},"content":{"rendered":"\n<p><strong>Historique de mes ann\u00e9es \u00e0 Champollion<\/strong><\/p>\n\n\n\n<p>J\u2019ai \u00e9t\u00e9 nomm\u00e9e au C.U.F.R Jean-Fran\u00e7ois Champollion le 1<sup>er<\/sup> septembre 2003, affect\u00e9e au secr\u00e9tariat de scolarit\u00e9 Sciences Humaines et Sociales (DEUG de Psychologie, Sociologie, Histoire et G\u00e9ographie). Je g\u00e9rais, avec deux autres coll\u00e8gues, la scolarit\u00e9 et les examens des \u00e9tudiants, de l\u2019inscription p\u00e9dagogique \u00e0 la remise de l\u2019attestation de r\u00e9ussite. Les dipl\u00f4mes \u00e9taient \u00e9dit\u00e9s par les universit\u00e9s toulousaines.<\/p>\n\n\n\n<p>On ne peut pas dire que la gestion \u00e9tait informatis\u00e9e, car le logiciel informatique maison, \u00ab\u00a0Concorde\u00a0\u00bb, n\u2019\u00e9tait pas efficient et\u2026 semait la discorde. Les relev\u00e9s de notes devaient \u00eatre recalcul\u00e9s \u00e0 la main et r\u00e9\u00e9dit\u00e9s plusieurs fois jusqu\u2019\u00e0 ce qu\u2019ils soient exacts.<\/p>\n\n\n\n<p>C\u2019\u00e9tait la premi\u00e8re fois que nous devions les g\u00e9n\u00e9rer et les \u00e9diter sur place. Jusque-l\u00e0, y compris en 2002\/2003, c\u2019\u00e9taient les universit\u00e9s toulousaines de tutelle qui g\u00e9raient la scolarit\u00e9 des \u00e9tudiants d\u2019Albi et qui envoyaient les relev\u00e9s de notes que nous d\u00e9livrions aux \u00e9tudiants.<\/p>\n\n\n\n<p>L\u2019\u00e9laboration des emplois du temps des \u00e9tudiants et des enseignants se faisait quasiment \u00e0 la main, puis la saisie se faisait sur des tableaux Excel. Il fallait les modifier maintes fois avant qu\u2019ils ne soient op\u00e9rationnels. Idem pour la constitution des groupes de TD, un vrai casse-t\u00eate pour mes m\u00e9ninges, on \u00e9tait loin de l\u2019intelligence artificielle&nbsp;!<\/p>\n\n\n\n<p>\u00c0 chaque rentr\u00e9e, les heures suppl\u00e9mentaires ne se comptaient plus, je prenais les dossiers chez moi et j\u2019y travaillais jusque tard, et parfois \u00e0 partir de cinq heures du matin.<\/p>\n\n\n\n<p>Parall\u00e8lement, je g\u00e9rais aussi la r\u00e9servation des salles sur le logiciel \u00ab&nbsp;Hyperplanning&nbsp;\u00bb, achet\u00e9 par l\u2019\u00e9tablissement, salles de cours mais aussi salles lou\u00e9es \u00e0 des associations ou organismes ext\u00e9rieurs, pour lesquels j\u2019\u00e9tablissais les conventions de pr\u00eats de locaux.<\/p>\n\n\n\n<p>Tout ce travail s\u2019effectuait dans la bonne humeur, l\u2019ambiance \u00e9tait tr\u00e8s conviviale. Nous prenions le caf\u00e9 \u00e0 la \u00ab\u00a0repro\u00a0\u00bb, dans le bureau de D\u00e9d\u00e9, au service de reprographie. Nous y fumions aussi, ainsi que dans nos bureaux.<\/p>\n\n\n\n<p>Je&nbsp;me souviens aussi du sol jonch\u00e9 des m\u00e9gots des \u00e9tudiants dans les halls des b\u00e2timents p\u00e9dagogiques.<\/p>\n\n\n\n<p>\u00c0 partir du 1<sup>er<\/sup> f\u00e9vrier 2007, l\u2019interdiction fut appliqu\u00e9e et les fumeurs se retrouvaient dehors.<\/p>\n\n\n\n<p>Les mat\u00e9riels p\u00e9dagogiques \u00e9taient souvent en panne : lecteurs enregistreurs pour les langues vivantes, r\u00e9troprojecteurs, vid\u00e9oprojecteurs portatifs qui n&rsquo;\u00e9taient pas toujours disponibles. Seulement trois salles, anciennement Portalis, TD02 et TD07, \u00e9taient \u00e9quip\u00e9es d&rsquo;un vid\u00e9oprojecteur fixe&nbsp;(les anciens appr\u00e9cieront). Parfois leurs t\u00e9l\u00e9commandes disparaissaient, les \u00e9crans restaient coinc\u00e9s en haut ou bien la tige pour les descendre \u00e9tait introuvable. Nous appelions alors les coll\u00e8gues du service technique qui devaient intervenir rapidement.<\/p>\n\n\n\n<p>Une fois par trimestre nous organisions une auberge espagnole \u00e0 midi dans un bureau, ferm\u00e9 aux \u00e9tudiants pour la circonstance. Nous nous retrouvions, tous personnels confondus, autour de quiches, pizzas, chips, charcutaille et autres g\u00e2teaux maison. C\u2019\u00e9tait un moment privil\u00e9gi\u00e9 o\u00f9 nous pouvions nous retrouver dans des rencontres chaleureuses, m\u00eame si les conversations tournaient souvent autour de la scolarit\u00e9 et des probl\u00e8mes \u00e0 r\u00e9gler. C\u2019\u00e9tait un genre de d\u00e9jeuner de travail am\u00e9lior\u00e9\u2026<\/p>\n\n\n\n<p>J\u2019ai vu progressivement les services s\u2019\u00e9toffer. En 2003, deux personnes composaient le service informatique, deux personnes le service de la Formation continue et quatre personnes le service des ressources humaines\u00a0!<\/p>\n\n\n\n<p>Fin des ann\u00e9es 2000 (?) l\u2019\u00e9tablissement s\u2019est dot\u00e9 des logiciels Scolarix pour la gestion administrative et Scol_p\u00e9da pour la gestion p\u00e9dagogique des \u00e9tudiants. Nous pouvions enfin avoir acc\u00e8s en direct aux informations \u00e9l\u00e9mentaires (Nom, Pr\u00e9nom, date de naissance des \u00e9tudiants, adresse, dipl\u00f4me d\u2019inscription sur Scolarix et gestion des notes et des relev\u00e9s sur Scol_p\u00e9da).<\/p>\n\n\n\n<p>Une demi-journ\u00e9e&nbsp;festive cl\u00f4turait&nbsp;l&rsquo;ann\u00e9e universitaire, o\u00f9&nbsp;tous les personnels \u00e9taient invit\u00e9s \u00e0 participer : parties de p\u00e9tanque en doublettes ou triplettes,&nbsp;repas en commun, ambiance musicale. En cas de mauvais temps, on se repliait dans la grande salle B1, au rez-de-chauss\u00e9e du b\u00e2timent B.<\/p>\n\n\n\n<p>En 2015, avec la cr\u00e9ation de l\u2019INU, modification de l\u2019acronyme et mise \u00e0 jour de tous les documents, ce qui \u00e9tait une cons\u00e9quence minime du changement de statut\u2026<\/p>\n\n\n\n<p>Pour ma part, j\u2019ai connu \u00e0 la direction Augustin MARTINEZ, Jean-Louis DARREON, Herv\u00e9 PINGAUD et Brigitte PRADIN avec lesquels j\u2019ai eu plaisir \u00e0 travailler.<\/p>\n\n\n\n<p>J\u2019ai \u00e9t\u00e9 admise \u00e0 la retraite le 1<sup>er<\/sup> mai 2017, apr\u00e8s 42 ann\u00e9es de bons et loyaux services&nbsp;!<\/p>\n\n\n\n<p><\/p>\n\n\n\n<p class=\"has-text-align-right\">Armel Bousquet-Caminade, 15 mai 2024<\/p>\n\n\n\n<p class=\"has-text-align-right\">T\u00e9moignage recueilli dans le cadre du projet Archampo<\/p>\n","protected":false},"excerpt":{"rendered":"<p>Historique de mes ann\u00e9es \u00e0 Champollion J\u2019ai \u00e9t\u00e9 nomm\u00e9e au C.U.F.R Jean-Fran\u00e7ois Champollion le 1er septembre 2003, affect\u00e9e au secr\u00e9tariat de scolarit\u00e9 Sciences Humaines et Sociales (DEUG de Psychologie, Sociologie, Histoire et G\u00e9ographie). Je g\u00e9rais, avec deux autres coll\u00e8gues, la scolarit\u00e9 et les examens des \u00e9tudiants, de l\u2019inscription p\u00e9dagogique \u00e0 la remise de l\u2019attestation de &hellip; <a href=\"https:\/\/blogs.univ-jfc.fr\/archampo\/armel-bousquet\/\" class=\"more-link\">Continuer la lecture de <span class=\"screen-reader-text\">Armel Bousquet<\/span> <span class=\"meta-nav\">&rarr;<\/span><\/a><\/p>\n","protected":false},"author":19,"featured_media":0,"parent":0,"menu_order":0,"comment_status":"closed","ping_status":"closed","template":"","meta":[],"_links":{"self":[{"href":"https:\/\/blogs.univ-jfc.fr\/archampo\/wp-json\/wp\/v2\/pages\/1494"}],"collection":[{"href":"https:\/\/blogs.univ-jfc.fr\/archampo\/wp-json\/wp\/v2\/pages"}],"about":[{"href":"https:\/\/blogs.univ-jfc.fr\/archampo\/wp-json\/wp\/v2\/types\/page"}],"author":[{"embeddable":true,"href":"https:\/\/blogs.univ-jfc.fr\/archampo\/wp-json\/wp\/v2\/users\/19"}],"replies":[{"embeddable":true,"href":"https:\/\/blogs.univ-jfc.fr\/archampo\/wp-json\/wp\/v2\/comments?post=1494"}],"version-history":[{"count":4,"href":"https:\/\/blogs.univ-jfc.fr\/archampo\/wp-json\/wp\/v2\/pages\/1494\/revisions"}],"predecessor-version":[{"id":1569,"href":"https:\/\/blogs.univ-jfc.fr\/archampo\/wp-json\/wp\/v2\/pages\/1494\/revisions\/1569"}],"wp:attachment":[{"href":"https:\/\/blogs.univ-jfc.fr\/archampo\/wp-json\/wp\/v2\/media?parent=1494"}],"curies":[{"name":"wp","href":"https:\/\/api.w.org\/{rel}","templated":true}]}}