{"id":67,"date":"2024-03-29T18:55:33","date_gmt":"2024-03-29T17:55:33","guid":{"rendered":"https:\/\/blogs.univ-jfc.fr\/archampo\/?page_id=67"},"modified":"2024-06-17T18:10:29","modified_gmt":"2024-06-17T16:10:29","slug":"consulter-les-archives","status":"publish","type":"page","link":"https:\/\/blogs.univ-jfc.fr\/archampo\/consulter-les-archives\/","title":{"rendered":"Consulter les archives de l&rsquo;INU Champollion"},"content":{"rendered":"\n<div class=\"wp-block-media-text alignwide is-stacked-on-mobile\" style=\"grid-template-columns:24% auto\"><figure class=\"wp-block-media-text__media\"><img loading=\"lazy\" width=\"225\" height=\"225\" src=\"https:\/\/blogs.univ-jfc.fr\/archampo\/wp-content\/uploads\/sites\/125\/2024\/03\/BU.jpg\" alt=\"\" class=\"wp-image-292 size-full\" srcset=\"https:\/\/blogs.univ-jfc.fr\/archampo\/wp-content\/uploads\/sites\/125\/2024\/03\/BU.jpg 225w, https:\/\/blogs.univ-jfc.fr\/archampo\/wp-content\/uploads\/sites\/125\/2024\/03\/BU-150x150.jpg 150w\" sizes=\"(max-width: 225px) 100vw, 225px\" \/><\/figure><div class=\"wp-block-media-text__content\">\n<h5>Les archives historiques de l&rsquo;INU Champollion seront bient\u00f4t accessibles au public \u00e0 la Biblioth\u00e8que universitaire d&rsquo;Albi, sur le campus de l&rsquo;INUC, place de Verdun.<\/h5>\n\n\n\n<h4>Contact : <a href=\"https:\/\/listes.univ-jfc.fr\/listes\/info\/bu-albi-contact\"><strong>bu-albi-contact@listes.univ-jfc.fr<\/strong><\/a><\/h4>\n\n\n\n<p><\/p>\n<\/div><\/div>\n","protected":false},"excerpt":{"rendered":"<p>Les archives historiques de l&rsquo;INU Champollion seront bient\u00f4t accessibles au public \u00e0 la Biblioth\u00e8que universitaire d&rsquo;Albi, sur le campus de l&rsquo;INUC, place de Verdun. Contact : bu-albi-contact@listes.univ-jfc.fr<\/p>\n","protected":false},"author":19,"featured_media":0,"parent":0,"menu_order":0,"comment_status":"closed","ping_status":"closed","template":"","meta":[],"_links":{"self":[{"href":"https:\/\/blogs.univ-jfc.fr\/archampo\/wp-json\/wp\/v2\/pages\/67"}],"collection":[{"href":"https:\/\/blogs.univ-jfc.fr\/archampo\/wp-json\/wp\/v2\/pages"}],"about":[{"href":"https:\/\/blogs.univ-jfc.fr\/archampo\/wp-json\/wp\/v2\/types\/page"}],"author":[{"embeddable":true,"href":"https:\/\/blogs.univ-jfc.fr\/archampo\/wp-json\/wp\/v2\/users\/19"}],"replies":[{"embeddable":true,"href":"https:\/\/blogs.univ-jfc.fr\/archampo\/wp-json\/wp\/v2\/comments?post=67"}],"version-history":[{"count":5,"href":"https:\/\/blogs.univ-jfc.fr\/archampo\/wp-json\/wp\/v2\/pages\/67\/revisions"}],"predecessor-version":[{"id":1844,"href":"https:\/\/blogs.univ-jfc.fr\/archampo\/wp-json\/wp\/v2\/pages\/67\/revisions\/1844"}],"wp:attachment":[{"href":"https:\/\/blogs.univ-jfc.fr\/archampo\/wp-json\/wp\/v2\/media?parent=67"}],"curies":[{"name":"wp","href":"https:\/\/api.w.org\/{rel}","templated":true}]}}