{"id":767,"date":"2024-04-04T19:26:49","date_gmt":"2024-04-04T17:26:49","guid":{"rendered":"https:\/\/blogs.univ-jfc.fr\/archampo\/?page_id=767"},"modified":"2024-06-02T06:51:46","modified_gmt":"2024-06-02T04:51:46","slug":"inauguration-du-deug-droit-au-lycee-bellevue-16-octobre-1990","status":"publish","type":"page","link":"https:\/\/blogs.univ-jfc.fr\/archampo\/inauguration-du-deug-droit-au-lycee-bellevue-16-octobre-1990\/","title":{"rendered":"Inauguration du DEUG Droit  au lyc\u00e9e Bellevue, 16 octobre 1990"},"content":{"rendered":"\n<div class=\"wp-block-media-text alignwide is-stacked-on-mobile\"><figure class=\"wp-block-media-text__media\"><img loading=\"lazy\" width=\"1024\" height=\"473\" src=\"https:\/\/blogs.univ-jfc.fr\/archampo\/wp-content\/uploads\/sites\/125\/2024\/06\/WhatsApp-Image-2024-05-30-at-13.49.13-1024x473.jpeg\" alt=\"\" class=\"wp-image-1654 size-full\" srcset=\"https:\/\/blogs.univ-jfc.fr\/archampo\/wp-content\/uploads\/sites\/125\/2024\/06\/WhatsApp-Image-2024-05-30-at-13.49.13-1024x473.jpeg 1024w, https:\/\/blogs.univ-jfc.fr\/archampo\/wp-content\/uploads\/sites\/125\/2024\/06\/WhatsApp-Image-2024-05-30-at-13.49.13-300x139.jpeg 300w, https:\/\/blogs.univ-jfc.fr\/archampo\/wp-content\/uploads\/sites\/125\/2024\/06\/WhatsApp-Image-2024-05-30-at-13.49.13-768x355.jpeg 768w, https:\/\/blogs.univ-jfc.fr\/archampo\/wp-content\/uploads\/sites\/125\/2024\/06\/WhatsApp-Image-2024-05-30-at-13.49.13-1536x710.jpeg 1536w, https:\/\/blogs.univ-jfc.fr\/archampo\/wp-content\/uploads\/sites\/125\/2024\/06\/WhatsApp-Image-2024-05-30-at-13.49.13-rotated.jpeg 2048w\" sizes=\"(max-width: 1024px) 100vw, 1024px\" \/><\/figure><div class=\"wp-block-media-text__content\">\n<h6>Fa\u00e7ade du premier centre universitaire d&rsquo;Albi au lyc\u00e9e Bellevue \u00e0 la rentr\u00e9e 1990.<\/h6>\n\n\n\n<p>\u00a9 Coll. priv\u00e9e d&rsquo;Olivier Devaux.<\/p>\n<\/div><\/div>\n\n\n\n<div class=\"wp-block-media-text alignwide is-stacked-on-mobile\"><figure class=\"wp-block-media-text__media\"><img loading=\"lazy\" width=\"1024\" height=\"473\" src=\"https:\/\/blogs.univ-jfc.fr\/archampo\/wp-content\/uploads\/sites\/125\/2024\/06\/WhatsApp-Image-2024-05-30-at-14.07.31-1024x473.jpeg\" alt=\"\" class=\"wp-image-1660 size-full\" srcset=\"https:\/\/blogs.univ-jfc.fr\/archampo\/wp-content\/uploads\/sites\/125\/2024\/06\/WhatsApp-Image-2024-05-30-at-14.07.31-1024x473.jpeg 1024w, https:\/\/blogs.univ-jfc.fr\/archampo\/wp-content\/uploads\/sites\/125\/2024\/06\/WhatsApp-Image-2024-05-30-at-14.07.31-300x139.jpeg 300w, https:\/\/blogs.univ-jfc.fr\/archampo\/wp-content\/uploads\/sites\/125\/2024\/06\/WhatsApp-Image-2024-05-30-at-14.07.31-768x355.jpeg 768w, https:\/\/blogs.univ-jfc.fr\/archampo\/wp-content\/uploads\/sites\/125\/2024\/06\/WhatsApp-Image-2024-05-30-at-14.07.31-1536x709.jpeg 1536w, https:\/\/blogs.univ-jfc.fr\/archampo\/wp-content\/uploads\/sites\/125\/2024\/06\/WhatsApp-Image-2024-05-30-at-14.07.31.jpeg 1600w\" sizes=\"(max-width: 1024px) 100vw, 1024px\" \/><\/figure><div class=\"wp-block-media-text__content\">\n<h6>Le Professeur Jacques Poumar\u00e8de, le recteur de l&rsquo;acad\u00e9mie de Toulouse, Jean-Claude Maestre (1986-1991) et Olivier Devaux rev\u00eatant leurs toges universitaires avant l&rsquo;inauguration.<\/h6>\n\n\n\n<p>\u00a9 Coll. priv\u00e9e d&rsquo;Olivier Devaux.<\/p>\n<\/div><\/div>\n\n\n\n<div class=\"wp-block-media-text alignwide is-stacked-on-mobile\"><figure class=\"wp-block-media-text__media\"><img loading=\"lazy\" width=\"1024\" height=\"585\" src=\"https:\/\/blogs.univ-jfc.fr\/archampo\/wp-content\/uploads\/sites\/125\/2024\/04\/gg-1-1024x585.jpeg\" alt=\"\" class=\"wp-image-771 size-full\" srcset=\"https:\/\/blogs.univ-jfc.fr\/archampo\/wp-content\/uploads\/sites\/125\/2024\/04\/gg-1-1024x585.jpeg 1024w, https:\/\/blogs.univ-jfc.fr\/archampo\/wp-content\/uploads\/sites\/125\/2024\/04\/gg-1-300x171.jpeg 300w, https:\/\/blogs.univ-jfc.fr\/archampo\/wp-content\/uploads\/sites\/125\/2024\/04\/gg-1-768x439.jpeg 768w, https:\/\/blogs.univ-jfc.fr\/archampo\/wp-content\/uploads\/sites\/125\/2024\/04\/gg-1-1536x877.jpeg 1536w, https:\/\/blogs.univ-jfc.fr\/archampo\/wp-content\/uploads\/sites\/125\/2024\/04\/gg-1.jpeg 1578w\" sizes=\"(max-width: 1024px) 100vw, 1024px\" \/><\/figure><div class=\"wp-block-media-text__content\">\n<h6>Le recteur de l&rsquo;acad\u00e9mie de Toulouse,  Jean-Claude Maestre (1986-1991), vient inaugurer l&rsquo;ouverture du \u00ab\u00a0centre universitaire\u00a0\u00bb d&rsquo;Albi au lyc\u00e9e Bellevue le 16 octobre 1990 avec le pr\u00e9sident de l&rsquo;universit\u00e9 des sciences sociales, Claude Gour.<\/h6>\n\n\n\n<p>\u00a9 Archives de l&rsquo;INU Champollion &#8211; 1FI.<\/p>\n<\/div><\/div>\n\n\n\n<div class=\"wp-block-media-text alignwide is-stacked-on-mobile\"><figure class=\"wp-block-media-text__media\"><img loading=\"lazy\" width=\"1024\" height=\"658\" src=\"https:\/\/blogs.univ-jfc.fr\/archampo\/wp-content\/uploads\/sites\/125\/2024\/04\/aa-2-1024x658.jpeg\" alt=\"\" class=\"wp-image-773 size-full\" srcset=\"https:\/\/blogs.univ-jfc.fr\/archampo\/wp-content\/uploads\/sites\/125\/2024\/04\/aa-2-1024x658.jpeg 1024w, https:\/\/blogs.univ-jfc.fr\/archampo\/wp-content\/uploads\/sites\/125\/2024\/04\/aa-2-300x193.jpeg 300w, https:\/\/blogs.univ-jfc.fr\/archampo\/wp-content\/uploads\/sites\/125\/2024\/04\/aa-2-768x494.jpeg 768w, https:\/\/blogs.univ-jfc.fr\/archampo\/wp-content\/uploads\/sites\/125\/2024\/04\/aa-2-1536x987.jpeg 1536w, https:\/\/blogs.univ-jfc.fr\/archampo\/wp-content\/uploads\/sites\/125\/2024\/04\/aa-2.jpeg 1660w\" sizes=\"(max-width: 1024px) 100vw, 1024px\" \/><\/figure><div class=\"wp-block-media-text__content\">\n<h6>Professeurs d&rsquo;Universit\u00e9 v\u00eatus de leur robes acad\u00e9miques lors de l&rsquo;inauguration du \u00ab\u00a0centre universitaire\u00a0\u00bb d&rsquo;Albi au lyc\u00e9e Bellevue le 16 octobre 1990. Au centre, le Pr Olivier Devaux qui prendra la direction de l&rsquo;antenne de l&rsquo;universit\u00e9 des sciences sociales \u00e0 Albi.<\/h6>\n\n\n\n<p>\u00a9 Archives de l&rsquo;INU Champollion &#8211; 1FI.<\/p>\n<\/div><\/div>\n\n\n\n<div class=\"wp-block-media-text alignwide is-stacked-on-mobile\"><figure class=\"wp-block-media-text__media\"><img loading=\"lazy\" width=\"728\" height=\"1024\" src=\"https:\/\/blogs.univ-jfc.fr\/archampo\/wp-content\/uploads\/sites\/125\/2024\/04\/BB-728x1024.jpeg\" alt=\"\" class=\"wp-image-774 size-full\" srcset=\"https:\/\/blogs.univ-jfc.fr\/archampo\/wp-content\/uploads\/sites\/125\/2024\/04\/BB-728x1024.jpeg 728w, https:\/\/blogs.univ-jfc.fr\/archampo\/wp-content\/uploads\/sites\/125\/2024\/04\/BB-213x300.jpeg 213w, https:\/\/blogs.univ-jfc.fr\/archampo\/wp-content\/uploads\/sites\/125\/2024\/04\/BB-768x1081.jpeg 768w, https:\/\/blogs.univ-jfc.fr\/archampo\/wp-content\/uploads\/sites\/125\/2024\/04\/BB.jpeg 1036w\" sizes=\"(max-width: 728px) 100vw, 728px\" \/><\/figure><div class=\"wp-block-media-text__content\">\n<h6>Professeurs d&rsquo;Universit\u00e9 v\u00eatus de leur robes acad\u00e9miques lors de l&rsquo;inauguration du \u00ab\u00a0centre universitaire\u00a0\u00bb d&rsquo;Albi au lyc\u00e9e Bellevue le 16 octobre 1990. <\/h6>\n\n\n\n<p>\u00a9 Archives de l&rsquo;INU Champollion &#8211; 1FI.<\/p>\n<\/div><\/div>\n\n\n\n<div class=\"wp-block-media-text alignwide is-stacked-on-mobile\"><figure class=\"wp-block-media-text__media\"><img loading=\"lazy\" width=\"1024\" height=\"669\" src=\"https:\/\/blogs.univ-jfc.fr\/archampo\/wp-content\/uploads\/sites\/125\/2024\/04\/aa-1024x669.jpeg\" alt=\"\" class=\"wp-image-775 size-full\" srcset=\"https:\/\/blogs.univ-jfc.fr\/archampo\/wp-content\/uploads\/sites\/125\/2024\/04\/aa-1024x669.jpeg 1024w, https:\/\/blogs.univ-jfc.fr\/archampo\/wp-content\/uploads\/sites\/125\/2024\/04\/aa-300x196.jpeg 300w, https:\/\/blogs.univ-jfc.fr\/archampo\/wp-content\/uploads\/sites\/125\/2024\/04\/aa-768x502.jpeg 768w, https:\/\/blogs.univ-jfc.fr\/archampo\/wp-content\/uploads\/sites\/125\/2024\/04\/aa-1536x1003.jpeg 1536w, https:\/\/blogs.univ-jfc.fr\/archampo\/wp-content\/uploads\/sites\/125\/2024\/04\/aa.jpeg 1621w\" sizes=\"(max-width: 1024px) 100vw, 1024px\" \/><\/figure><div class=\"wp-block-media-text__content\">\n<h6>Le recteur de l&rsquo;acad\u00e9mie de Toulouse, Jean-Claude Maestre (1986-1991) &#8211; \u00e0 gauche &#8211; vient inaugurer l&rsquo;ouverture du centre d&rsquo;Albi au lyc\u00e9e Bellevue le 16 octobre 1990 avec le pr\u00e9sident de l&rsquo;universit\u00e9 des sciences sociales &#8211; au centre &#8211; Claude Gour. A droite, le Pr Andr\u00e9 Cabanis.<\/h6>\n\n\n\n<p>\u00a9 Archives de l&rsquo;INU Champollion &#8211; 1FI.<\/p>\n<\/div><\/div>\n\n\n\n<div class=\"wp-block-media-text alignwide is-stacked-on-mobile\"><figure class=\"wp-block-media-text__media\"><img loading=\"lazy\" width=\"748\" height=\"1024\" src=\"https:\/\/blogs.univ-jfc.fr\/archampo\/wp-content\/uploads\/sites\/125\/2024\/04\/ff-748x1024.jpeg\" alt=\"\" class=\"wp-image-776 size-full\" srcset=\"https:\/\/blogs.univ-jfc.fr\/archampo\/wp-content\/uploads\/sites\/125\/2024\/04\/ff-748x1024.jpeg 748w, https:\/\/blogs.univ-jfc.fr\/archampo\/wp-content\/uploads\/sites\/125\/2024\/04\/ff-219x300.jpeg 219w, https:\/\/blogs.univ-jfc.fr\/archampo\/wp-content\/uploads\/sites\/125\/2024\/04\/ff-768x1052.jpeg 768w, https:\/\/blogs.univ-jfc.fr\/archampo\/wp-content\/uploads\/sites\/125\/2024\/04\/ff.jpeg 1025w\" sizes=\"(max-width: 748px) 100vw, 748px\" \/><\/figure><div class=\"wp-block-media-text__content\">\n<h6>Le recteur de l&rsquo;acad\u00e9mie de Toulouse, Jean-Claude Maestre (1986-1991) lors de l&rsquo;inauguration du centre d&rsquo;Albi au lyc\u00e9e Bellevue le 16 octobre 1990.<\/h6>\n\n\n\n<p>\u00a9 Archives de l&rsquo;INU Champollion &#8211; 1FI.<\/p>\n<\/div><\/div>\n\n\n\n<div class=\"wp-block-media-text alignwide is-stacked-on-mobile\"><figure class=\"wp-block-media-text__media\"><img loading=\"lazy\" width=\"1024\" height=\"686\" src=\"https:\/\/blogs.univ-jfc.fr\/archampo\/wp-content\/uploads\/sites\/125\/2024\/04\/cc-1024x686.jpeg\" alt=\"\" class=\"wp-image-777 size-full\" srcset=\"https:\/\/blogs.univ-jfc.fr\/archampo\/wp-content\/uploads\/sites\/125\/2024\/04\/cc-1024x686.jpeg 1024w, https:\/\/blogs.univ-jfc.fr\/archampo\/wp-content\/uploads\/sites\/125\/2024\/04\/cc-300x201.jpeg 300w, https:\/\/blogs.univ-jfc.fr\/archampo\/wp-content\/uploads\/sites\/125\/2024\/04\/cc-768x514.jpeg 768w, https:\/\/blogs.univ-jfc.fr\/archampo\/wp-content\/uploads\/sites\/125\/2024\/04\/cc-1536x1029.jpeg 1536w, https:\/\/blogs.univ-jfc.fr\/archampo\/wp-content\/uploads\/sites\/125\/2024\/04\/cc.jpeg 1590w\" sizes=\"(max-width: 1024px) 100vw, 1024px\" \/><\/figure><div class=\"wp-block-media-text__content\">\n<h6>De gauche \u00e0 droite : le Pr Germain Sicard, Le Pr Bernard Saint-Girons vice-pr\u00e9sident de l&rsquo;universit\u00e9 des sciences sociales, le Pr Andr\u00e9 Cabanis, le Pr Olivier Devaux, lors de l&rsquo;inauguration du centre d&rsquo;Albi au lyc\u00e9e Bellevue le 16 octobre 1990.<\/h6>\n\n\n\n<p>\u00a9 Archives de l&rsquo;INU Champollion &#8211; 1FI.<\/p>\n<\/div><\/div>\n\n\n\n<div class=\"wp-block-media-text alignwide is-stacked-on-mobile\"><figure class=\"wp-block-media-text__media\"><img loading=\"lazy\" width=\"1024\" height=\"664\" src=\"https:\/\/blogs.univ-jfc.fr\/archampo\/wp-content\/uploads\/sites\/125\/2024\/04\/dd-1024x664.jpeg\" alt=\"\" class=\"wp-image-778 size-full\" srcset=\"https:\/\/blogs.univ-jfc.fr\/archampo\/wp-content\/uploads\/sites\/125\/2024\/04\/dd-1024x664.jpeg 1024w, https:\/\/blogs.univ-jfc.fr\/archampo\/wp-content\/uploads\/sites\/125\/2024\/04\/dd-300x195.jpeg 300w, https:\/\/blogs.univ-jfc.fr\/archampo\/wp-content\/uploads\/sites\/125\/2024\/04\/dd-768x498.jpeg 768w, https:\/\/blogs.univ-jfc.fr\/archampo\/wp-content\/uploads\/sites\/125\/2024\/04\/dd-1536x996.jpeg 1536w, https:\/\/blogs.univ-jfc.fr\/archampo\/wp-content\/uploads\/sites\/125\/2024\/04\/dd.jpeg 1692w\" sizes=\"(max-width: 1024px) 100vw, 1024px\" \/><\/figure><div class=\"wp-block-media-text__content\">\n<h6>Vue de l&rsquo;amphith\u00e9\u00e2tre du lyc\u00e9e Bellevue d&rsquo;Albi o\u00f9 d\u00e9butent les cours du DEUG droit, lors de l&rsquo;inauguration du \u00ab\u00a0centre universitaire\u00a0\u00bb d&rsquo;Albi, le 16 octobre 1996.<\/h6>\n\n\n\n<p>\u00a9 Archives de l&rsquo;INU Champollion.<\/p>\n<\/div><\/div>\n\n\n\n<div class=\"wp-block-media-text alignwide is-stacked-on-mobile\"><figure class=\"wp-block-media-text__media\"><img loading=\"lazy\" width=\"1024\" height=\"473\" src=\"https:\/\/blogs.univ-jfc.fr\/archampo\/wp-content\/uploads\/sites\/125\/2024\/06\/amphi-Bellevue-1024x473.jpeg\" alt=\"\" class=\"wp-image-1694 size-full\" srcset=\"https:\/\/blogs.univ-jfc.fr\/archampo\/wp-content\/uploads\/sites\/125\/2024\/06\/amphi-Bellevue-1024x473.jpeg 1024w, https:\/\/blogs.univ-jfc.fr\/archampo\/wp-content\/uploads\/sites\/125\/2024\/06\/amphi-Bellevue-300x139.jpeg 300w, https:\/\/blogs.univ-jfc.fr\/archampo\/wp-content\/uploads\/sites\/125\/2024\/06\/amphi-Bellevue-768x355.jpeg 768w, https:\/\/blogs.univ-jfc.fr\/archampo\/wp-content\/uploads\/sites\/125\/2024\/06\/amphi-Bellevue-1536x709.jpeg 1536w, https:\/\/blogs.univ-jfc.fr\/archampo\/wp-content\/uploads\/sites\/125\/2024\/06\/amphi-Bellevue.jpeg 1600w\" sizes=\"(max-width: 1024px) 100vw, 1024px\" \/><\/figure><div class=\"wp-block-media-text__content\">\n<h6>Vue de l&rsquo;amphith\u00e9\u00e2tre du lyc\u00e9e Bellevue d&rsquo;Albi o\u00f9 d\u00e9butent les cours du DEUG droit, lors de l&rsquo;inauguration du \u00ab\u00a0centre universitaire\u00a0\u00bb d&rsquo;Albi, le 16 octobre 1996. A droite de la chaire, le Le recteur de l&rsquo;acad\u00e9mie de Toulouse, Jean-Claude Maestre (1986-1991), assis aux c\u00f4ts\u00e9 du pr\u00e9sident Claude Gour de l&rsquo;universit\u00e9 Toulouse I et du Pr Andr\u00e9 Cabanis.<\/h6>\n\n\n\n<p>\u00a9 Coll. priv\u00e9e d&rsquo;Olivier Devaux.<\/p>\n<\/div><\/div>\n\n\n\n<div class=\"wp-block-media-text alignwide is-stacked-on-mobile\"><figure class=\"wp-block-media-text__media\"><img loading=\"lazy\" width=\"1024\" height=\"684\" src=\"https:\/\/blogs.univ-jfc.fr\/archampo\/wp-content\/uploads\/sites\/125\/2024\/06\/jacquet-1024x684.jpg\" alt=\"\" class=\"wp-image-1698 size-full\" srcset=\"https:\/\/blogs.univ-jfc.fr\/archampo\/wp-content\/uploads\/sites\/125\/2024\/06\/jacquet-1024x684.jpg 1024w, https:\/\/blogs.univ-jfc.fr\/archampo\/wp-content\/uploads\/sites\/125\/2024\/06\/jacquet-300x200.jpg 300w, https:\/\/blogs.univ-jfc.fr\/archampo\/wp-content\/uploads\/sites\/125\/2024\/06\/jacquet-768x513.jpg 768w, https:\/\/blogs.univ-jfc.fr\/archampo\/wp-content\/uploads\/sites\/125\/2024\/06\/jacquet.jpg 1107w\" sizes=\"(max-width: 1024px) 100vw, 1024px\" \/><\/figure><div class=\"wp-block-media-text__content\">\n<h6>Le professeur  Jean-Michel Jacquet(au centre) en charge de la L1 droit \u00e0 Bellevue puis premier directeur du centre universitaire d&rsquo;Albi pour le droit sur le campus Lap\u00e9rouse. Il a \u00e0 sa droite Bernard Saint-Girons.<\/h6>\n\n\n\n<p>\u00a9 Coll. priv\u00e9e d&rsquo;Olivier Devaux.<\/p>\n<\/div><\/div>\n\n\n\n<div class=\"wp-block-media-text alignwide is-stacked-on-mobile\"><figure class=\"wp-block-media-text__media\"><img loading=\"lazy\" width=\"565\" height=\"1024\" src=\"https:\/\/blogs.univ-jfc.fr\/archampo\/wp-content\/uploads\/sites\/125\/2024\/06\/WhatsApp-Image-2024-05-30-at-14.07.02-565x1024.jpeg\" alt=\"\" class=\"wp-image-1657 size-full\" srcset=\"https:\/\/blogs.univ-jfc.fr\/archampo\/wp-content\/uploads\/sites\/125\/2024\/06\/WhatsApp-Image-2024-05-30-at-14.07.02-565x1024.jpeg 565w, https:\/\/blogs.univ-jfc.fr\/archampo\/wp-content\/uploads\/sites\/125\/2024\/06\/WhatsApp-Image-2024-05-30-at-14.07.02-165x300.jpeg 165w, https:\/\/blogs.univ-jfc.fr\/archampo\/wp-content\/uploads\/sites\/125\/2024\/06\/WhatsApp-Image-2024-05-30-at-14.07.02.jpeg 657w\" sizes=\"(max-width: 565px) 100vw, 565px\" \/><\/figure><div class=\"wp-block-media-text__content\">\n<h6>Article de presse couvrant l&rsquo;ouverture  solennelle de l&rsquo;antenne droit d&rsquo;Albi. On distingue de gauche \u00e0 droite, Andr\u00e9 Cabanis, Olivier Devaux.<\/h6>\n\n\n\n<p>\u00a9 Coll. priv\u00e9e d&rsquo;Olivier Devaux.<\/p>\n<\/div><\/div>\n","protected":false},"excerpt":{"rendered":"<p>Fa\u00e7ade du premier centre universitaire d&rsquo;Albi au lyc\u00e9e Bellevue \u00e0 la rentr\u00e9e 1990. \u00a9 Coll. priv\u00e9e d&rsquo;Olivier Devaux. Le Professeur Jacques Poumar\u00e8de, le recteur de l&rsquo;acad\u00e9mie de Toulouse, Jean-Claude Maestre (1986-1991) et Olivier Devaux rev\u00eatant leurs toges universitaires avant l&rsquo;inauguration. \u00a9 Coll. priv\u00e9e d&rsquo;Olivier Devaux. Le recteur de l&rsquo;acad\u00e9mie de Toulouse, Jean-Claude Maestre (1986-1991), vient &hellip; <a href=\"https:\/\/blogs.univ-jfc.fr\/archampo\/inauguration-du-deug-droit-au-lycee-bellevue-16-octobre-1990\/\" class=\"more-link\">Continuer la lecture de <span class=\"screen-reader-text\">Inauguration du DEUG Droit  au lyc\u00e9e Bellevue, 16 octobre 1990<\/span> <span class=\"meta-nav\">&rarr;<\/span><\/a><\/p>\n","protected":false},"author":19,"featured_media":0,"parent":0,"menu_order":0,"comment_status":"closed","ping_status":"closed","template":"","meta":[],"_links":{"self":[{"href":"https:\/\/blogs.univ-jfc.fr\/archampo\/wp-json\/wp\/v2\/pages\/767"}],"collection":[{"href":"https:\/\/blogs.univ-jfc.fr\/archampo\/wp-json\/wp\/v2\/pages"}],"about":[{"href":"https:\/\/blogs.univ-jfc.fr\/archampo\/wp-json\/wp\/v2\/types\/page"}],"author":[{"embeddable":true,"href":"https:\/\/blogs.univ-jfc.fr\/archampo\/wp-json\/wp\/v2\/users\/19"}],"replies":[{"embeddable":true,"href":"https:\/\/blogs.univ-jfc.fr\/archampo\/wp-json\/wp\/v2\/comments?post=767"}],"version-history":[{"count":9,"href":"https:\/\/blogs.univ-jfc.fr\/archampo\/wp-json\/wp\/v2\/pages\/767\/revisions"}],"predecessor-version":[{"id":1700,"href":"https:\/\/blogs.univ-jfc.fr\/archampo\/wp-json\/wp\/v2\/pages\/767\/revisions\/1700"}],"wp:attachment":[{"href":"https:\/\/blogs.univ-jfc.fr\/archampo\/wp-json\/wp\/v2\/media?parent=767"}],"curies":[{"name":"wp","href":"https:\/\/api.w.org\/{rel}","templated":true}]}}