{"id":780,"date":"2024-04-05T07:33:53","date_gmt":"2024-04-05T05:33:53","guid":{"rendered":"https:\/\/blogs.univ-jfc.fr\/archampo\/?page_id=780"},"modified":"2024-05-31T07:13:03","modified_gmt":"2024-05-31T05:13:03","slug":"inauguration-du-campus-laperouse-dalbi-le-7-fevrier-1994","status":"publish","type":"page","link":"https:\/\/blogs.univ-jfc.fr\/archampo\/inauguration-du-campus-laperouse-dalbi-le-7-fevrier-1994\/","title":{"rendered":"Inauguration du campus Lap\u00e9rouse d&rsquo;Albi le 7 f\u00e9vrier 1994"},"content":{"rendered":"\n<div class=\"wp-block-media-text alignwide is-stacked-on-mobile\"><figure class=\"wp-block-media-text__media\"><img loading=\"lazy\" width=\"1024\" height=\"735\" src=\"https:\/\/blogs.univ-jfc.fr\/archampo\/wp-content\/uploads\/sites\/125\/2024\/04\/oo-1024x735.jpeg\" alt=\"\" class=\"wp-image-783 size-full\" srcset=\"https:\/\/blogs.univ-jfc.fr\/archampo\/wp-content\/uploads\/sites\/125\/2024\/04\/oo-1024x735.jpeg 1024w, https:\/\/blogs.univ-jfc.fr\/archampo\/wp-content\/uploads\/sites\/125\/2024\/04\/oo-300x215.jpeg 300w, https:\/\/blogs.univ-jfc.fr\/archampo\/wp-content\/uploads\/sites\/125\/2024\/04\/oo-768x551.jpeg 768w, https:\/\/blogs.univ-jfc.fr\/archampo\/wp-content\/uploads\/sites\/125\/2024\/04\/oo.jpeg 1387w\" sizes=\"(max-width: 1024px) 100vw, 1024px\" \/><\/figure><div class=\"wp-block-media-text__content\">\n<h6>Le recteur de l&rsquo;acad\u00e9mie de Toulouse, l&rsquo;historien Philippe Joutard (1992-1997) avec \u00e0 sa droite le pr\u00e9sident de l&rsquo;universit\u00e9 des sciences sociales de Toulouse Bernard Saint-Girons et, derri\u00e8re eux,  le Pr. Bernard Guiraud-Chaumeil, doyen de la facult\u00e9 de m\u00e9decine (repr\u00e9sentant  du pr\u00e9sident de l&rsquo;universit\u00e9 Paul Sabatier), descendant les marches du grand amphith\u00e9\u00e2tre du b\u00e2timent droit-lettres lors de l&rsquo;inauguration du campus Lap\u00e9rouse le 7 f\u00e9vrier 1994. Ils sont v\u00eatus de leurs toges universitaires.<\/h6>\n\n\n\n<p>\u00a9 Archives de l\u2019INU Champollion \u2013 1FI.<\/p>\n\n\n\n<p><\/p>\n<\/div><\/div>\n\n\n\n<div class=\"wp-block-media-text alignwide is-stacked-on-mobile\"><figure class=\"wp-block-media-text__media\"><img loading=\"lazy\" width=\"1024\" height=\"615\" src=\"https:\/\/blogs.univ-jfc.fr\/archampo\/wp-content\/uploads\/sites\/125\/2024\/04\/yy-1024x615.jpeg\" alt=\"\" class=\"wp-image-786 size-full\" srcset=\"https:\/\/blogs.univ-jfc.fr\/archampo\/wp-content\/uploads\/sites\/125\/2024\/04\/yy-1024x615.jpeg 1024w, https:\/\/blogs.univ-jfc.fr\/archampo\/wp-content\/uploads\/sites\/125\/2024\/04\/yy-300x180.jpeg 300w, https:\/\/blogs.univ-jfc.fr\/archampo\/wp-content\/uploads\/sites\/125\/2024\/04\/yy-768x462.jpeg 768w, https:\/\/blogs.univ-jfc.fr\/archampo\/wp-content\/uploads\/sites\/125\/2024\/04\/yy-1536x923.jpeg 1536w, https:\/\/blogs.univ-jfc.fr\/archampo\/wp-content\/uploads\/sites\/125\/2024\/04\/yy.jpeg 1634w\" sizes=\"(max-width: 1024px) 100vw, 1024px\" \/><\/figure><div class=\"wp-block-media-text__content\">\n<h6>De gauche \u00e7\u00e0 droite : le Pr. Bernard Guiraud-Chaumeil, doyen de la facult\u00e9 de m\u00e9decine (repr\u00e9sentant du pr\u00e9sident de l&rsquo;universit\u00e9 Paul Sabatier), le pr\u00e9sident de l&rsquo;universit\u00e9 des sciences sociales de Toulouse Bernard Saint-Girons prenant la parole dans un amphith\u00e9\u00e2tre du b\u00e2timent droit-lettres lors de l&rsquo;inauguration du campus Lap\u00e9rouse le 7 f\u00e9vrier 1994. Il a, \u00e0 sa gauche, le recteur de l&rsquo;acad\u00e9mie de Toulouse, l&rsquo;historien Philippe Joutard (1992-1997) et le pr\u00e9sident de l&rsquo;universit\u00e9 de Toulouse le-Mirail Georges Mailhos (robe jaune). Tous sont v\u00eatus de leurs toges universitaires.<\/h6>\n\n\n\n<p>\u00a9 Archives de l\u2019INU Champollion \u2013 1FI.<\/p>\n<\/div><\/div>\n\n\n\n<div class=\"wp-block-media-text alignwide is-stacked-on-mobile\"><figure class=\"wp-block-media-text__media\"><img loading=\"lazy\" width=\"1024\" height=\"657\" src=\"https:\/\/blogs.univ-jfc.fr\/archampo\/wp-content\/uploads\/sites\/125\/2024\/04\/zz-1024x657.jpeg\" alt=\"\" class=\"wp-image-788 size-full\" srcset=\"https:\/\/blogs.univ-jfc.fr\/archampo\/wp-content\/uploads\/sites\/125\/2024\/04\/zz-1024x657.jpeg 1024w, https:\/\/blogs.univ-jfc.fr\/archampo\/wp-content\/uploads\/sites\/125\/2024\/04\/zz-300x192.jpeg 300w, https:\/\/blogs.univ-jfc.fr\/archampo\/wp-content\/uploads\/sites\/125\/2024\/04\/zz-768x492.jpeg 768w, https:\/\/blogs.univ-jfc.fr\/archampo\/wp-content\/uploads\/sites\/125\/2024\/04\/zz-1536x985.jpeg 1536w, https:\/\/blogs.univ-jfc.fr\/archampo\/wp-content\/uploads\/sites\/125\/2024\/04\/zz.jpeg 1667w\" sizes=\"(max-width: 1024px) 100vw, 1024px\" \/><\/figure><div class=\"wp-block-media-text__content\">\n<h6>Le grand amphith\u00e9\u00e2tre du b\u00e2timent droit-lettres lors de l&rsquo;inauguration du campus Lap\u00e9rouse le 7 f\u00e9vrier 1994. On distingue, dans le public, les professeurs en toges universitaires : elles sont rouge \u00e9carlate pour les juristes et jaune jonquille pour les litt\u00e9raires, selon les codes instaur\u00e9s par le d\u00e9cret napol\u00e9onien du 24 d\u00e9cembre 1852.<\/h6>\n\n\n\n<p>\u00a9 Archives de l\u2019INU Champollion \u2013 1FI.<\/p>\n<\/div><\/div>\n\n\n\n<div class=\"wp-block-media-text alignwide is-stacked-on-mobile\"><figure class=\"wp-block-media-text__media\"><img loading=\"lazy\" width=\"1024\" height=\"608\" src=\"https:\/\/blogs.univ-jfc.fr\/archampo\/wp-content\/uploads\/sites\/125\/2024\/04\/gr-1024x608.jpeg\" alt=\"\" class=\"wp-image-789 size-full\" srcset=\"https:\/\/blogs.univ-jfc.fr\/archampo\/wp-content\/uploads\/sites\/125\/2024\/04\/gr-1024x608.jpeg 1024w, https:\/\/blogs.univ-jfc.fr\/archampo\/wp-content\/uploads\/sites\/125\/2024\/04\/gr-300x178.jpeg 300w, https:\/\/blogs.univ-jfc.fr\/archampo\/wp-content\/uploads\/sites\/125\/2024\/04\/gr-768x456.jpeg 768w, https:\/\/blogs.univ-jfc.fr\/archampo\/wp-content\/uploads\/sites\/125\/2024\/04\/gr-1536x912.jpeg 1536w, https:\/\/blogs.univ-jfc.fr\/archampo\/wp-content\/uploads\/sites\/125\/2024\/04\/gr.jpeg 1688w\" sizes=\"(max-width: 1024px) 100vw, 1024px\" \/><\/figure><div class=\"wp-block-media-text__content\">\n<h6>On distingue au premier rang du grand amphith\u00e9\u00e2tre du b\u00e2timent droit-lettres lors de l&rsquo;inauguration du campus Lap\u00e9rouse le 7 f\u00e9vrier 1994, le d\u00e9put\u00e9 de la premi\u00e8re circonscription du Tarn Paul Quil\u00e8s (4e en partant de la gauche), le maire d&rsquo;Albi Michel Castel (5e) et le pr\u00e9sident du Conseil g\u00e9n\u00e9ral du Tarn, Thierry Carcenac. <\/h6>\n\n\n\n<p>\u00a9 Archives de l\u2019INU Champollion \u2013 1FI.<\/p>\n<\/div><\/div>\n\n\n\n<div class=\"wp-block-media-text alignwide is-stacked-on-mobile\"><figure class=\"wp-block-media-text__media\"><img loading=\"lazy\" width=\"1024\" height=\"673\" src=\"https:\/\/blogs.univ-jfc.fr\/archampo\/wp-content\/uploads\/sites\/125\/2024\/04\/tf-1024x673.jpeg\" alt=\"\" class=\"wp-image-790 size-full\" srcset=\"https:\/\/blogs.univ-jfc.fr\/archampo\/wp-content\/uploads\/sites\/125\/2024\/04\/tf-1024x673.jpeg 1024w, https:\/\/blogs.univ-jfc.fr\/archampo\/wp-content\/uploads\/sites\/125\/2024\/04\/tf-300x197.jpeg 300w, https:\/\/blogs.univ-jfc.fr\/archampo\/wp-content\/uploads\/sites\/125\/2024\/04\/tf-768x505.jpeg 768w, https:\/\/blogs.univ-jfc.fr\/archampo\/wp-content\/uploads\/sites\/125\/2024\/04\/tf-1536x1010.jpeg 1536w, https:\/\/blogs.univ-jfc.fr\/archampo\/wp-content\/uploads\/sites\/125\/2024\/04\/tf.jpeg 1585w\" sizes=\"(max-width: 1024px) 100vw, 1024px\" \/><\/figure><div class=\"wp-block-media-text__content\">\n<h6> Le pr\u00e9sident de l&rsquo;universit\u00e9 des sciences sociales de Toulouse Bernard Saint-Girons (en toge rouge)  et le pr\u00e9sident de l&rsquo;universit\u00e9 de Toulouse le-Mirail Georges Mailhos (toge jaune) dans un couloir du b\u00e2timent droit-lettres, lors de l&rsquo;inauguration du campus Lap\u00e9rouse le 7 f\u00e9vrier 1994.<\/h6>\n\n\n\n<p>\u00a9 Archives de l\u2019INU Champollion \u2013 1FI.<\/p>\n<\/div><\/div>\n\n\n\n<div class=\"wp-block-media-text alignwide is-stacked-on-mobile\"><figure class=\"wp-block-media-text__media\"><img loading=\"lazy\" width=\"1024\" height=\"745\" src=\"https:\/\/blogs.univ-jfc.fr\/archampo\/wp-content\/uploads\/sites\/125\/2024\/04\/tr-1024x745.jpeg\" alt=\"\" class=\"wp-image-792 size-full\" srcset=\"https:\/\/blogs.univ-jfc.fr\/archampo\/wp-content\/uploads\/sites\/125\/2024\/04\/tr-1024x745.jpeg 1024w, https:\/\/blogs.univ-jfc.fr\/archampo\/wp-content\/uploads\/sites\/125\/2024\/04\/tr-300x218.jpeg 300w, https:\/\/blogs.univ-jfc.fr\/archampo\/wp-content\/uploads\/sites\/125\/2024\/04\/tr-768x559.jpeg 768w, https:\/\/blogs.univ-jfc.fr\/archampo\/wp-content\/uploads\/sites\/125\/2024\/04\/tr.jpeg 1388w\" sizes=\"(max-width: 1024px) 100vw, 1024px\" \/><\/figure><div class=\"wp-block-media-text__content\">\n<h6>Le professeur Olivier Devaux (toge rouge) &#8211; guidant le d\u00e9put\u00e9 de la premi\u00e8re circonscription du Tarn Paul Quil\u00e8s lors de l&rsquo;inauguration du campus Lap\u00e9rouse le 7 f\u00e9vrier 1994.<\/h6>\n\n\n\n<p>\u00a9 Archives de l\u2019INU Champollion \u2013 1FI.<\/p>\n<\/div><\/div>\n\n\n\n<div class=\"wp-block-media-text alignwide is-stacked-on-mobile\" style=\"grid-template-columns:73% auto\"><figure class=\"wp-block-media-text__media\"><img loading=\"lazy\" width=\"740\" height=\"1024\" src=\"https:\/\/blogs.univ-jfc.fr\/archampo\/wp-content\/uploads\/sites\/125\/2024\/04\/Presse-inauguration-740x1024.jpeg\" alt=\"\" class=\"wp-image-881 size-full\" srcset=\"https:\/\/blogs.univ-jfc.fr\/archampo\/wp-content\/uploads\/sites\/125\/2024\/04\/Presse-inauguration-740x1024.jpeg 740w, https:\/\/blogs.univ-jfc.fr\/archampo\/wp-content\/uploads\/sites\/125\/2024\/04\/Presse-inauguration-217x300.jpeg 217w, https:\/\/blogs.univ-jfc.fr\/archampo\/wp-content\/uploads\/sites\/125\/2024\/04\/Presse-inauguration-768x1063.jpeg 768w, https:\/\/blogs.univ-jfc.fr\/archampo\/wp-content\/uploads\/sites\/125\/2024\/04\/Presse-inauguration-1109x1536.jpeg 1109w, https:\/\/blogs.univ-jfc.fr\/archampo\/wp-content\/uploads\/sites\/125\/2024\/04\/Presse-inauguration-1479x2048.jpeg 1479w, https:\/\/blogs.univ-jfc.fr\/archampo\/wp-content\/uploads\/sites\/125\/2024\/04\/Presse-inauguration-scaled.jpeg 1849w\" sizes=\"(max-width: 740px) 100vw, 740px\" \/><\/figure><div class=\"wp-block-media-text__content\">\n<h6>Article d&rsquo;<em>UT1 Magasine<\/em>, je journal de l&rsquo;Universit\u00e9 de Toulouse 1 &#8211; Sciences Sociales, n\u00b0 35, avril 1994.<\/h6>\n\n\n\n<p>\u00a9 Archives de l\u2019INU Champollion \u2013 1FI.<\/p>\n<\/div><\/div>\n","protected":false},"excerpt":{"rendered":"<p>Le recteur de l&rsquo;acad\u00e9mie de Toulouse, l&rsquo;historien Philippe Joutard (1992-1997) avec \u00e0 sa droite le pr\u00e9sident de l&rsquo;universit\u00e9 des sciences sociales de Toulouse Bernard Saint-Girons et, derri\u00e8re eux, le Pr. Bernard Guiraud-Chaumeil, doyen de la facult\u00e9 de m\u00e9decine (repr\u00e9sentant du pr\u00e9sident de l&rsquo;universit\u00e9 Paul Sabatier), descendant les marches du grand amphith\u00e9\u00e2tre du b\u00e2timent droit-lettres lors &hellip; <a href=\"https:\/\/blogs.univ-jfc.fr\/archampo\/inauguration-du-campus-laperouse-dalbi-le-7-fevrier-1994\/\" class=\"more-link\">Continuer la lecture de <span class=\"screen-reader-text\">Inauguration du campus Lap\u00e9rouse d&rsquo;Albi le 7 f\u00e9vrier 1994<\/span> <span class=\"meta-nav\">&rarr;<\/span><\/a><\/p>\n","protected":false},"author":19,"featured_media":0,"parent":0,"menu_order":0,"comment_status":"closed","ping_status":"closed","template":"","meta":[],"_links":{"self":[{"href":"https:\/\/blogs.univ-jfc.fr\/archampo\/wp-json\/wp\/v2\/pages\/780"}],"collection":[{"href":"https:\/\/blogs.univ-jfc.fr\/archampo\/wp-json\/wp\/v2\/pages"}],"about":[{"href":"https:\/\/blogs.univ-jfc.fr\/archampo\/wp-json\/wp\/v2\/types\/page"}],"author":[{"embeddable":true,"href":"https:\/\/blogs.univ-jfc.fr\/archampo\/wp-json\/wp\/v2\/users\/19"}],"replies":[{"embeddable":true,"href":"https:\/\/blogs.univ-jfc.fr\/archampo\/wp-json\/wp\/v2\/comments?post=780"}],"version-history":[{"count":7,"href":"https:\/\/blogs.univ-jfc.fr\/archampo\/wp-json\/wp\/v2\/pages\/780\/revisions"}],"predecessor-version":[{"id":1643,"href":"https:\/\/blogs.univ-jfc.fr\/archampo\/wp-json\/wp\/v2\/pages\/780\/revisions\/1643"}],"wp:attachment":[{"href":"https:\/\/blogs.univ-jfc.fr\/archampo\/wp-json\/wp\/v2\/media?parent=780"}],"curies":[{"name":"wp","href":"https:\/\/api.w.org\/{rel}","templated":true}]}}