{"id":798,"date":"2024-04-05T09:06:57","date_gmt":"2024-04-05T07:06:57","guid":{"rendered":"https:\/\/blogs.univ-jfc.fr\/archampo\/?page_id=798"},"modified":"2024-06-02T06:39:39","modified_gmt":"2024-06-02T04:39:39","slug":"1994-commemoration-de-la-liberation-dalbi-sur-le-campus-laperouse","status":"publish","type":"page","link":"https:\/\/blogs.univ-jfc.fr\/archampo\/1994-commemoration-de-la-liberation-dalbi-sur-le-campus-laperouse\/","title":{"rendered":"1994-1995 &#8211; Comm\u00e9moration de la lib\u00e9ration d&rsquo;Albi sur le campus Lap\u00e9rouse"},"content":{"rendered":"\n<div class=\"wp-block-media-text alignwide is-stacked-on-mobile\"><figure class=\"wp-block-media-text__media\"><img loading=\"lazy\" width=\"1024\" height=\"698\" src=\"https:\/\/blogs.univ-jfc.fr\/archampo\/wp-content\/uploads\/sites\/125\/2024\/04\/aa-1-1024x698.jpeg\" alt=\"\" class=\"wp-image-801 size-full\" srcset=\"https:\/\/blogs.univ-jfc.fr\/archampo\/wp-content\/uploads\/sites\/125\/2024\/04\/aa-1-1024x698.jpeg 1024w, https:\/\/blogs.univ-jfc.fr\/archampo\/wp-content\/uploads\/sites\/125\/2024\/04\/aa-1-300x204.jpeg 300w, https:\/\/blogs.univ-jfc.fr\/archampo\/wp-content\/uploads\/sites\/125\/2024\/04\/aa-1-768x523.jpeg 768w, https:\/\/blogs.univ-jfc.fr\/archampo\/wp-content\/uploads\/sites\/125\/2024\/04\/aa-1-1536x1047.jpeg 1536w, https:\/\/blogs.univ-jfc.fr\/archampo\/wp-content\/uploads\/sites\/125\/2024\/04\/aa-1-2048x1396.jpeg 2048w\" sizes=\"(max-width: 1024px) 100vw, 1024px\" \/><\/figure><div class=\"wp-block-media-text__content\">\n<h6>Le maire d&rsquo;Albi, Michel Castel, faisant un discours lors de la comm\u00e9moration de la lib\u00e9ration d&rsquo;Albi (19 ao\u00fbt 1944), dans la cour de l&rsquo;ancienne caserne d&rsquo;Albi occup\u00e9e par les Allemands pendant la Deuxi\u00e8me Guerre mondiale.<\/h6>\n\n\n\n<p>\u00a9 Archives de l\u2019INU Champollion \u2013 1FI.<\/p>\n<\/div><\/div>\n\n\n\n<div class=\"wp-block-media-text alignwide is-stacked-on-mobile\"><figure class=\"wp-block-media-text__media\"><img loading=\"lazy\" width=\"652\" height=\"1024\" src=\"https:\/\/blogs.univ-jfc.fr\/archampo\/wp-content\/uploads\/sites\/125\/2024\/06\/castel-652x1024.jpeg\" alt=\"\" class=\"wp-image-1688 size-full\" srcset=\"https:\/\/blogs.univ-jfc.fr\/archampo\/wp-content\/uploads\/sites\/125\/2024\/06\/castel-652x1024.jpeg 652w, https:\/\/blogs.univ-jfc.fr\/archampo\/wp-content\/uploads\/sites\/125\/2024\/06\/castel-191x300.jpeg 191w, https:\/\/blogs.univ-jfc.fr\/archampo\/wp-content\/uploads\/sites\/125\/2024\/06\/castel-768x1205.jpeg 768w, https:\/\/blogs.univ-jfc.fr\/archampo\/wp-content\/uploads\/sites\/125\/2024\/06\/castel.jpeg 864w\" sizes=\"(max-width: 652px) 100vw, 652px\" \/><\/figure><div class=\"wp-block-media-text__content\">\n<h6>Le maire d&rsquo;Albi, Michel Castel, faisant un discours lors de la comm\u00e9moration de la lib\u00e9ration d&rsquo;Albi (19 ao\u00fbt 1944), dans la cour de l&rsquo;ancienne caserne d&rsquo;Albi occup\u00e9e par les Allemands pendant la Deuxi\u00e8me Guerre mondiale.<\/h6>\n\n\n\n<p><\/p>\n\n\n\n<p>\u00a9 Collection priv\u00e9e d&rsquo;Olivier Devaux.<\/p>\n<\/div><\/div>\n\n\n\n<div class=\"wp-block-media-text alignwide is-stacked-on-mobile\"><figure class=\"wp-block-media-text__media\"><img loading=\"lazy\" width=\"1024\" height=\"660\" src=\"https:\/\/blogs.univ-jfc.fr\/archampo\/wp-content\/uploads\/sites\/125\/2024\/04\/ee-1-1024x660.jpeg\" alt=\"\" class=\"wp-image-804 size-full\" srcset=\"https:\/\/blogs.univ-jfc.fr\/archampo\/wp-content\/uploads\/sites\/125\/2024\/04\/ee-1-1024x660.jpeg 1024w, https:\/\/blogs.univ-jfc.fr\/archampo\/wp-content\/uploads\/sites\/125\/2024\/04\/ee-1-300x193.jpeg 300w, https:\/\/blogs.univ-jfc.fr\/archampo\/wp-content\/uploads\/sites\/125\/2024\/04\/ee-1-768x495.jpeg 768w, https:\/\/blogs.univ-jfc.fr\/archampo\/wp-content\/uploads\/sites\/125\/2024\/04\/ee-1-1536x991.jpeg 1536w, https:\/\/blogs.univ-jfc.fr\/archampo\/wp-content\/uploads\/sites\/125\/2024\/04\/ee-1-2048x1321.jpeg 2048w\" sizes=\"(max-width: 1024px) 100vw, 1024px\" \/><\/figure><div class=\"wp-block-media-text__content\">\n<h6>Le public \u00e9coutant le discours du maire d&rsquo;Albi, Michel Castel, lors de la comm\u00e9moration de la lib\u00e9ration d&rsquo;Albi (19 ao\u00fbt 1944), dans la cour de l&rsquo;ancienne caserne d&rsquo;Albi occup\u00e9e par les Allemands pendant la Deuxi\u00e8me Guerre mondiale. On distingue au premier rang le pr\u00e9sident de l&rsquo;universit\u00e9 des sciences sociales, Bernard Saint-Girons, le pr\u00e9sident du Conseil g\u00e9n\u00e9ral du Tarn, Thierry Carcenac, le Pr Olivier Devaux.<\/h6>\n\n\n\n<p>\u00a9 Archives de l\u2019INU Champollion \u2013 1FI.<\/p>\n<\/div><\/div>\n\n\n\n<div class=\"wp-block-media-text alignwide is-stacked-on-mobile\"><figure class=\"wp-block-media-text__media\"><img loading=\"lazy\" width=\"1024\" height=\"707\" src=\"https:\/\/blogs.univ-jfc.fr\/archampo\/wp-content\/uploads\/sites\/125\/2024\/04\/bb-1-1024x707.jpeg\" alt=\"\" class=\"wp-image-802 size-full\" srcset=\"https:\/\/blogs.univ-jfc.fr\/archampo\/wp-content\/uploads\/sites\/125\/2024\/04\/bb-1-1024x707.jpeg 1024w, https:\/\/blogs.univ-jfc.fr\/archampo\/wp-content\/uploads\/sites\/125\/2024\/04\/bb-1-300x207.jpeg 300w, https:\/\/blogs.univ-jfc.fr\/archampo\/wp-content\/uploads\/sites\/125\/2024\/04\/bb-1-768x531.jpeg 768w, https:\/\/blogs.univ-jfc.fr\/archampo\/wp-content\/uploads\/sites\/125\/2024\/04\/bb-1-1536x1061.jpeg 1536w, https:\/\/blogs.univ-jfc.fr\/archampo\/wp-content\/uploads\/sites\/125\/2024\/04\/bb-1-2048x1415.jpeg 2048w\" sizes=\"(max-width: 1024px) 100vw, 1024px\" \/><\/figure><div class=\"wp-block-media-text__content\">\n<h6>Voiture FFI install\u00e9e dans la cour du campus Lap\u00e9rouse (ancienne caserne d&rsquo;Albi occup\u00e9e par les Allemands pendant la Deuxi\u00e8me Guerre mondiale) lors de la comm\u00e9moration de la lib\u00e9ration d&rsquo;Albi en 1994.<\/h6>\n\n\n\n<p>\u00a9 Archives de l\u2019INU Champollion \u2013 1FI.<\/p>\n<\/div><\/div>\n\n\n\n<div class=\"wp-block-media-text alignwide is-stacked-on-mobile\"><figure class=\"wp-block-media-text__media\"><img loading=\"lazy\" width=\"1024\" height=\"671\" src=\"https:\/\/blogs.univ-jfc.fr\/archampo\/wp-content\/uploads\/sites\/125\/2024\/04\/dd-Copie-1024x671.jpeg\" alt=\"\" class=\"wp-image-806 size-full\" srcset=\"https:\/\/blogs.univ-jfc.fr\/archampo\/wp-content\/uploads\/sites\/125\/2024\/04\/dd-Copie-1024x671.jpeg 1024w, https:\/\/blogs.univ-jfc.fr\/archampo\/wp-content\/uploads\/sites\/125\/2024\/04\/dd-Copie-300x197.jpeg 300w, https:\/\/blogs.univ-jfc.fr\/archampo\/wp-content\/uploads\/sites\/125\/2024\/04\/dd-Copie-768x503.jpeg 768w, https:\/\/blogs.univ-jfc.fr\/archampo\/wp-content\/uploads\/sites\/125\/2024\/04\/dd-Copie-1536x1007.jpeg 1536w, https:\/\/blogs.univ-jfc.fr\/archampo\/wp-content\/uploads\/sites\/125\/2024\/04\/dd-Copie.jpeg 1764w\" sizes=\"(max-width: 1024px) 100vw, 1024px\" \/><\/figure><div class=\"wp-block-media-text__content\">\n<h6>Anciens combattants devant la plaque comm\u00e9morative adoss\u00e9e au b\u00e2timent droit-lettres du campus universitaire d&rsquo;Albi (actuel b\u00e2timent Jaur\u00e8s) lors de la comm\u00e9moration de la lib\u00e9ration d&rsquo;Albi en 1994. L&rsquo;ancienne caserne Lap\u00e9rouse avait \u00e9t\u00e9 occup\u00e9e par les Allemands pendant la Deuxi\u00e8me Guerre mondiale.<\/h6>\n\n\n\n<p>\u00a9 Archives de l\u2019INU Champollion \u2013 1FI.<\/p>\n<\/div><\/div>\n\n\n\n<div class=\"wp-block-media-text alignwide is-stacked-on-mobile\"><figure class=\"wp-block-media-text__media\"><img loading=\"lazy\" width=\"1024\" height=\"665\" src=\"https:\/\/blogs.univ-jfc.fr\/archampo\/wp-content\/uploads\/sites\/125\/2024\/04\/dd-1-1024x665.jpeg\" alt=\"\" class=\"wp-image-807 size-full\" srcset=\"https:\/\/blogs.univ-jfc.fr\/archampo\/wp-content\/uploads\/sites\/125\/2024\/04\/dd-1-1024x665.jpeg 1024w, https:\/\/blogs.univ-jfc.fr\/archampo\/wp-content\/uploads\/sites\/125\/2024\/04\/dd-1-300x195.jpeg 300w, https:\/\/blogs.univ-jfc.fr\/archampo\/wp-content\/uploads\/sites\/125\/2024\/04\/dd-1-768x498.jpeg 768w, https:\/\/blogs.univ-jfc.fr\/archampo\/wp-content\/uploads\/sites\/125\/2024\/04\/dd-1-1536x997.jpeg 1536w, https:\/\/blogs.univ-jfc.fr\/archampo\/wp-content\/uploads\/sites\/125\/2024\/04\/dd-1.jpeg 1741w\" sizes=\"(max-width: 1024px) 100vw, 1024px\" \/><\/figure><div class=\"wp-block-media-text__content\">\n<h6>Anciens combattants devant la plaque comm\u00e9morative adoss\u00e9e au b\u00e2timent droit-lettres du campus universitaire d&rsquo;Albi (actuel b\u00e2timent Jaur\u00e8s) lors de la comm\u00e9moration de la lib\u00e9ration d&rsquo;Albi en 1994. L&rsquo;ancienne caserne Lap\u00e9rouse avait \u00e9t\u00e9 occup\u00e9e par les Allemands pendant la Deuxi\u00e8me Guerre mondiale.<\/h6>\n\n\n\n<p>\u00a9 Archives de l\u2019INU Champollion \u2013 1FI.<\/p>\n<\/div><\/div>\n\n\n\n<div class=\"wp-block-media-text alignwide is-stacked-on-mobile\"><figure class=\"wp-block-media-text__media\"><img loading=\"lazy\" width=\"1024\" height=\"653\" src=\"https:\/\/blogs.univ-jfc.fr\/archampo\/wp-content\/uploads\/sites\/125\/2024\/06\/Sans-titre-1-1024x653.jpg\" alt=\"\" class=\"wp-image-1691 size-full\" srcset=\"https:\/\/blogs.univ-jfc.fr\/archampo\/wp-content\/uploads\/sites\/125\/2024\/06\/Sans-titre-1-1024x653.jpg 1024w, https:\/\/blogs.univ-jfc.fr\/archampo\/wp-content\/uploads\/sites\/125\/2024\/06\/Sans-titre-1-300x191.jpg 300w, https:\/\/blogs.univ-jfc.fr\/archampo\/wp-content\/uploads\/sites\/125\/2024\/06\/Sans-titre-1-768x490.jpg 768w, https:\/\/blogs.univ-jfc.fr\/archampo\/wp-content\/uploads\/sites\/125\/2024\/06\/Sans-titre-1-1536x979.jpg 1536w, https:\/\/blogs.univ-jfc.fr\/archampo\/wp-content\/uploads\/sites\/125\/2024\/06\/Sans-titre-1.jpg 1542w\" sizes=\"(max-width: 1024px) 100vw, 1024px\" \/><\/figure><div class=\"wp-block-media-text__content\">\n<h6>Le maire d&rsquo;Albi, Michel Castel (en costume gris) devant la plaque comm\u00e9morative adoss\u00e9e au b\u00e2timent droit-lettres du campus universitaire d&rsquo;Albi (actuel b\u00e2timent Jaur\u00e8s). On aper\u00e7oit aussi Olivier Devaux \u00e0 sa droite.<\/h6>\n\n\n\n<p>\u00a9 Collection priv\u00e9e d&rsquo;Olivier Devaux.<\/p>\n<\/div><\/div>\n\n\n\n<div class=\"wp-block-media-text alignwide is-stacked-on-mobile\"><figure class=\"wp-block-media-text__media\"><img loading=\"lazy\" width=\"1024\" height=\"768\" src=\"https:\/\/blogs.univ-jfc.fr\/archampo\/wp-content\/uploads\/sites\/125\/2024\/04\/ff-1-1024x768.jpeg\" alt=\"\" class=\"wp-image-808 size-full\" srcset=\"https:\/\/blogs.univ-jfc.fr\/archampo\/wp-content\/uploads\/sites\/125\/2024\/04\/ff-1-1024x768.jpeg 1024w, https:\/\/blogs.univ-jfc.fr\/archampo\/wp-content\/uploads\/sites\/125\/2024\/04\/ff-1-300x225.jpeg 300w, https:\/\/blogs.univ-jfc.fr\/archampo\/wp-content\/uploads\/sites\/125\/2024\/04\/ff-1-768x576.jpeg 768w, https:\/\/blogs.univ-jfc.fr\/archampo\/wp-content\/uploads\/sites\/125\/2024\/04\/ff-1-1536x1151.jpeg 1536w, https:\/\/blogs.univ-jfc.fr\/archampo\/wp-content\/uploads\/sites\/125\/2024\/04\/ff-1.jpeg 1981w\" sizes=\"(max-width: 1024px) 100vw, 1024px\" \/><\/figure><div class=\"wp-block-media-text__content\">\n<h6>Fa\u00e7ade du b\u00e2timent droit-lettres (actuel b\u00e2timent Jaur\u00e8s) du centre universitaire d&rsquo;Albi, alors antenne des universit\u00e9s toulousaines. la plaque \u00ab\u00a0Universit\u00e9 des sciences sociales\u00a0\u00bb y est adoss\u00e9e. Le clich\u00e9 est pris en 1994 lors de la comm\u00e9moration de la lib\u00e9ration d&rsquo;Albi sur le campus, l&rsquo;ancienne caserne Lap\u00e9rouse ayant \u00e9t\u00e9 occup\u00e9e par les Allemands pendant la Deuxi\u00e8me Guerre mondiale.<\/h6>\n\n\n\n<p>\u00a9 Archives de l\u2019INU Champollion \u2013 1FI.<\/p>\n<\/div><\/div>\n\n\n\n<div class=\"wp-block-media-text alignwide is-stacked-on-mobile\"><figure class=\"wp-block-media-text__media\"><img loading=\"lazy\" width=\"1024\" height=\"678\" src=\"https:\/\/blogs.univ-jfc.fr\/archampo\/wp-content\/uploads\/sites\/125\/2024\/04\/cc-1-1024x678.jpeg\" alt=\"\" class=\"wp-image-809 size-full\" srcset=\"https:\/\/blogs.univ-jfc.fr\/archampo\/wp-content\/uploads\/sites\/125\/2024\/04\/cc-1-1024x678.jpeg 1024w, https:\/\/blogs.univ-jfc.fr\/archampo\/wp-content\/uploads\/sites\/125\/2024\/04\/cc-1-300x198.jpeg 300w, https:\/\/blogs.univ-jfc.fr\/archampo\/wp-content\/uploads\/sites\/125\/2024\/04\/cc-1-768x508.jpeg 768w, https:\/\/blogs.univ-jfc.fr\/archampo\/wp-content\/uploads\/sites\/125\/2024\/04\/cc-1-1536x1016.jpeg 1536w, https:\/\/blogs.univ-jfc.fr\/archampo\/wp-content\/uploads\/sites\/125\/2024\/04\/cc-1-2048x1355.jpeg 2048w\" sizes=\"(max-width: 1024px) 100vw, 1024px\" \/><\/figure><div class=\"wp-block-media-text__content\">\n<h6>Exposition organis\u00e9e sur le campus albigeois \u00e0 l&rsquo;occasion de la comm\u00e9moration de la lib\u00e9ration d&rsquo;Albi sur le campus en 1994, l&rsquo;ancienne caserne Lap\u00e9rouse ayant \u00e9t\u00e9 occup\u00e9e par les Allemands pendant la Deuxi\u00e8me Guerre mondiale.<\/h6>\n\n\n\n<p>\u00a9 Archives de l\u2019INU Champollion \u2013 1FI.<\/p>\n<\/div><\/div>\n","protected":false},"excerpt":{"rendered":"<p>Le maire d&rsquo;Albi, Michel Castel, faisant un discours lors de la comm\u00e9moration de la lib\u00e9ration d&rsquo;Albi (19 ao\u00fbt 1944), dans la cour de l&rsquo;ancienne caserne d&rsquo;Albi occup\u00e9e par les Allemands pendant la Deuxi\u00e8me Guerre mondiale. \u00a9 Archives de l\u2019INU Champollion \u2013 1FI. Le maire d&rsquo;Albi, Michel Castel, faisant un discours lors de la comm\u00e9moration de &hellip; <a href=\"https:\/\/blogs.univ-jfc.fr\/archampo\/1994-commemoration-de-la-liberation-dalbi-sur-le-campus-laperouse\/\" class=\"more-link\">Continuer la lecture de <span class=\"screen-reader-text\">1994-1995 &#8211; Comm\u00e9moration de la lib\u00e9ration d&rsquo;Albi sur le campus Lap\u00e9rouse<\/span> <span class=\"meta-nav\">&rarr;<\/span><\/a><\/p>\n","protected":false},"author":19,"featured_media":0,"parent":0,"menu_order":0,"comment_status":"closed","ping_status":"closed","template":"","meta":[],"_links":{"self":[{"href":"https:\/\/blogs.univ-jfc.fr\/archampo\/wp-json\/wp\/v2\/pages\/798"}],"collection":[{"href":"https:\/\/blogs.univ-jfc.fr\/archampo\/wp-json\/wp\/v2\/pages"}],"about":[{"href":"https:\/\/blogs.univ-jfc.fr\/archampo\/wp-json\/wp\/v2\/types\/page"}],"author":[{"embeddable":true,"href":"https:\/\/blogs.univ-jfc.fr\/archampo\/wp-json\/wp\/v2\/users\/19"}],"replies":[{"embeddable":true,"href":"https:\/\/blogs.univ-jfc.fr\/archampo\/wp-json\/wp\/v2\/comments?post=798"}],"version-history":[{"count":7,"href":"https:\/\/blogs.univ-jfc.fr\/archampo\/wp-json\/wp\/v2\/pages\/798\/revisions"}],"predecessor-version":[{"id":1693,"href":"https:\/\/blogs.univ-jfc.fr\/archampo\/wp-json\/wp\/v2\/pages\/798\/revisions\/1693"}],"wp:attachment":[{"href":"https:\/\/blogs.univ-jfc.fr\/archampo\/wp-json\/wp\/v2\/media?parent=798"}],"curies":[{"name":"wp","href":"https:\/\/api.w.org\/{rel}","templated":true}]}}