{"id":1028,"date":"2016-03-10T09:38:42","date_gmt":"2016-03-10T08:38:42","guid":{"rendered":"http:\/\/blogs.univ-jfc.fr\/campsdusudouest\/?page_id=1028"},"modified":"2016-03-31T08:26:37","modified_gmt":"2016-03-31T07:26:37","slug":"amenagement-du-camp-de-noe","status":"publish","type":"page","link":"https:\/\/blogs.univ-jfc.fr\/campsdusudouest\/amenagement-du-camp-de-noe\/","title":{"rendered":"Am\u00e9nagement du camp de No\u00e9"},"content":{"rendered":"<p style=\"text-align: justify\" align=\"justify\"><span style=\"font-family: Arial,serif\"><span style=\"font-size: medium\">Suite \u00e0 la d\u00e9cision du Minist\u00e8re de la Guerre, le 20 septembre 1940, est cr\u00e9\u00e9 No\u00e9, \u00ab\u00a0centre de s\u00e9jour surveill\u00e9\u00a0\u00bb &#8211; ou \u00ab\u00a0camp d&rsquo;internement\u00a0\u00bb -, connu, \u00e0 partir de f\u00e9vrier 1941, sous la d\u00e9nomination de \u00ab\u00a0camp-h\u00f4pital\u00a0\u00bb. Par la cr\u00e9ation de ce camp, Vichy construit une base solide pour sa nouvelle politique vis-\u00e0-vis de l&rsquo;internement. <\/span><\/span><\/p>\n<p style=\"text-align: justify\" align=\"justify\"><span style=\"font-family: Arial,serif\"><span style=\"font-size: medium\">Avant de devenir un symbole de la politique vichyssoise, No\u00e9 \u00e9tait un village d&rsquo;une dimension importante, regroupant environ mille habitants, \u00e9tendus sur un espace de mille hectares. D\u00e8s 1937, l&rsquo;espace sur lequel est install\u00e9 le camp de No\u00e9 \u2013 l&rsquo;ancienne poudrerie du Fauga \u2013 est am\u00e9nag\u00e9 en camp-h\u00f4pital par des travailleurs espagnols du G.T.E. (Groupe de Travailleurs \u00c9trangers). D\u00e8s lors, nous observons une diff\u00e9rence d&rsquo;avec les autres camps\u00a0; des pavillons sont mis en place \u2013 et non plus des baraques \u2013, les fils de fer barbel\u00e9s sont remplac\u00e9s par des morceaux de bois, tout cela dans le but d&rsquo;att\u00e9nuer l&rsquo;id\u00e9e d&rsquo;enfermement et de mettre en \u0153uvre une op\u00e9ration publicitaire visant \u00e0 faire de No\u00e9 une vitrine sur la politique fran\u00e7aise d&rsquo;internement. Ce qui, d&rsquo;apr\u00e8s les paroles du Chef du camp en 1941, semble fonctionner, les \u00e9trangers pr\u00e9sents \u00e9tant \u00ab\u00a0<i>g\u00e9n\u00e9ralement heureux d&rsquo;\u00eatre \u00e0 l&rsquo;abri en attendant des jours meilleurs\u00a0<\/i>\u00bb. De par sa d\u00e9nomination de camp d&rsquo;internement administratif, No\u00e9 est un espace ferm\u00e9, pouvant accueillir une population de 1 650 intern\u00e9s, visant \u00e0 regrouper des personnes priv\u00e9es de leur droit de libert\u00e9, et ce, par une d\u00e9cision totalement arbitraire. Cette d\u00e9cision \u00e9tait incontestable par les tribunaux ou la justice et ne pouvait \u00eatre prise que par le Ministre de l&rsquo;Int\u00e9rieur. L&rsquo;internement administratif d\u00e9butant d\u00e8s 1938 et la France \u00e9tant d\u00e8s lors sous le gouvernement de la Troisi\u00e8me R\u00e9publique, la nation fran\u00e7aise fut la premi\u00e8re r\u00e9publique \u00e0 priver arbitrairement sa population de ses libert\u00e9s. <\/span><\/span><\/p>\n<div id=\"attachment_1169\" style=\"width: 310px\" class=\"wp-caption alignright\"><a href=\"http:\/\/blogs.univ-jfc.fr\/campsdusudouest\/wp-content\/uploads\/sites\/48\/2016\/03\/carte-camps-sud-ouest.jpg\"><img aria-describedby=\"caption-attachment-1169\" loading=\"lazy\" class=\"size-medium wp-image-1169   \" title=\"Carte des camps d'internement dans le sud de la France \" alt=\"Carte reprenant les diff\u00e9rents camps d'internement dans le sud de la France\" src=\"http:\/\/blogs.univ-jfc.fr\/campsdusudouest\/wp-content\/uploads\/sites\/48\/2016\/03\/carte-camps-sud-ouest-300x183.jpg\" width=\"300\" height=\"183\" srcset=\"https:\/\/blogs.univ-jfc.fr\/campsdusudouest\/wp-content\/uploads\/sites\/48\/2016\/03\/carte-camps-sud-ouest-300x183.jpg 300w, https:\/\/blogs.univ-jfc.fr\/campsdusudouest\/wp-content\/uploads\/sites\/48\/2016\/03\/carte-camps-sud-ouest.jpg 484w\" sizes=\"(max-width: 300px) 100vw, 300px\" \/><\/a><p id=\"caption-attachment-1169\" class=\"wp-caption-text\">Carte des camps d&rsquo;internement dans le sud de la France pendant la Seconde Guerre mondiale<\/p><\/div>\n<p style=\"text-align: justify\" align=\"justify\"><span style=\"font-family: Arial,serif\"><span style=\"font-size: medium\">Ainsi, d\u00e8s 1940, le camp de No\u00e9 s&rsquo;inscrit dans l&rsquo;archipel des camps d&rsquo;internement du Sud-Ouest de la France, regroupant R\u00e9c\u00e9b\u00e9dou \u2013 son camp jumeau \u2013, Septfonds, Brens, Saint-Sulpice, Gurs, Le Vernet, Bram, Mauzac, Rivesaltes, Agde, Le Barcares, Saint-Cyprien.<\/span><\/span><\/p>\n<p style=\"text-align: justify\" align=\"justify\"><span style=\"font-family: Arial,serif\"><span style=\"font-size: medium\"><span style=\"color: #000000\">Suite aux <a title=\"Les convois vers No\u00e9\" href=\"http:\/\/blogs.univ-jfc.fr\/campsdusudouest\/noe-pour-aller-plus-loin\/\">6 premiers convois d&rsquo;\u00e9trangers <\/a><\/span><span style=\"color: #000000\">venus des camps voisins <\/span><span style=\"color: #000000\">en f\u00e9vrier 1941<\/span><span style=\"color: #000000\">, la population de No\u00e9 s&rsquo;\u00e9tend <\/span><span style=\"color: #000000\">d\u00e9j\u00e0<\/span><span style=\"color: #000000\"> jusqu&rsquo;\u00e0 1 500 intern\u00e9s. <\/span><span style=\"color: #000000\">L&rsquo;ensemble des intern\u00e9s<\/span><span style=\"color: #000000\"> se divis<span style=\"color: #000000\"><span style=\"font-family: Arial,serif\">e<\/span><\/span> <\/span><span style=\"color: #000000\">alors <\/span><span style=\"color: #000000\">en <\/span><span style=\"color: #000000\">deux<\/span><span style=\"color: #000000\"> cat\u00e9gories. <span style=\"color: #000000\"><span style=\"font-family: Arial,serif\">Sont <\/span><\/span><\/span><span style=\"color: #000000\">pr\u00e9sents, d&rsquo;une part, des anciens miliciens espagnols invalides venus de Catalogne fran\u00e7aise en 1941, et d&rsquo;autre part, des juifs allemands, pour qui le camp de No\u00e9 n&rsquo;\u00e9tait qu&rsquo;une des diff\u00e9rentes \u00e9tapes avant leur transfert au camp d&rsquo;extermination nazi d&rsquo;Auschwitz. En tant que camp-h\u00f4pital, No\u00e9 se devait d&rsquo;accueillir une importante population de personnes \u00e2g\u00e9es et\/ou invalides, qui \u00e9taient divis\u00e9es en cat\u00e9gories en fonction des \u00e2ges\u00a0; moins de 18 ans, de 18 ans \u00e0 55 ans, et plus de 55 ans. <\/span><\/span><\/span><\/p>\n<p style=\"text-align: justify\" align=\"justify\"><span style=\"font-family: Arial,serif\"><span style=\"font-size: medium\">Le 7 janvier 1941, Marcel Peyrouton, ministre de l&rsquo;Int\u00e9rieur sous P\u00e9tain, met en place deux d\u00e9cisions, susceptibles de changer radicalement l&rsquo;organisation du camp de No\u00e9. Il s&rsquo;agit, tout d&rsquo;abord, de l&rsquo;acceptation de l&rsquo;aide de 21 associations humanitaires au sein du camp, dont <a title=\"Les associations humanitaires pr\u00e9sentes \u00e0 No\u00e9\" href=\"http:\/\/blogs.univ-jfc.fr\/campsdusudouest\/les-associations-humanitaires-presentes-a-noe\/\">4 associations am\u00e9ricaines<\/a>. <\/span><\/span><span style=\"color: #000000\"><span style=\"font-family: Arial,serif\"><span style=\"font-size: medium\">La Suisse a \u00e9galement r\u00e9pondu pr\u00e9sente parmi les diff\u00e9rentes aides mises en place, notamment par l&rsquo;action du Comit\u00e9 International de la Croix-Rouge (C.I.C.R.). Sur le plan national, la <a href=\"http:\/\/blogs.univ-jfc.fr\/projetcroixrouge\/\">Croix-Rouge Fran\u00e7aise<\/a> (C.R.F.) intervient aupr\u00e8s des intern\u00e9s dans la m\u00eame optique que son intervention dans les prisons, c&rsquo;est-\u00e0-dire afin \u00ab\u00a0<i>d&rsquo;assurer leur assistance en raison de son r\u00f4le humanitaire g\u00e9n\u00e9ral, comme elle est amen\u00e9e \u00e0 s&rsquo;occuper de d\u00e9tenus de droit commun\u00a0<\/i>\u00bb. Leur mission principale repose dans le ravitaillement et la gestion des intern\u00e9s au sein du camp. La d\u00e9cision de Marcel Peyrouton vise avant tout \u00e0 embellir l&rsquo;image des camps d&rsquo;internement sur le plan international, notamment vis-\u00e0-vis des Am\u00e9ricains, adeptes des critiques sur le traitement des intern\u00e9s dans les camps fran\u00e7ais.<br \/>\n<\/span><\/span><\/span><\/p>\n<p style=\"text-align: justify\" align=\"justify\"><span style=\"color: #000000\"><span style=\"font-family: Arial,serif\"><span style=\"font-size: medium\"> La seconde d\u00e9cision prise fut celle de la cr\u00e9ation de la nomination de \u00ab\u00a0camp-h\u00f4pital\u00a0\u00bb. \u00c0 partir de f\u00e9vrier 1941, No\u00e9 \u00e9tant devenu un \u00ab\u00a0camp-h\u00f4pital\u00a0\u00bb, <span style=\"color: #000000\"><span style=\"font-family: Arial,serif\">sont <\/span><\/span>alors <span style=\"color: #000000\"><span style=\"font-family: Arial,serif\">cr\u00e9\u00e9es <\/span><\/span>des baraques d&rsquo;infirmerie, isol\u00e9es du reste de la population, dans le but de recevoir plus de 150 tuberculeux. Cependant, il <span style=\"color: #000000\"><span style=\"font-family: Arial,serif\">reste <\/span><\/span>tr\u00e8s difficile de d\u00e9ployer de grands moyens pour s&rsquo;occuper des malades. Le personnel m\u00e9dical \u00e9tait form\u00e9 d&rsquo;un m\u00e9decin, d&rsquo;une infirmi\u00e8re-major et de 25 infirmi\u00e8res. En ce qui concerne la question du mat\u00e9riel m\u00e9dical, les camps du Sud-Ouest de la France <span style=\"color: #000000\"><span style=\"font-family: Arial,serif\">restaient<\/span><\/span> tr\u00e8s mal lotis<span style=\"color: #000000\"><span style=\"font-family: Arial,serif\">.<\/span><\/span><\/span><\/span><\/span><\/p>\n<div id=\"attachment_1199\" style=\"width: 209px\" class=\"wp-caption alignleft\"><a href=\"http:\/\/blogs.univ-jfc.fr\/campsdusudouest\/wp-content\/uploads\/sites\/48\/2016\/03\/cachexie.png\"><img aria-describedby=\"caption-attachment-1199\" loading=\"lazy\" class=\"size-medium wp-image-1199 \" title=\"Photographie de malades cachectiques prise par le Docteur Weill en 1942 dans le camp de No\u00e9\" alt=\"Photographie de malades cachectiques prise par le Docteur Weill dans le camp de No\u00e9\" src=\"http:\/\/blogs.univ-jfc.fr\/campsdusudouest\/wp-content\/uploads\/sites\/48\/2016\/03\/cachexie-199x300.png\" width=\"199\" height=\"300\" srcset=\"https:\/\/blogs.univ-jfc.fr\/campsdusudouest\/wp-content\/uploads\/sites\/48\/2016\/03\/cachexie-199x300.png 199w, https:\/\/blogs.univ-jfc.fr\/campsdusudouest\/wp-content\/uploads\/sites\/48\/2016\/03\/cachexie.png 442w\" sizes=\"(max-width: 199px) 100vw, 199px\" \/><\/a><p id=\"caption-attachment-1199\" class=\"wp-caption-text\">Photographie de malades cachectiques pendant la Seconde Guerre mondiale<\/p><\/div>\n<p style=\"text-align: justify\" align=\"justify\"><span style=\"color: #000000\"><span style=\"font-family: Arial,serif\"><span style=\"font-size: medium\">De nombreuses maladies, notamment dues aux conditions de vie ex\u00e9crables, font leur apparition au sein du camp. Les plus meurtri\u00e8res sont l&rsquo;hypertension, les cardiopathies, les bronchites chroniques, la cachexie, et la tuberculose pulmonaire et osseuse. En mai 1941, environ 37\u00a0% des intern\u00e9s <span style=\"color: #000000\"><span style=\"font-family: Arial,serif\">souffrent <\/span><\/span>d&rsquo;une de ces maladies, \u00e0 l&rsquo;origine de la mort de 556 intern\u00e9s.<\/span><\/span><\/span><\/p>\n<p style=\"text-align: justify\" align=\"justify\"><span style=\"color: #000000\"><span style=\"font-family: Arial,serif\"><span style=\"font-size: medium\">Environ un mois apr\u00e8s la cr\u00e9ation du camp-h\u00f4pital, en mars 1941, des journalistes am\u00e9ricains vinrent visiter les \u00ab\u00a0camps-vitrines\u00a0\u00bb fran\u00e7ais de No\u00e9 et du R\u00e9c\u00e9b\u00e9dou, afin d&rsquo;observer les conditions de vie des intern\u00e9s dans la zone non-occup\u00e9e\u00a0; conditions qui semblent n\u00e9anmoins les avoir satisfaits puisqu&rsquo;ils finirent par rendre un \u00ab<i>\u00a0\u00e9clatant hommage au Mar\u00e9chal P\u00e9tain\u00a0<\/i>\u00bb. Ces propos restent cependant \u00e0 nuancer, notamment \u00e0 la vue d&rsquo;un rapport effectu\u00e9 par la Croix-Rouge apr\u00e8s les d\u00e9portations de 1942 certifiant que \u00ab\u00a0<i>le centre de No\u00e9 regroupe essentiellement des vieillards et des malades sans que ni les conditions d&rsquo;hygi\u00e8ne, ni des soins, ni de l&rsquo;alimentation diff\u00e8rent sensiblement des autres camps<\/i>\u00a0\u00bb.<\/span><\/span><\/span><\/p>\n<div style=\"text-align: justify\"><\/div>\n<p style=\"text-align: justify\" align=\"justify\"><span style=\"color: #000000\"><span style=\"font-family: Arial,serif\"><span style=\"font-size: medium\"><a title=\"Bibliographie G\u00e9n\u00e9rale\" href=\"http:\/\/blogs.univ-jfc.fr\/campsdusudouest\/bibliographie-generale\/\"><em>Pour aller plus loin<\/em><\/a><br \/>\n<\/span><\/span><\/span><\/p>\n","protected":false},"excerpt":{"rendered":"<p>Suite \u00e0 la d\u00e9cision du Minist\u00e8re de la Guerre, le 20 septembre 1940, est cr\u00e9\u00e9 No\u00e9, \u00ab\u00a0centre de s\u00e9jour surveill\u00e9\u00a0\u00bb &#8211; ou \u00ab\u00a0camp d&rsquo;internement\u00a0\u00bb -, connu, \u00e0 partir de f\u00e9vrier 1941, sous la d\u00e9nomination de \u00ab\u00a0camp-h\u00f4pital\u00a0\u00bb. Par la cr\u00e9ation de &hellip; <a href=\"https:\/\/blogs.univ-jfc.fr\/campsdusudouest\/amenagement-du-camp-de-noe\/\">Lire la suite <span class=\"meta-nav\">&rarr;<\/span><\/a><\/p>\n","protected":false},"author":158,"featured_media":0,"parent":0,"menu_order":0,"comment_status":"closed","ping_status":"open","template":"","meta":[],"_links":{"self":[{"href":"https:\/\/blogs.univ-jfc.fr\/campsdusudouest\/wp-json\/wp\/v2\/pages\/1028"}],"collection":[{"href":"https:\/\/blogs.univ-jfc.fr\/campsdusudouest\/wp-json\/wp\/v2\/pages"}],"about":[{"href":"https:\/\/blogs.univ-jfc.fr\/campsdusudouest\/wp-json\/wp\/v2\/types\/page"}],"author":[{"embeddable":true,"href":"https:\/\/blogs.univ-jfc.fr\/campsdusudouest\/wp-json\/wp\/v2\/users\/158"}],"replies":[{"embeddable":true,"href":"https:\/\/blogs.univ-jfc.fr\/campsdusudouest\/wp-json\/wp\/v2\/comments?post=1028"}],"version-history":[{"count":23,"href":"https:\/\/blogs.univ-jfc.fr\/campsdusudouest\/wp-json\/wp\/v2\/pages\/1028\/revisions"}],"predecessor-version":[{"id":1147,"href":"https:\/\/blogs.univ-jfc.fr\/campsdusudouest\/wp-json\/wp\/v2\/pages\/1028\/revisions\/1147"}],"wp:attachment":[{"href":"https:\/\/blogs.univ-jfc.fr\/campsdusudouest\/wp-json\/wp\/v2\/media?parent=1028"}],"curies":[{"name":"wp","href":"https:\/\/api.w.org\/{rel}","templated":true}]}}