{"id":1071,"date":"2016-03-10T10:12:22","date_gmt":"2016-03-10T09:12:22","guid":{"rendered":"http:\/\/blogs.univ-jfc.fr\/campsdusudouest\/?page_id=1071"},"modified":"2016-03-31T08:18:24","modified_gmt":"2016-03-31T07:18:24","slug":"transfert-des-camps-de-la-tutelle-militaire-a-la-tutelle-civile","status":"publish","type":"page","link":"https:\/\/blogs.univ-jfc.fr\/campsdusudouest\/le-role-des-pouvoirs-publics\/le-personnel-prefectoral\/transfert-des-camps-de-la-tutelle-militaire-a-la-tutelle-civile\/","title":{"rendered":"Transfert des camps de la tutelle militaire \u00e0 la tutelle civile"},"content":{"rendered":"<p style=\"text-align: justify\"><span style=\"text-decoration: underline\">L&rsquo;utilisation de l&rsquo;arm\u00e9e pour r\u00e9pondre aux crises ext\u00e9rieures<\/span><\/p>\n<p style=\"text-align: justify\">Entre fin\u00a01938 et mai\u00a01940 les vagues de r\u00e9fugi\u00e9s politiques venant pour la plupart d&rsquo;Espagne (500\u00a0000) pendant la guerre civile, mais aussi d\u2019Allemagne ou d&rsquo;Italie, poussent les autorit\u00e9s fran\u00e7aises \u00e0 r\u00e9agir de mani\u00e8re drastique. L&rsquo;ordre est ainsi donn\u00e9 d&rsquo;\u00e9tablir un ensemble de zones d&rsquo;accueil transform\u00e9es plus tard en camps d&rsquo;internement pour, dans un premier temps, r\u00e9agir \u00e0 l&rsquo;arriv\u00e9e massive de r\u00e9fugi\u00e9s.<\/p>\n<p style=\"text-align: justify\">D&rsquo;une m\u00eame mani\u00e8re ce syst\u00e8me se met en place pour emp\u00eacher les populations \u00e9trang\u00e8res d&rsquo;\u00e9chapper au contr\u00f4le et \u00e0 la surveillance des autorit\u00e9s. Plusieurs cat\u00e9gories de camps voient ainsi le jour pour r\u00e9pondre aux diff\u00e9rentes crises de l&rsquo;\u00e9poque\u00a0: Camps d&rsquo;accueil, Camps d&rsquo;internement, Camps de s\u00e9jour, Centres de s\u00e9jours surveill\u00e9s, Camps de prisonniers.<\/p>\n<p style=\"text-align: justify\">Jusqu&rsquo;en septembre\u00a01940 et pour des raisons avant tout pratiques, la responsabilit\u00e9 de la gestion des immigr\u00e9s revient au ministre de la<\/p>\n<div id=\"attachment_2412\" style=\"width: 310px\" class=\"wp-caption alignright\"><a href=\"http:\/\/blogs.univ-jfc.fr\/campsdusudouest\/wp-content\/uploads\/sites\/48\/2016\/03\/saintcyprienplage1.jpg\"><img aria-describedby=\"caption-attachment-2412\" loading=\"lazy\" class=\"size-medium wp-image-2412  \" title=\"L'installation des espagnols dans le sud de la France\" alt=\"\" src=\"http:\/\/blogs.univ-jfc.fr\/campsdusudouest\/wp-content\/uploads\/sites\/48\/2016\/03\/saintcyprienplage1-300x199.jpg\" width=\"300\" height=\"199\" srcset=\"https:\/\/blogs.univ-jfc.fr\/campsdusudouest\/wp-content\/uploads\/sites\/48\/2016\/03\/saintcyprienplage1-300x199.jpg 300w, https:\/\/blogs.univ-jfc.fr\/campsdusudouest\/wp-content\/uploads\/sites\/48\/2016\/03\/saintcyprienplage1-451x300.jpg 451w, https:\/\/blogs.univ-jfc.fr\/campsdusudouest\/wp-content\/uploads\/sites\/48\/2016\/03\/saintcyprienplage1.jpg 800w\" sizes=\"(max-width: 300px) 100vw, 300px\" \/><\/a><p id=\"caption-attachment-2412\" class=\"wp-caption-text\">Photographie de r\u00e9fugi\u00e9s espagnols au camps de Saint-Cyprien en 1939 ( source : jewishtraces.org\/camp-saint-cyprien-plage\/)<\/p><\/div>\n<p style=\"text-align: justify\">D\u00e9fense, Maxime Weygand. En effet il s&rsquo;agit d&rsquo;une crise ext\u00e9rieure au pays et o\u00f9 l&rsquo;arm\u00e9e est n\u00e9cessairement pr\u00e9sente aux fronti\u00e8res pour accueillir les r\u00e9fugi\u00e9s. Cette d\u00e9cision est \u00e9galement prise pour des raisons id\u00e9ologiques\u00a0: pr\u00e9server l&rsquo;image d&rsquo;une France \u00ab\u00a0terre d&rsquo;asile\u00a0\u00bb. Cependant les administrations civiques n&rsquo;\u00e9tant pas directement impliqu\u00e9es, le Gouvernement s&rsquo;\u00e9pargne la responsabilit\u00e9 d&rsquo;assurer des conditions de vie d\u00e9centes tant au niveau du logement que de l&rsquo;hygi\u00e8ne. Le peu de confort dans la vie des d\u00e9tenus est apport\u00e9 par les associations civiques comme la Croix-Rouge.<\/p>\n<p style=\"text-align: justify\">\u00c0 partir de 1939 on assiste cependant \u00e0 une baisse de la crise de l\u2019immigration. La guerre en Espagne est en effet termin\u00e9e depuis la prise du pouvoir de Franco le 1er avril 1939. De nombreux espagnols sont ainsi rapatri\u00e9s dans leur pays d\u2019origine faisant diminuer pendant un temps la fr\u00e9quentation des camps d\u2019internement. Cette situation de crise apais\u00e9e prend fin le 3\u00a0septembre\u00a01939. La France entre en guerre contre l&rsquo;Allemagne nazie apr\u00e8s l&rsquo;agression de la Pologne par cette derni\u00e8re. L&rsquo;arm\u00e9e se voit ainsi oblig\u00e9e de rapatrier ses forces vers l&rsquo;est en d\u00e9pit des zones d\u2019accueil en Espagne et en Italie. Elle maintient cependant une certaine importance dans le contr\u00f4le des r\u00e9fugi\u00e9s allemands soup\u00e7onn\u00e9s d\u2019espionnage pendant la p\u00e9riode de la \u00ab\u00a0dr\u00f4le de guerre\u00a0\u00bb.<\/p>\n<p style=\"text-align: justify\"><span style=\"text-decoration: underline\">L&rsquo;av\u00e8nement de Vichy\u00a0: un changement dans les politiques d&rsquo;internement<\/span><\/p>\n<p style=\"text-align: justify\">Apr\u00e8s la d\u00e9b\u00e2cle de l&rsquo;arm\u00e9e fran\u00e7aise en mai\u00a01940, Paul Reynaud d\u00e9missionne de la pr\u00e9sidence du Conseil et est remplac\u00e9 le 16\u00a0juin\u00a01940, par l&rsquo;ancien g\u00e9n\u00e9ral Philippe P\u00e9tain.<\/p>\n<p style=\"text-align: justify\">D\u00e8s lors un armistice est sign\u00e9 avec Adolf Hitler (22\u00a0juin\u00a01940) et conduit la France \u00e0 r\u00e9duire son arm\u00e9e \u00e0 100\u00a0000\u00a0hommes sans \u00e9quipement lourd. La puissance militaire de la France est ainsi consid\u00e9rablement r\u00e9duite au sein de la politique fran\u00e7aise.<\/p>\n<p style=\"text-align: justify\">Suite \u00e0 la d\u00e9faite de 1940 de nouvelles id\u00e9ologies apparaissent. Les pleins pouvoirs obtenus par P\u00e9tain 10\u00a0juillet\u00a01940 lui donnent en effet l&rsquo;opportunit\u00e9 de r\u00e9organiser son gouvernement sur les bases d&rsquo;une collaboration id\u00e9ologique avec l&rsquo;Allemagne.<\/p>\n<div id=\"attachment_2413\" style=\"width: 255px\" class=\"wp-caption alignleft\"><a href=\"http:\/\/blogs.univ-jfc.fr\/campsdusudouest\/wp-content\/uploads\/sites\/48\/2016\/03\/plein-pouvoirs.jpeg\"><img aria-describedby=\"caption-attachment-2413\" loading=\"lazy\" class=\"size-full wp-image-2413  \" title=\"La formation du gouvernement de Vichy\" alt=\"\" src=\"http:\/\/blogs.univ-jfc.fr\/campsdusudouest\/wp-content\/uploads\/sites\/48\/2016\/03\/plein-pouvoirs.jpeg\" width=\"245\" height=\"206\" \/><\/a><p id=\"caption-attachment-2413\" class=\"wp-caption-text\">Premi\u00e8re page du journal \u00ab\u00a0Le petit dauphinois\u00a0\u00bb sur l&rsquo;annonce de l\u2019\u00e9lection de Philippe P\u00e9tain comme chef de l&rsquo;Etat<\/p><\/div>\n<p style=\"text-align: justify\">Il n&rsquo;est alors plus question d&rsquo;accueillir les r\u00e9fugi\u00e9s diplomatiques mais de faire le tri \u00e0 l\u2019int\u00e9rieur de la nation entre ceux qui sont jug\u00e9s aptes \u00e0 en faire partie ou non. Pour faciliter cette entreprise de nombreux ministres se voient contraints de d\u00e9missionner de leur poste. Adrien Marquet, Ministre de l\u2019Int\u00e9rieur est ainsi renvoy\u00e9 du gouvernement en septembre\u00a01940 (car ancien parlementaire) et est remplac\u00e9 par Marcel Peyrouton. Ce dernier par la loi le 4\u00a0octobre\u00a01940, donne lieu \u00e0 un internement administratif sous contr\u00f4le pr\u00e9fectoral.<\/p>\n<p style=\"text-align: justify\"><em>\u00ab\u00a0Article 2 de la Loi du 4 octobre 1940<\/em><br \/>\n<em> &#8211; Il est constitu\u00e9 aupr\u00e8s du ministre secr\u00e9taire d\u2019\u00c9tat \u00e0 l\u2019Int\u00e9rieur une commission charg\u00e9e de l&rsquo;organisation et de l&rsquo;administration de ces camps.<\/em><br \/>\n<em> &#8211; Cette commission comprend: un inspecteur g\u00e9n\u00e9ral des services administratifs; le directeur de la police du territoire\u00a0 et des \u00e9trangers, ou son repr\u00e9sentant et un repr\u00e9sentant du minist\u00e8re des finances.\u00a0\u00bb<\/em><\/p>\n<p style=\"text-align: justify\">Cette loi est destin\u00e9e \u00e0 simplifier le contr\u00f4le de la population tr\u00e8s vite facilit\u00e9 par l&rsquo;augmentation des motifs d&rsquo;internement (juif \u00e9tranger, communiste, franc-ma\u00e7on&#8230;) tout au long de l&rsquo;\u00e9t\u00e9\u00a01940 et par une simplification des proc\u00e9dures d&rsquo;arrestation.<\/p>\n<p style=\"text-align: justify\">Cette prise en main de l&rsquo;internement par les institutions civiques reste en \u0153uvre jusqu&rsquo;\u00e0 l\u2019occupation totale de la France par Allemagne en novembre\u00a01942. Elle est reprise et intensifi\u00e9e par les nazis notamment par le biais de certaines figures de Vichy comme Pierre Laval. Cette organisation permet la cr\u00e9ation de camps de transit destin\u00e9s \u00e0 livrer les prisonniers \u00e0 l&rsquo;Allemagne \u00e0 partir de juillet\u00a01942 ou encore la cr\u00e9ation d&rsquo;une milice arm\u00e9e qui prend part \u00e0 des arrestations violentes et massives sur le sol fran\u00e7ais.<\/p>\n","protected":false},"excerpt":{"rendered":"<p>L&rsquo;utilisation de l&rsquo;arm\u00e9e pour r\u00e9pondre aux crises ext\u00e9rieures Entre fin\u00a01938 et mai\u00a01940 les vagues de r\u00e9fugi\u00e9s politiques venant pour la plupart d&rsquo;Espagne (500\u00a0000) pendant la guerre civile, mais aussi d\u2019Allemagne ou d&rsquo;Italie, poussent les autorit\u00e9s fran\u00e7aises \u00e0 r\u00e9agir de mani\u00e8re &hellip; <a href=\"https:\/\/blogs.univ-jfc.fr\/campsdusudouest\/le-role-des-pouvoirs-publics\/le-personnel-prefectoral\/transfert-des-camps-de-la-tutelle-militaire-a-la-tutelle-civile\/\">Lire la suite <span class=\"meta-nav\">&rarr;<\/span><\/a><\/p>\n","protected":false},"author":207,"featured_media":0,"parent":656,"menu_order":0,"comment_status":"closed","ping_status":"open","template":"","meta":[],"_links":{"self":[{"href":"https:\/\/blogs.univ-jfc.fr\/campsdusudouest\/wp-json\/wp\/v2\/pages\/1071"}],"collection":[{"href":"https:\/\/blogs.univ-jfc.fr\/campsdusudouest\/wp-json\/wp\/v2\/pages"}],"about":[{"href":"https:\/\/blogs.univ-jfc.fr\/campsdusudouest\/wp-json\/wp\/v2\/types\/page"}],"author":[{"embeddable":true,"href":"https:\/\/blogs.univ-jfc.fr\/campsdusudouest\/wp-json\/wp\/v2\/users\/207"}],"replies":[{"embeddable":true,"href":"https:\/\/blogs.univ-jfc.fr\/campsdusudouest\/wp-json\/wp\/v2\/comments?post=1071"}],"version-history":[{"count":31,"href":"https:\/\/blogs.univ-jfc.fr\/campsdusudouest\/wp-json\/wp\/v2\/pages\/1071\/revisions"}],"predecessor-version":[{"id":3933,"href":"https:\/\/blogs.univ-jfc.fr\/campsdusudouest\/wp-json\/wp\/v2\/pages\/1071\/revisions\/3933"}],"up":[{"embeddable":true,"href":"https:\/\/blogs.univ-jfc.fr\/campsdusudouest\/wp-json\/wp\/v2\/pages\/656"}],"wp:attachment":[{"href":"https:\/\/blogs.univ-jfc.fr\/campsdusudouest\/wp-json\/wp\/v2\/media?parent=1071"}],"curies":[{"name":"wp","href":"https:\/\/api.w.org\/{rel}","templated":true}]}}