{"id":108,"date":"2016-01-30T08:37:18","date_gmt":"2016-01-30T07:37:18","guid":{"rendered":"http:\/\/blogs.univ-jfc.fr\/campsdusudouest\/?page_id=108"},"modified":"2016-03-30T15:32:26","modified_gmt":"2016-03-30T14:32:26","slug":"images-des-camps","status":"publish","type":"page","link":"https:\/\/blogs.univ-jfc.fr\/campsdusudouest\/1945-et-apres\/images-des-camps\/","title":{"rendered":"Images des camps"},"content":{"rendered":"<p align=\"justify\">L&rsquo;image peut prendre diff\u00e9rentes formes\u00a0: \u00eatre statique comme les photographies, les peintures, les affiches, les dessins\u00a0; \u00eatre en mouvement avec les films ou reportages. Mais l&rsquo;image peut \u00e9galement \u00eatre une repr\u00e9sentation, une id\u00e9e. C&rsquo;est le cas du t\u00e9moignage qui devient la repr\u00e9sentation du v\u00e9cu d&rsquo;un individu. D&rsquo;o\u00f9 la difficult\u00e9 mais aussi l&rsquo;importance pour les historiens de <a title=\"L\u2019historien face \u00e0 l\u2019image\" href=\"http:\/\/blogs.univ-jfc.fr\/campsdusudouest\/1945-et-apres\/images-des-camps\/lhistorien-face-a-limage\/\">travailler l&rsquo;image.<\/a><\/p>\n<p align=\"justify\">Quelle image la population fran\u00e7aise se faisait-elle du <a title=\"Image du camp du Vernet d\u2019Ari\u00e8ge\" href=\"http:\/\/blogs.univ-jfc.fr\/campsdusudouest\/1945-et-apres\/images-des-camps\/image-du-camp-du-vernet-dariege\/\">camp du Vernet<\/a>\u00a0? Quelle repr\u00e9sentation le gouvernement voulait-il en donner\u00a0? Arthur Koestler , Rosa B., Carlos Duchatellier et Pierre Laval, \u00e0 travers des t\u00e9moignages, des discours, des photographies ou m\u00eame des dessins particip\u00e8rent \u00e0 la cr\u00e9ation de diff\u00e9rentes repr\u00e9sentations du camp du Vernet d&rsquo;Ari\u00e8ge apr\u00e8s qu&rsquo;il soit devenu un camp d&rsquo;internement administratif d\u00e8s 1940.<\/p>\n<p align=\"justify\">Dans un souci de m\u00e9moire et de questionnement sur le <a title=\"Images du camps de No\u00e9\" href=\"http:\/\/blogs.univ-jfc.fr\/campsdusudouest\/1945-et-apres\/images-des-camps\/camps-de-brens-et-de-noe-en-image\/\">camp de No\u00e9<\/a>, de nombreuses images sont red\u00e9couvertes. Entre t\u00e9moignages et rapports officiels, les images illustrent les diverses repr\u00e9sentations que l&rsquo;on peut se faire du camp de No\u00e9.\u00a0 Un grand nombre de ces images proviennent d&rsquo;anciens intern\u00e9s et ici, la production photographique du r\u00e9gime de Vichy reste pauvre.<\/p>\n<p align=\"justify\">Le<a title=\"Image du camp de Rivesaltes\" href=\"http:\/\/blogs.univ-jfc.fr\/campsdusudouest\/1945-et-apres\/images-des-camps\/image-du-camp-de-rivesaltes\/\"> camp de Rivesaltes<\/a> a pour sp\u00e9cificit\u00e9 de retracer une partie de l&rsquo;histoire de la seconde moiti\u00e9 du XX\u00e8 si\u00e8cle en France\u00a0: il a connu diff\u00e9rentes phases d&rsquo;internement qui refl\u00e8tent la politique de la France \u00e0 ces p\u00e9riodes. Ces multiples statuts font du camp de Rivesaltes un camp particulier, on peut donc se demander quelles sont les repr\u00e9sentations de ce camp lors de la Seconde Guerre mondiale et dans la m\u00e9moire collective. Nous verrons cela gr\u00e2ce au t\u00e9moignage de Friedel Bohny-Reiter, mais \u00e9galement le travail de Paul Senn et celui de Denis Peschanski.<\/p>\n","protected":false},"excerpt":{"rendered":"<p>L&rsquo;image peut prendre diff\u00e9rentes formes\u00a0: \u00eatre statique comme les photographies, les peintures, les affiches, les dessins\u00a0; \u00eatre en mouvement avec les films ou reportages. Mais l&rsquo;image peut \u00e9galement \u00eatre une repr\u00e9sentation, une id\u00e9e. C&rsquo;est le cas du t\u00e9moignage qui devient &hellip; <a href=\"https:\/\/blogs.univ-jfc.fr\/campsdusudouest\/1945-et-apres\/images-des-camps\/\">Lire la suite <span class=\"meta-nav\">&rarr;<\/span><\/a><\/p>\n","protected":false},"author":15,"featured_media":0,"parent":100,"menu_order":3,"comment_status":"closed","ping_status":"open","template":"","meta":[],"_links":{"self":[{"href":"https:\/\/blogs.univ-jfc.fr\/campsdusudouest\/wp-json\/wp\/v2\/pages\/108"}],"collection":[{"href":"https:\/\/blogs.univ-jfc.fr\/campsdusudouest\/wp-json\/wp\/v2\/pages"}],"about":[{"href":"https:\/\/blogs.univ-jfc.fr\/campsdusudouest\/wp-json\/wp\/v2\/types\/page"}],"author":[{"embeddable":true,"href":"https:\/\/blogs.univ-jfc.fr\/campsdusudouest\/wp-json\/wp\/v2\/users\/15"}],"replies":[{"embeddable":true,"href":"https:\/\/blogs.univ-jfc.fr\/campsdusudouest\/wp-json\/wp\/v2\/comments?post=108"}],"version-history":[{"count":14,"href":"https:\/\/blogs.univ-jfc.fr\/campsdusudouest\/wp-json\/wp\/v2\/pages\/108\/revisions"}],"predecessor-version":[{"id":3573,"href":"https:\/\/blogs.univ-jfc.fr\/campsdusudouest\/wp-json\/wp\/v2\/pages\/108\/revisions\/3573"}],"up":[{"embeddable":true,"href":"https:\/\/blogs.univ-jfc.fr\/campsdusudouest\/wp-json\/wp\/v2\/pages\/100"}],"wp:attachment":[{"href":"https:\/\/blogs.univ-jfc.fr\/campsdusudouest\/wp-json\/wp\/v2\/media?parent=108"}],"curies":[{"name":"wp","href":"https:\/\/api.w.org\/{rel}","templated":true}]}}