{"id":123,"date":"2016-01-30T08:41:12","date_gmt":"2016-01-30T07:41:12","guid":{"rendered":"http:\/\/blogs.univ-jfc.fr\/campsdusudouest\/?page_id=123"},"modified":"2016-03-31T08:27:24","modified_gmt":"2016-03-31T07:27:24","slug":"les-humanitaires","status":"publish","type":"page","link":"https:\/\/blogs.univ-jfc.fr\/campsdusudouest\/les-camps-et-leur-environnement\/les-humanitaires\/","title":{"rendered":"Les humanitaires"},"content":{"rendered":"<div id=\"attachment_3793\" style=\"width: 165px\" class=\"wp-caption alignleft\"><a href=\"http:\/\/blogs.univ-jfc.fr\/campsdusudouest\/wp-content\/uploads\/sites\/48\/2016\/03\/1247992895_ose.jpg\"><img aria-describedby=\"caption-attachment-3793\" loading=\"lazy\" class=\"size-full wp-image-3793\" alt=\"Oeuvre de Secours aux Enfants source photo : OSE cr\u00e9dit photo : D.R.\" src=\"http:\/\/blogs.univ-jfc.fr\/campsdusudouest\/wp-content\/uploads\/sites\/48\/2016\/03\/1247992895_ose.jpg\" width=\"155\" height=\"111\" \/><\/a><p id=\"caption-attachment-3793\" class=\"wp-caption-text\">Oeuvre de Secours aux Enfants<br \/>source photo : OSE<br \/>cr\u00e9dit photo : D.R.<\/p><\/div>\n<p align=\"justify\">L&rsquo;action humanitaire se concentre dans les nombreux camps de la zone sud en se partageant les diff\u00e9rents modes d&rsquo;action pour que celle-ci soit compl\u00e8te et b\u00e9n\u00e9ficie aux intern\u00e9s. Ainsi, plusieurs associations apportent une aide quotidienne et multiple. Premi\u00e8rement, les \u0153uvres juives telles que <a title=\"L\u2019action de l\u2019Oeuvre de secours aux enfants (OSE)\" href=\"http:\/\/blogs.univ-jfc.fr\/campsdusudouest\/les-camps-et-leur-environnement\/les-humanitaires\/laction-de-loeuvre-de-secours-aux-enfants-ose\/\">l&rsquo;OSE<\/a> se consacrent \u00e0 la prise en charge des besoins mat\u00e9riels et psychologiques \u00e0 l&rsquo;int\u00e9rieur et \u00e0 l&rsquo;ext\u00e9rieur des camps. D&rsquo;un point de vue <a title=\"Les financements des \u0153uvres juives\u00a0\" href=\"http:\/\/blogs.univ-jfc.fr\/campsdusudouest\/les-camps-et-leur-environnement\/les-humanitaires\/les-financements-des-oeuvres-juives\/\">financier<\/a>, elles b\u00e9n\u00e9ficient d&rsquo;un vaste r\u00e9seau de solidarit\u00e9 internationale juive. \u00c0 partir d&rsquo;ao\u00fbt 1942, elles basculent dans <a title=\"L\u2019action clandestine\" href=\"http:\/\/blogs.univ-jfc.fr\/campsdusudouest\/les-camps-et-leur-environnement\/les-humanitaires\/laction-clandestine\/\">l&rsquo;action clandestine<\/a> et organisent la fuite des enfants vers l&rsquo;\u00e9tranger compte tenu de <a title=\"L\u2019UGIF et les rapports entre \u00c9tat et \u0153uvres\" href=\"http:\/\/blogs.univ-jfc.fr\/campsdusudouest\/les-camps-et-leur-environnement\/les-humanitaires\/lugif-et-les-rapports-entre-etat-et-oeuvres\/\">la politique ambigu\u00eb de Vichy <\/a>\u00e0 l&rsquo;\u00e9gard des \u0153uvres juives.<\/p>\n<div id=\"attachment_3824\" style=\"width: 1894px\" class=\"wp-caption aligncenter\"><a href=\"http:\/\/blogs.univ-jfc.fr\/campsdusudouest\/wp-content\/uploads\/sites\/48\/2016\/03\/Humanitaire1.jpg\"><img aria-describedby=\"caption-attachment-3824\" loading=\"lazy\" class=\" wp-image-3824 \" alt=\"Gar\u00e7ons juifs r\u00e9fugi\u00e9s au Home d\u2019enfants de la Maison des Pupilles de la Nation \u00e0 Aspet. Ces enfants arriv\u00e8rent au home gr\u00e2ce aux efforts de l\u2019OSE (\u0152uvre de Secours aux Enfants) et de l\u2019American Friends Service Committee (le Secours Quaker am\u00e9ricain). Aspet, France, vers 1942.\" src=\"http:\/\/blogs.univ-jfc.fr\/campsdusudouest\/wp-content\/uploads\/sites\/48\/2016\/03\/Humanitaire1.jpg\" width=\"1884\" height=\"587\" srcset=\"https:\/\/blogs.univ-jfc.fr\/campsdusudouest\/wp-content\/uploads\/sites\/48\/2016\/03\/Humanitaire1.jpg 2692w, https:\/\/blogs.univ-jfc.fr\/campsdusudouest\/wp-content\/uploads\/sites\/48\/2016\/03\/Humanitaire1-300x93.jpg 300w, https:\/\/blogs.univ-jfc.fr\/campsdusudouest\/wp-content\/uploads\/sites\/48\/2016\/03\/Humanitaire1-1024x319.jpg 1024w, https:\/\/blogs.univ-jfc.fr\/campsdusudouest\/wp-content\/uploads\/sites\/48\/2016\/03\/Humanitaire1-500x155.jpg 500w\" sizes=\"(max-width: 1884px) 100vw, 1884px\" \/><\/a><p id=\"caption-attachment-3824\" class=\"wp-caption-text\">Gar\u00e7ons juifs r\u00e9fugi\u00e9s au Home d\u2019enfants de la Maison des Pupilles de la Nation \u00e0 Aspet. Ces enfants arriv\u00e8rent au home gr\u00e2ce aux efforts de l\u2019OSE (\u0152uvre de Secours aux Enfants) et de l\u2019American Friends Service Committee (le Secours Quaker am\u00e9ricain). Aspet, France, vers 1942.<\/p><\/div>\n<p>&nbsp;<\/p>\n<div id=\"attachment_3805\" style=\"width: 214px\" class=\"wp-caption alignleft\"><a href=\"http:\/\/blogs.univ-jfc.fr\/campsdusudouest\/wp-content\/uploads\/sites\/48\/2016\/03\/La-CIMADE-\u00e0-lentr\u00e9e-des-camps-en-19391.jpg\"><img aria-describedby=\"caption-attachment-3805\" loading=\"lazy\" class=\"size-full wp-image-3805\" alt=\" La CIMADE \u00e0 l\u2019entr\u00e9e des camps en 1939. (Dominique Orieta Tron)\" src=\"http:\/\/blogs.univ-jfc.fr\/campsdusudouest\/wp-content\/uploads\/sites\/48\/2016\/03\/La-CIMADE-\u00e0-lentr\u00e9e-des-camps-en-19391.jpg\" width=\"204\" height=\"48\" \/><\/a><p id=\"caption-attachment-3805\" class=\"wp-caption-text\">La CIMADE \u00e0 l\u2019entr\u00e9e des camps en 1939. (Dominique Orieta Tron)<\/p><\/div>\n<p align=\"justify\">Aussi, l&rsquo;action chr\u00e9tienne, et plus particuli\u00e8rement protestante, se manifeste \u00e0 partir de\u00a01939. L&rsquo;action de la CIMADE est ainsi r\u00e9v\u00e9latrice du tissu associatif chr\u00e9tien, car ses financements furent d\u00e9pendants des autres \u0153uvres tout comme son <a title=\"Cr\u00e9ation et fonctionnement de la CIMADE.\" href=\"http:\/\/blogs.univ-jfc.fr\/campsdusudouest\/les-camps-et-leur-environnement\/les-humanitaires\/creation-et-fonctionnement-de-la-cimade\/\">fonctionnement<\/a>. Aussi, longtemps sans statut, l&rsquo;association a t-elle pu int\u00e9grer la vie <a title=\"Action quotidienne de la CIMADE dans les camps.\" href=\"http:\/\/blogs.univ-jfc.fr\/campsdusudouest\/les-camps-et-leur-environnement\/les-humanitaires\/action-quotidienne-de-la-cimade-dans-les-camps\/\">quotidienne<\/a> des camps afin de pourvoir aux besoins spirituels et moraux des intern\u00e9s. Enfin, celle-ci verse, tout comme les \u0153uvres juives, dans la <a title=\"Des \u00e9quipiers clandestins.\" href=\"http:\/\/blogs.univ-jfc.fr\/campsdusudouest\/les-camps-et-leur-environnement\/les-humanitaires\/des-equipiers-clandestins\/\">r\u00e9sistance<\/a> pour continuer son action.<\/p>\n<div id=\"attachment_3773\" style=\"width: 799px\" class=\"wp-caption aligncenter\"><a href=\"http:\/\/blogs.univ-jfc.fr\/campsdusudouest\/wp-content\/uploads\/sites\/48\/2016\/03\/Sans-titre.png\"><img aria-describedby=\"caption-attachment-3773\" loading=\"lazy\" class=\" wp-image-3773 \" alt=\"La CIMADE \u00e0 l\u2019entr\u00e9e des camps en 1939. (Dominique Orieta Tron)\" src=\"http:\/\/blogs.univ-jfc.fr\/campsdusudouest\/wp-content\/uploads\/sites\/48\/2016\/03\/Sans-titre.png\" width=\"789\" height=\"377\" srcset=\"https:\/\/blogs.univ-jfc.fr\/campsdusudouest\/wp-content\/uploads\/sites\/48\/2016\/03\/Sans-titre.png 986w, https:\/\/blogs.univ-jfc.fr\/campsdusudouest\/wp-content\/uploads\/sites\/48\/2016\/03\/Sans-titre-300x143.png 300w, https:\/\/blogs.univ-jfc.fr\/campsdusudouest\/wp-content\/uploads\/sites\/48\/2016\/03\/Sans-titre-500x238.png 500w\" sizes=\"(max-width: 789px) 100vw, 789px\" \/><\/a><p id=\"caption-attachment-3773\" class=\"wp-caption-text\">La CIMADE \u00e0 l\u2019entr\u00e9e des camps en 1939. (Dominique Orieta Tron)<\/p><\/div>\n<p align=\"justify\">\n","protected":false},"excerpt":{"rendered":"<p>L&rsquo;action humanitaire se concentre dans les nombreux camps de la zone sud en se partageant les diff\u00e9rents modes d&rsquo;action pour que celle-ci soit compl\u00e8te et b\u00e9n\u00e9ficie aux intern\u00e9s. Ainsi, plusieurs associations apportent une aide quotidienne et multiple. Premi\u00e8rement, les \u0153uvres &hellip; <a href=\"https:\/\/blogs.univ-jfc.fr\/campsdusudouest\/les-camps-et-leur-environnement\/les-humanitaires\/\">Lire la suite <span class=\"meta-nav\">&rarr;<\/span><\/a><\/p>\n","protected":false},"author":15,"featured_media":0,"parent":121,"menu_order":0,"comment_status":"closed","ping_status":"open","template":"","meta":[],"_links":{"self":[{"href":"https:\/\/blogs.univ-jfc.fr\/campsdusudouest\/wp-json\/wp\/v2\/pages\/123"}],"collection":[{"href":"https:\/\/blogs.univ-jfc.fr\/campsdusudouest\/wp-json\/wp\/v2\/pages"}],"about":[{"href":"https:\/\/blogs.univ-jfc.fr\/campsdusudouest\/wp-json\/wp\/v2\/types\/page"}],"author":[{"embeddable":true,"href":"https:\/\/blogs.univ-jfc.fr\/campsdusudouest\/wp-json\/wp\/v2\/users\/15"}],"replies":[{"embeddable":true,"href":"https:\/\/blogs.univ-jfc.fr\/campsdusudouest\/wp-json\/wp\/v2\/comments?post=123"}],"version-history":[{"count":18,"href":"https:\/\/blogs.univ-jfc.fr\/campsdusudouest\/wp-json\/wp\/v2\/pages\/123\/revisions"}],"predecessor-version":[{"id":3990,"href":"https:\/\/blogs.univ-jfc.fr\/campsdusudouest\/wp-json\/wp\/v2\/pages\/123\/revisions\/3990"}],"up":[{"embeddable":true,"href":"https:\/\/blogs.univ-jfc.fr\/campsdusudouest\/wp-json\/wp\/v2\/pages\/121"}],"wp:attachment":[{"href":"https:\/\/blogs.univ-jfc.fr\/campsdusudouest\/wp-json\/wp\/v2\/media?parent=123"}],"curies":[{"name":"wp","href":"https:\/\/api.w.org\/{rel}","templated":true}]}}