{"id":125,"date":"2016-01-30T08:41:37","date_gmt":"2016-01-30T07:41:37","guid":{"rendered":"http:\/\/blogs.univ-jfc.fr\/campsdusudouest\/?page_id=125"},"modified":"2016-03-24T08:52:01","modified_gmt":"2016-03-24T07:52:01","slug":"les-camps-et-leur-environnement-local","status":"publish","type":"page","link":"https:\/\/blogs.univ-jfc.fr\/campsdusudouest\/les-camps-et-leur-environnement\/les-camps-et-leur-environnement-local\/","title":{"rendered":"Les camps et leur environnement local"},"content":{"rendered":"<p align=\"JUSTIFY\"><a title=\"Localisation et ravitaillement des camps d\u2019internement\" href=\"http:\/\/blogs.univ-jfc.fr\/campsdusudouest\/les-camps-et-leur-environnement\/les-camps-et-leur-environnement-local\/i-geographie-localisation-et-ravitaillement-des-camps-dinternement\/\">L&#8217;emplacement<\/a> des camps d&rsquo;internement \u00e9tait dict\u00e9 de mani\u00e8re g\u00e9n\u00e9rale par la recherche de l&rsquo;isolement g\u00e9ographique. En effet, ils \u00e9taient situ\u00e9s relativement loin des villes de fa\u00e7on \u00e0 avoir suffisamment d&rsquo;espace disponible et \u00e0 \u00eatre isol\u00e9s de la population. Mais ces camps se pla\u00e7aient aussi dans des zones reli\u00e9es aux r\u00e9seaux de communications : vall\u00e9es, plateaux o\u00f9 le r\u00e9seau routier principal comme les routes nationales \u00e9taient d\u00e9j\u00e0 existantes. De plus les villages poss\u00e9dant une gare ferroviaire \u00e9taient privil\u00e9gi\u00e9s afin de permettre le transport des intern\u00e9s mais aussi du ravitaillement. Celui-ci \u00e9tait essentiel pour le bon fonctionnement du camp et son organisation \u00e9tait compliqu\u00e9e entre autre \u00e0 cause des p\u00e9nuries. Le camp avait un <a title=\"Impact humain et \u00e9conomique du camp sur sa r\u00e9gion\" href=\"http:\/\/blogs.univ-jfc.fr\/campsdusudouest\/les-camps-et-leur-environnement\/les-camps-et-leur-environnement-local\/impact-humain-et-economique-du-camp-sur-sa-region\/\">impact \u00e9conomique<\/a> assez fort sur la r\u00e9gion, son am\u00e9nagement et son entretien n\u00e9cessitaient l&rsquo;intervention d&rsquo;entreprises ext\u00e9rieures souvent locales ou r\u00e9gionales. Il a aussi \u00e9t\u00e9 int\u00e9ressant de se pencher sur l&rsquo;analyse des comportements et mentalit\u00e9s des riverains par rapport \u00e0 l&rsquo;existence de telles infrastructures. Sur ce dernier point et sur l&rsquo;impact \u00e9conomique, nous avons pu consulter plusieurs <a title=\"Iconographie et documents d\u2019archives\" href=\"http:\/\/blogs.univ-jfc.fr\/campsdusudouest\/les-camps-et-leur-environnement\/les-camps-et-leur-environnement-local\/iconographie-et-documents-darchives\/\">documents<\/a> d&rsquo;archives ainsi que recueillir un t\u00e9moignage d&rsquo;un riverain du camp de Brens dans le Tarn.<\/p>\n<div id=\"attachment_2580\" style=\"width: 310px\" class=\"wp-caption aligncenter\"><a href=\"http:\/\/blogs.univ-jfc.fr\/campsdusudouest\/wp-content\/uploads\/sites\/48\/2016\/03\/ob_270f15_vue-aerienne-2.jpg\"><img aria-describedby=\"caption-attachment-2580\" loading=\"lazy\" class=\"size-medium wp-image-2580 \" alt=\"Vue a\u00e9rienne du camp de Gurs\" src=\"http:\/\/blogs.univ-jfc.fr\/campsdusudouest\/wp-content\/uploads\/sites\/48\/2016\/03\/ob_270f15_vue-aerienne-2-300x192.jpg\" width=\"300\" height=\"192\" srcset=\"https:\/\/blogs.univ-jfc.fr\/campsdusudouest\/wp-content\/uploads\/sites\/48\/2016\/03\/ob_270f15_vue-aerienne-2-300x192.jpg 300w, https:\/\/blogs.univ-jfc.fr\/campsdusudouest\/wp-content\/uploads\/sites\/48\/2016\/03\/ob_270f15_vue-aerienne-2-1024x657.jpg 1024w, https:\/\/blogs.univ-jfc.fr\/campsdusudouest\/wp-content\/uploads\/sites\/48\/2016\/03\/ob_270f15_vue-aerienne-2-467x300.jpg 467w, https:\/\/blogs.univ-jfc.fr\/campsdusudouest\/wp-content\/uploads\/sites\/48\/2016\/03\/ob_270f15_vue-aerienne-2.jpg 1090w\" sizes=\"(max-width: 300px) 100vw, 300px\" \/><\/a><p id=\"caption-attachment-2580\" class=\"wp-caption-text\">Vue a\u00e9rienne du camp de Gurs<\/p><\/div>\n","protected":false},"excerpt":{"rendered":"<p>L&#8217;emplacement des camps d&rsquo;internement \u00e9tait dict\u00e9 de mani\u00e8re g\u00e9n\u00e9rale par la recherche de l&rsquo;isolement g\u00e9ographique. En effet, ils \u00e9taient situ\u00e9s relativement loin des villes de fa\u00e7on \u00e0 avoir suffisamment d&rsquo;espace disponible et \u00e0 \u00eatre isol\u00e9s de la population. Mais ces &hellip; <a href=\"https:\/\/blogs.univ-jfc.fr\/campsdusudouest\/les-camps-et-leur-environnement\/les-camps-et-leur-environnement-local\/\">Lire la suite <span class=\"meta-nav\">&rarr;<\/span><\/a><\/p>\n","protected":false},"author":15,"featured_media":0,"parent":121,"menu_order":1,"comment_status":"closed","ping_status":"open","template":"","meta":[],"_links":{"self":[{"href":"https:\/\/blogs.univ-jfc.fr\/campsdusudouest\/wp-json\/wp\/v2\/pages\/125"}],"collection":[{"href":"https:\/\/blogs.univ-jfc.fr\/campsdusudouest\/wp-json\/wp\/v2\/pages"}],"about":[{"href":"https:\/\/blogs.univ-jfc.fr\/campsdusudouest\/wp-json\/wp\/v2\/types\/page"}],"author":[{"embeddable":true,"href":"https:\/\/blogs.univ-jfc.fr\/campsdusudouest\/wp-json\/wp\/v2\/users\/15"}],"replies":[{"embeddable":true,"href":"https:\/\/blogs.univ-jfc.fr\/campsdusudouest\/wp-json\/wp\/v2\/comments?post=125"}],"version-history":[{"count":8,"href":"https:\/\/blogs.univ-jfc.fr\/campsdusudouest\/wp-json\/wp\/v2\/pages\/125\/revisions"}],"predecessor-version":[{"id":2614,"href":"https:\/\/blogs.univ-jfc.fr\/campsdusudouest\/wp-json\/wp\/v2\/pages\/125\/revisions\/2614"}],"up":[{"embeddable":true,"href":"https:\/\/blogs.univ-jfc.fr\/campsdusudouest\/wp-json\/wp\/v2\/pages\/121"}],"wp:attachment":[{"href":"https:\/\/blogs.univ-jfc.fr\/campsdusudouest\/wp-json\/wp\/v2\/media?parent=125"}],"curies":[{"name":"wp","href":"https:\/\/api.w.org\/{rel}","templated":true}]}}