{"id":1375,"date":"2016-03-14T13:48:52","date_gmt":"2016-03-14T12:48:52","guid":{"rendered":"http:\/\/blogs.univ-jfc.fr\/campsdusudouest\/?page_id=1375"},"modified":"2016-04-13T13:21:48","modified_gmt":"2016-04-13T12:21:48","slug":"jean-marie-chaigneau","status":"publish","type":"page","link":"https:\/\/blogs.univ-jfc.fr\/campsdusudouest\/le-role-des-pouvoirs-publics\/le-role-de-letat-et-des-prefectures-dans-la-mise-en-place-des-camps-dinternement-administratif\/les-rares-resistances-prefectorales\/jean-marie-chaigneau\/","title":{"rendered":"Jean-Marie Chaigneau"},"content":{"rendered":"<div id=\"attachment_2593\" style=\"width: 354px\" class=\"wp-caption alignright\"><a href=\"http:\/\/blogs.univ-jfc.fr\/campsdusudouest\/wp-content\/uploads\/sites\/48\/2016\/03\/cartes-postales-anciennes-2-Copie-3.jpg\"><img aria-describedby=\"caption-attachment-2593\" loading=\"lazy\" class=\" wp-image-2593     \" title=\"Carte postale de la pr\u00e9fecture de Nice, \u00e9dition Picard, Nice - R\u00e9gion des Alpes-Maritimes Cote d'Azur.\" alt=\"cartes postales anciennes 2 - Copie (3)\" src=\"http:\/\/blogs.univ-jfc.fr\/campsdusudouest\/wp-content\/uploads\/sites\/48\/2016\/03\/cartes-postales-anciennes-2-Copie-3-300x185.jpg\" width=\"344\" height=\"211\" \/><\/a><p id=\"caption-attachment-2593\" class=\"wp-caption-text\">Jean-Marie Chaigneau s&rsquo;est servi de la pr\u00e9fecture de Nice pour cacher certains juifs en 1943.<\/p><\/div>\n<p style=\"text-align: justify\">Jean-Marie Chaigneau, ancien militaire durant la Grande guerre, est entr\u00e9 dans la politique en 1919 et est devenu pr\u00e9fet des Hautes-Alpes en 1939, puis pr\u00e9fet du Tarn le 15 mai 1940. Il a \u00e9t\u00e9 par la suite pr\u00e9fet d&rsquo;Indre-et-Loire en 1940, de Seine-et-Marne de 1941 \u00e0 1943 et des Alpes-Maritimes en 1943. Jean-Marie Chaigneau a permis d&rsquo;abord la lib\u00e9ration de juifs fran\u00e7ais dans le camp de Monts pr\u00e8s de Tours. Lorsqu&rsquo;il est devenu pr\u00e9fet des Alpes-Maritimes en 1943, il est alors affili\u00e9 \u00e0 une organisation de r\u00e9sistance nomm\u00e9e le Noyautage des Administrations Publiques (NAP). Jean-Marie Chaigneau, en arrivant \u00e0 Nice pour exercer sa magistrature de pr\u00e9fet en 1943, br\u00fbla des dossiers concernant des centaines de familles juives avant l&rsquo;arriv\u00e9e des Allemands. Jean-Marie Chaigneau est all\u00e9 encore plus loin en h\u00e9bergeant plusieurs familles juives dans les appartements de la pr\u00e9fecture de Nice lors de la rafle qui toucha des juifs \u00e0 l&rsquo;automne 1943. Cet exemple illustre bien les r\u00e9sistances clandestines des personnels pr\u00e9fectoraux qui avaient pour principal moyen la destruction de document ou le ralentissement administratif comme ce fut le cas en janvier et f\u00e9vrier 1944 lorsque Jean-Marie Chaigneau freina les \u00e9vacuations massives des juifs et les destructions mat\u00e9rielles que les autorit\u00e9s allemandes avaient envisag\u00e9es. Jean-Marie Chaigneau n&rsquo;a pas \u00e9t\u00e9 le seul pr\u00e9fet r\u00e9sistant sous le r\u00e9gime de Vichy. En effet, le 14 mai 1944 lorsque la Gestapo a arr\u00eat\u00e9 Jean-Marie Chaigneau, c&rsquo;est une dizaine de pr\u00e9fets qui est arr\u00eat\u00e9 pour avoir \u00e9t\u00e9 suspect\u00e9 d&rsquo;avoir appartenu \u00e0 la r\u00e9sistance. D&rsquo;autres ont \u00e9t\u00e9 r\u00e9voqu\u00e9s pour avoir simplement mis en avant leur go\u00fbt pour les id\u00e9es r\u00e9publicaines. C&rsquo;est le cas de 12 pr\u00e9fets qui ont \u00e9t\u00e9 relev\u00e9s d&rsquo;un coup en janvier 1944.<\/p>\n<p style=\"text-align: justify\">Jean-Marie Chaigneau a notamment \u00e9t\u00e9 d\u00e9cor\u00e9 de la L\u00e9gion d&rsquo;honneur.<\/p>\n","protected":false},"excerpt":{"rendered":"<p>Jean-Marie Chaigneau, ancien militaire durant la Grande guerre, est entr\u00e9 dans la politique en 1919 et est devenu pr\u00e9fet des Hautes-Alpes en 1939, puis pr\u00e9fet du Tarn le 15 mai 1940. Il a \u00e9t\u00e9 par la suite pr\u00e9fet d&rsquo;Indre-et-Loire en &hellip; <a href=\"https:\/\/blogs.univ-jfc.fr\/campsdusudouest\/le-role-des-pouvoirs-publics\/le-role-de-letat-et-des-prefectures-dans-la-mise-en-place-des-camps-dinternement-administratif\/les-rares-resistances-prefectorales\/jean-marie-chaigneau\/\">Lire la suite <span class=\"meta-nav\">&rarr;<\/span><\/a><\/p>\n","protected":false},"author":143,"featured_media":0,"parent":556,"menu_order":0,"comment_status":"closed","ping_status":"open","template":"","meta":[],"_links":{"self":[{"href":"https:\/\/blogs.univ-jfc.fr\/campsdusudouest\/wp-json\/wp\/v2\/pages\/1375"}],"collection":[{"href":"https:\/\/blogs.univ-jfc.fr\/campsdusudouest\/wp-json\/wp\/v2\/pages"}],"about":[{"href":"https:\/\/blogs.univ-jfc.fr\/campsdusudouest\/wp-json\/wp\/v2\/types\/page"}],"author":[{"embeddable":true,"href":"https:\/\/blogs.univ-jfc.fr\/campsdusudouest\/wp-json\/wp\/v2\/users\/143"}],"replies":[{"embeddable":true,"href":"https:\/\/blogs.univ-jfc.fr\/campsdusudouest\/wp-json\/wp\/v2\/comments?post=1375"}],"version-history":[{"count":10,"href":"https:\/\/blogs.univ-jfc.fr\/campsdusudouest\/wp-json\/wp\/v2\/pages\/1375\/revisions"}],"predecessor-version":[{"id":1378,"href":"https:\/\/blogs.univ-jfc.fr\/campsdusudouest\/wp-json\/wp\/v2\/pages\/1375\/revisions\/1378"}],"up":[{"embeddable":true,"href":"https:\/\/blogs.univ-jfc.fr\/campsdusudouest\/wp-json\/wp\/v2\/pages\/556"}],"wp:attachment":[{"href":"https:\/\/blogs.univ-jfc.fr\/campsdusudouest\/wp-json\/wp\/v2\/media?parent=1375"}],"curies":[{"name":"wp","href":"https:\/\/api.w.org\/{rel}","templated":true}]}}