{"id":1573,"date":"2016-03-17T09:00:41","date_gmt":"2016-03-17T08:00:41","guid":{"rendered":"http:\/\/blogs.univ-jfc.fr\/campsdusudouest\/?page_id=1573"},"modified":"2016-03-17T09:07:43","modified_gmt":"2016-03-17T08:07:43","slug":"noe-pour-aller-plus-loin","status":"publish","type":"page","link":"https:\/\/blogs.univ-jfc.fr\/campsdusudouest\/noe-pour-aller-plus-loin\/","title":{"rendered":"Les convois vers No\u00e9"},"content":{"rendered":"<p align=\"center\"><span style=\"font-family: Times New Roman,serif\"><span style=\"font-size: medium\"><span style=\"text-decoration: underline\">Tableau r\u00e9capitulatif des convois<\/span><\/span><\/span><\/p>\n<table width=\"100%\" cellspacing=\"0\" cellpadding=\"4\">\n<col width=\"64*\" \/>\n<col width=\"64*\" \/>\n<col width=\"64*\" \/>\n<col width=\"64*\" \/>\n<tbody>\n<tr valign=\"top\">\n<td width=\"25%\">\n<p align=\"center\"><span style=\"font-family: Times New Roman,serif\"><span style=\"font-size: medium\"><b>Num\u00e9ro <\/b><\/span><\/span><\/p>\n<p align=\"center\"><span style=\"font-family: Times New Roman,serif\"><span style=\"font-size: medium\"><b>des convois<\/b><\/span><\/span><\/p>\n<\/td>\n<td width=\"25%\">\n<p align=\"center\"><span style=\"font-family: Times New Roman,serif\"><span style=\"font-size: medium\"><b>Date de leur<\/b><\/span><\/span><\/p>\n<p align=\"center\"><span style=\"font-family: Times New Roman,serif\"><span style=\"font-size: medium\"><b>arriv\u00e9e \u00e0 No\u00e9<\/b><\/span><\/span><\/p>\n<\/td>\n<td width=\"25%\">\n<p align=\"center\"><span style=\"font-family: Times New Roman,serif\"><span style=\"font-size: medium\"><b>Nombre de transf\u00e9r\u00e9s<\/b><\/span><\/span><\/p>\n<\/td>\n<td width=\"25%\">\n<p align=\"center\"><span style=\"font-family: Times New Roman,serif\"><span style=\"font-size: medium\"><b>Provenance<\/b><\/span><\/span><\/p>\n<\/td>\n<\/tr>\n<tr valign=\"top\">\n<td width=\"25%\">\n<p align=\"center\"><span style=\"font-family: Times New Roman,serif\"><span style=\"font-size: medium\">1<\/span><\/span><\/p>\n<\/td>\n<td width=\"25%\">\n<p align=\"center\"><span style=\"font-family: Times New Roman,serif\"><span style=\"font-size: medium\">17\/02\/1941<\/span><\/span><\/p>\n<\/td>\n<td width=\"25%\">\n<p align=\"center\"><span style=\"font-family: Times New Roman,serif\"><span style=\"font-size: medium\">400<\/span><\/span><\/p>\n<\/td>\n<td width=\"25%\">\n<p align=\"center\"><span style=\"font-family: Times New Roman,serif\"><span style=\"font-size: medium\">Agde<\/span><\/span><\/p>\n<\/td>\n<\/tr>\n<tr valign=\"top\">\n<td width=\"25%\">\n<p align=\"center\"><span style=\"font-family: Times New Roman,serif\"><span style=\"font-size: medium\">2<\/span><\/span><\/p>\n<\/td>\n<td width=\"25%\">\n<p align=\"center\"><span style=\"font-family: Times New Roman,serif\"><span style=\"font-size: medium\">18\/02\/1941<\/span><\/span><\/p>\n<\/td>\n<td width=\"25%\">\n<p align=\"center\"><span style=\"font-family: Times New Roman,serif\"><span style=\"font-size: medium\">40<\/span><\/span><\/p>\n<\/td>\n<td width=\"25%\">\n<p align=\"center\"><span style=\"font-family: Times New Roman,serif\"><span style=\"font-size: medium\">Brens<\/span><\/span><\/p>\n<\/td>\n<\/tr>\n<tr valign=\"top\">\n<td width=\"25%\">\n<p align=\"center\"><span style=\"font-family: Times New Roman,serif\"><span style=\"font-size: medium\">3<\/span><\/span><\/p>\n<\/td>\n<td width=\"25%\">\n<p align=\"center\"><span style=\"font-family: Times New Roman,serif\"><span style=\"font-size: medium\">19\/02\/1941<\/span><\/span><\/p>\n<\/td>\n<td width=\"25%\">\n<p align=\"center\"><span style=\"font-family: Times New Roman,serif\"><span style=\"font-size: medium\">20<\/span><\/span><\/p>\n<\/td>\n<td width=\"25%\">\n<p align=\"center\"><span style=\"font-family: Times New Roman,serif\"><span style=\"font-size: medium\">Mont\u00e9limar<\/span><\/span><\/p>\n<\/td>\n<\/tr>\n<tr valign=\"top\">\n<td width=\"25%\">\n<p align=\"center\"><span style=\"font-family: Times New Roman,serif\"><span style=\"font-size: medium\">4<\/span><\/span><\/p>\n<\/td>\n<td width=\"25%\">\n<p align=\"center\"><span style=\"font-family: Times New Roman,serif\"><span style=\"font-size: medium\">21\/02\/1941<\/span><\/span><\/p>\n<\/td>\n<td width=\"25%\">\n<p align=\"center\"><span style=\"font-family: Times New Roman,serif\"><span style=\"font-size: medium\">300<\/span><\/span><\/p>\n<\/td>\n<td width=\"25%\">\n<p align=\"center\"><span style=\"font-family: Times New Roman,serif\"><span style=\"font-size: medium\">Gurs<\/span><\/span><\/p>\n<\/td>\n<\/tr>\n<tr valign=\"top\">\n<td width=\"25%\">\n<p align=\"center\"><span style=\"font-family: Times New Roman,serif\"><span style=\"font-size: medium\">5<\/span><\/span><\/p>\n<\/td>\n<td width=\"25%\">\n<p align=\"center\"><span style=\"font-family: Times New Roman,serif\"><span style=\"font-size: medium\">25\/02\/1941<\/span><\/span><\/p>\n<\/td>\n<td width=\"25%\">\n<p align=\"center\"><span style=\"font-family: Times New Roman,serif\"><span style=\"font-size: medium\">500<\/span><\/span><\/p>\n<\/td>\n<td width=\"25%\">\n<p align=\"center\"><span style=\"font-family: Times New Roman,serif\"><span style=\"font-size: medium\">Argel\u00e8s<\/span><\/span><\/p>\n<\/td>\n<\/tr>\n<tr valign=\"top\">\n<td width=\"25%\">\n<p align=\"center\"><span style=\"font-family: Times New Roman,serif\"><span style=\"font-size: medium\">6<\/span><\/span><\/p>\n<\/td>\n<td width=\"25%\">\n<p align=\"center\"><span style=\"font-family: Times New Roman,serif\"><span style=\"font-size: medium\">28\/02\/1941<\/span><\/span><\/p>\n<\/td>\n<td width=\"25%\">\n<p align=\"center\"><span style=\"font-family: Times New Roman,serif\"><span style=\"font-size: medium\">300<\/span><\/span><\/p>\n<\/td>\n<td width=\"25%\">\n<p align=\"center\"><span style=\"font-family: Times New Roman,serif\"><span style=\"font-size: medium\">Gurs<\/span><\/span><\/p>\n<\/td>\n<\/tr>\n<\/tbody>\n<\/table>\n<p align=\"center\">\n","protected":false},"excerpt":{"rendered":"<p>Tableau r\u00e9capitulatif des convois Num\u00e9ro des convois Date de leur arriv\u00e9e \u00e0 No\u00e9 Nombre de transf\u00e9r\u00e9s Provenance 1 17\/02\/1941 400 Agde 2 18\/02\/1941 40 Brens 3 19\/02\/1941 20 Mont\u00e9limar 4 21\/02\/1941 300 Gurs 5 25\/02\/1941 500 Argel\u00e8s 6 28\/02\/1941 300 &hellip; <a href=\"https:\/\/blogs.univ-jfc.fr\/campsdusudouest\/noe-pour-aller-plus-loin\/\">Lire la suite <span class=\"meta-nav\">&rarr;<\/span><\/a><\/p>\n","protected":false},"author":158,"featured_media":0,"parent":0,"menu_order":0,"comment_status":"closed","ping_status":"open","template":"","meta":[],"_links":{"self":[{"href":"https:\/\/blogs.univ-jfc.fr\/campsdusudouest\/wp-json\/wp\/v2\/pages\/1573"}],"collection":[{"href":"https:\/\/blogs.univ-jfc.fr\/campsdusudouest\/wp-json\/wp\/v2\/pages"}],"about":[{"href":"https:\/\/blogs.univ-jfc.fr\/campsdusudouest\/wp-json\/wp\/v2\/types\/page"}],"author":[{"embeddable":true,"href":"https:\/\/blogs.univ-jfc.fr\/campsdusudouest\/wp-json\/wp\/v2\/users\/158"}],"replies":[{"embeddable":true,"href":"https:\/\/blogs.univ-jfc.fr\/campsdusudouest\/wp-json\/wp\/v2\/comments?post=1573"}],"version-history":[{"count":4,"href":"https:\/\/blogs.univ-jfc.fr\/campsdusudouest\/wp-json\/wp\/v2\/pages\/1573\/revisions"}],"predecessor-version":[{"id":1649,"href":"https:\/\/blogs.univ-jfc.fr\/campsdusudouest\/wp-json\/wp\/v2\/pages\/1573\/revisions\/1649"}],"wp:attachment":[{"href":"https:\/\/blogs.univ-jfc.fr\/campsdusudouest\/wp-json\/wp\/v2\/media?parent=1573"}],"curies":[{"name":"wp","href":"https:\/\/api.w.org\/{rel}","templated":true}]}}