{"id":1806,"date":"2016-03-17T09:34:45","date_gmt":"2016-03-17T08:34:45","guid":{"rendered":"http:\/\/blogs.univ-jfc.fr\/campsdusudouest\/?page_id=1806"},"modified":"2016-04-12T17:58:29","modified_gmt":"2016-04-12T16:58:29","slug":"impact-humain-et-economique-du-camp-sur-sa-region","status":"publish","type":"page","link":"https:\/\/blogs.univ-jfc.fr\/campsdusudouest\/les-camps-et-leur-environnement\/les-camps-et-leur-environnement-local\/impact-humain-et-economique-du-camp-sur-sa-region\/","title":{"rendered":"Impact humain et \u00e9conomique du camp sur sa r\u00e9gion"},"content":{"rendered":"<p align=\"JUSTIFY\">Le camp d&rsquo;internement et son environnement local ont constitu\u00e9 deux mondes en communication. \u00c9tant situ\u00e9s de mani\u00e8re syst\u00e9matique pr\u00e8s d&rsquo;un axe de circulation majeur de la r\u00e9gion, ville ou village, les habitants \u00e9taient en contact quotidien avec les intern\u00e9s. Les riverains pouvaient voir ou entendre ce qui se passait \u00e0 l&rsquo;int\u00e9rieur de ces lieux et en faisait un sujet de discussion visiblement in\u00e9vitable. Ils connaissaient le \u00ab\u00a0type\u00a0\u00bb d&rsquo;intern\u00e9s, hommes, femmes, \u00e9trangers et cela influen\u00e7ait leur vision et leur rapport au camp. A Brens, les pensionnaires du camp \u00e9taient des femmes et des enfants de diverses origines, ce qui \u00ab\u00a0g\u00eanait\u00a0\u00bb les riverains. Bien que rarement consult\u00e9e avant l&rsquo;\u00e9tablissement de telles installations, une partie de la population locale approuvait cet internement arbitraire. On peut trouver l&rsquo;origine de cette opinion dans le <a title=\"Nationalisme, x\u00e9nophobie et antis\u00e9mitisme\" href=\"http:\/\/blogs.univ-jfc.fr\/campsdusudouest\/la-france-de-lentre-deux-guerres-et-de-vichy\/nationalisme-xenophobie-et-antisemitisme\/\">contexte politique<\/a> de l&rsquo;\u00e9poque dans le Sud-Ouest de la France, dirig\u00e9 par le r\u00e9gime de Vichy, puis sous l&rsquo;occupation apr\u00e8s l&rsquo;invasion de la zone \u00ab\u00a0libre\u00a0\u00bb en novembre 1942 par les arm\u00e9es <span style=\"color: #000000\">allemandes.<\/span><\/p>\n<p align=\"JUSTIFY\">L&rsquo;autre source importante de contact entre le camp et son environnement local est l&rsquo;activit\u00e9 \u00e9conomique. Pour d\u00e9montrer cette affirmation, nous avons utilis\u00e9 les sources mises \u00e0 notre disposition. Il s&rsquo;agit de plusieurs documents d&rsquo;archives sur la comptabilit\u00e9 du camp de Brens ainsi qu&rsquo;un <span style=\"color: #000000\"><a title=\"T\u00e9moignage\" href=\"http:\/\/blogs.univ-jfc.fr\/campsdusudouest\/les-camps-et-leur-environnement\/les-camps-et-leur-environnement-local\/iconographie-et-documents-darchives\/temoignage\/\">t\u00e9moignage<\/a><\/span>. Dans ce camp, lors des grands travaux agricoles (r\u00e9coltes, semis&#8230;), des intern\u00e9es allaient assister les agriculteurs locaux\u00a0qui manquaient souvent de main-d\u2019\u0153uvre ; comme notre t\u00e9moin nous l&rsquo;a indiqu\u00e9. Ces sorties \u00e9taient, bien entendu, toujours suivies par des gardiens du camp. Ce personnel, si essentiel au fonctionnement de ce syst\u00e8me, \u00e9tait en grande partie recrut\u00e9 dans les environs. D&rsquo;autres opportunit\u00e9s \u00e9taient propos\u00e9es aux riverains qui refusaient rarement un gain d&rsquo;argent ou de nourriture dans ces temps de restrictions. En effet, notre t\u00e9moin s&rsquo;est vu propos\u00e9 un travail de surveillance nocturne des voies de chemin de fer sur une dizaines de kilom\u00e8tres pour emp\u00eacher toute action de la R\u00e9sistance assez pr\u00e9sente dans le d\u00e9partement. Il y avait deux mouvements assez importants, celui de la Montagne Noire et celui de la for\u00eat de Gr\u00e9signe. On trouvait d&rsquo;autres preuves de sorties d&rsquo;intern\u00e9es, entre autres dans les cahiers o\u00f9 \u00e9taient retranscrits les frais de d\u00e9placement du camp. Ainsi, des intern\u00e9es avaient l&rsquo;occasion de quitter les murs du camp pour des visites m\u00e9dicales \u00e0 Albi.<\/p>\n<p align=\"JUSTIFY\">Ces prisons, constituant plusieurs centaines voire plusieurs milliers d&rsquo;intern\u00e9s, constituaient un impact \u00e9conomique incontestable sur la r\u00e9gion o\u00f9 elles \u00e9taient implant\u00e9es. Comme en t\u00e9moignent les nombreux devis et autres frais pour l&rsquo;am\u00e9nagement du camp de Brens retrouv\u00e9s dans les archives de la comptabilit\u00e9. Les entreprises locales et r\u00e9gionales participaient \u00e0 toutes sortes de travaux, de la simple ma\u00e7onnerie \u00e0 l&rsquo;ameublement.<\/p>\n","protected":false},"excerpt":{"rendered":"<p>Le camp d&rsquo;internement et son environnement local ont constitu\u00e9 deux mondes en communication. \u00c9tant situ\u00e9s de mani\u00e8re syst\u00e9matique pr\u00e8s d&rsquo;un axe de circulation majeur de la r\u00e9gion, ville ou village, les habitants \u00e9taient en contact quotidien avec les intern\u00e9s. Les &hellip; <a href=\"https:\/\/blogs.univ-jfc.fr\/campsdusudouest\/les-camps-et-leur-environnement\/les-camps-et-leur-environnement-local\/impact-humain-et-economique-du-camp-sur-sa-region\/\">Lire la suite <span class=\"meta-nav\">&rarr;<\/span><\/a><\/p>\n","protected":false},"author":188,"featured_media":0,"parent":125,"menu_order":0,"comment_status":"closed","ping_status":"open","template":"","meta":[],"_links":{"self":[{"href":"https:\/\/blogs.univ-jfc.fr\/campsdusudouest\/wp-json\/wp\/v2\/pages\/1806"}],"collection":[{"href":"https:\/\/blogs.univ-jfc.fr\/campsdusudouest\/wp-json\/wp\/v2\/pages"}],"about":[{"href":"https:\/\/blogs.univ-jfc.fr\/campsdusudouest\/wp-json\/wp\/v2\/types\/page"}],"author":[{"embeddable":true,"href":"https:\/\/blogs.univ-jfc.fr\/campsdusudouest\/wp-json\/wp\/v2\/users\/188"}],"replies":[{"embeddable":true,"href":"https:\/\/blogs.univ-jfc.fr\/campsdusudouest\/wp-json\/wp\/v2\/comments?post=1806"}],"version-history":[{"count":12,"href":"https:\/\/blogs.univ-jfc.fr\/campsdusudouest\/wp-json\/wp\/v2\/pages\/1806\/revisions"}],"predecessor-version":[{"id":4479,"href":"https:\/\/blogs.univ-jfc.fr\/campsdusudouest\/wp-json\/wp\/v2\/pages\/1806\/revisions\/4479"}],"up":[{"embeddable":true,"href":"https:\/\/blogs.univ-jfc.fr\/campsdusudouest\/wp-json\/wp\/v2\/pages\/125"}],"wp:attachment":[{"href":"https:\/\/blogs.univ-jfc.fr\/campsdusudouest\/wp-json\/wp\/v2\/media?parent=1806"}],"curies":[{"name":"wp","href":"https:\/\/api.w.org\/{rel}","templated":true}]}}