{"id":1883,"date":"2016-03-17T10:03:36","date_gmt":"2016-03-17T09:03:36","guid":{"rendered":"http:\/\/blogs.univ-jfc.fr\/campsdusudouest\/?page_id=1883"},"modified":"2016-05-02T13:35:36","modified_gmt":"2016-05-02T12:35:36","slug":"lengrenage-des-camps-dans-la-seconde-guerre-mondiale","status":"publish","type":"page","link":"https:\/\/blogs.univ-jfc.fr\/campsdusudouest\/le-phenomene-concentrationnaire\/les-camps-dinternement-de-1919-a-1945\/le-phenomene-concentrationaire-pendant-lentre-deux-guerres\/lengrenage-des-camps-dans-la-seconde-guerre-mondiale\/","title":{"rendered":"L\u2019engrenage des camps dans la Seconde Guerre mondiale"},"content":{"rendered":"<p align=\"justify\"><a title=\"Le ph\u00e9nom\u00e8ne concentrationnaire pendant l\u2019entre-deux guerres\" href=\"http:\/\/blogs.univ-jfc.fr\/campsdusudouest\/le-phenomene-concentrationnaire\/les-camps-dinternement-de-1919-a-1945\/le-phenomene-concentrationaire-pendant-lentre-deux-guerres\/\">&#8230; Page pr\u00e9c\u00e9dente<\/a><\/p>\n<p align=\"justify\"><span style=\"font-family: Arial,sans-serif\"><em>\u00a0\u00a0\u00a0\u00a0\u00a0\u00a0\u00a0\u00a0\u00a0 Camps des d\u00e9mocraties<\/em><\/span><\/p>\n<p lang=\"fr-FR\" align=\"justify\"><span style=\"font-family: Arial,sans-serif\"><a href=\"http:\/\/blogs.univ-jfc.fr\/campsdusudouest\/wp-content\/uploads\/sites\/48\/2016\/03\/II-A.png\"><img loading=\"lazy\" class=\"size-medium wp-image-1940 alignleft\" title=\"Principaux camps fran\u00e7ais entre 1939 et 1944.  Source : KOTEK J. RIGOULOT P., Le si\u00e8cle des camps : d\u00e9tention, concentration, extermination : cent ans de mal radical, Paris, JC Latt\u00e8s, 2000, 805 p.\" alt=\"\" src=\"http:\/\/blogs.univ-jfc.fr\/campsdusudouest\/wp-content\/uploads\/sites\/48\/2016\/03\/II-A-187x300.png\" width=\"187\" height=\"300\" srcset=\"https:\/\/blogs.univ-jfc.fr\/campsdusudouest\/wp-content\/uploads\/sites\/48\/2016\/03\/II-A-187x300.png 187w, https:\/\/blogs.univ-jfc.fr\/campsdusudouest\/wp-content\/uploads\/sites\/48\/2016\/03\/II-A.png 536w\" sizes=\"(max-width: 187px) 100vw, 187px\" \/><\/a>En 1939, la France entre en guerre des r\u00e9fugi\u00e9s allemands et autrichiens d\u00e8s septembre 1939, et des italiens d\u00e8s juin 1940 sont arr\u00eat\u00e9s. M\u00eame les russes sont arr\u00eat\u00e9s \u00e0 partir de juin.\u00a0 A partir du 13 mai 1940, les r\u00e9fugi\u00e9s allemands sont oblig\u00e9s de se rendre dans des endroits de rassemblement. La police fran\u00e7aise rassemble alors tous les ressortissants allemands \u00e2g\u00e9s de 17 \u00e0 55 ans sans tenir compte de l&rsquo;id\u00e9ologie antifasciste que manifestent plusieurs r\u00e9fugi\u00e9s, ils doivent alors se rendre au stade Buffalo. On applique la m\u00eame mesure aux femmes c\u00e9libataires, sans enfants et \u00e2g\u00e9es entre 17 et 65 ans le 17 mai 1940. Elles, doivent se rendre au V\u00e9lodrome d&rsquo;Hiver. Ainsi se retrouvent dans les camps des r\u00e9fugi\u00e9s politiques, des citoyens allemands ou autrichiens, des juifs et quelques espagnols. On arrive environ \u00e0 une centaine de camps. Les \u00ab\u00a0sujets ennemis \u00bb (r\u00e9fugi\u00e9s allemands) sont parqu\u00e9s en province puis, face \u00e0 l&rsquo;avanc\u00e9 des allemands, ils sont transf\u00e9r\u00e9s dans les camps du sud de la France qui se vident progressivement des espagnols. C&rsquo;est ainsi qu&rsquo;en mai 1940, sont transf\u00e9r\u00e9s 2\u00a0364 femmes \u00e0 Gurs; au mois de juin on en compte 63\u00a0056.\u00a0 A partir de l&rsquo;\u00e9t\u00e9 1940, le nombre d&rsquo;intern\u00e9s diminue, car, avec la signature de l&rsquo;armistice, on livre les opposants au r\u00e9gime d&rsquo;Hitler qui s&rsquo;\u00e9taient r\u00e9fugi\u00e9 en France \u00e0 l&rsquo;Allemagne.<\/span><\/p>\n<p lang=\"fr-FR\" align=\"justify\"><span style=\"font-family: Arial,sans-serif\">A partir de l&rsquo;automne 1940, la France est divis\u00e9e en deux. Les camps d&rsquo;internement ne d\u00e9pendent plus du minist\u00e8re de la d\u00e9fense et de la guerre mais du minist\u00e8re de l&rsquo;int\u00e9rieur, gouvernement de Vichy. On accorde alors \u00e0 la police de nouveaux moyens pour surveiller les camps. Les intern\u00e9s doivent \u00eatre r\u00e9partis en trois classes\u00a0: les dangereux seront plac\u00e9s au camp du Vernet, ceux \u00e0 surveiller au camps de Gurs et les plus calmes \u00e0 Argel\u00e8s. A partir du 4 octobre 1940, la publication d&rsquo;une loi par les pr\u00e9fets et sous l&rsquo;influence des nazis permet l&rsquo;internement de plus de personnes. C&rsquo;est en 1942 que la situation des juifs de la zone occup\u00e9e et de la zone libre change radicalement, avec la mise en place de la solution finale. Le r\u00e9gime de Vichy fait une distinction entre les juifs fran\u00e7ais et \u00e9trangers\u00a0; ce sont d&rsquo;abord les juifs \u00e9trangers qui sont livr\u00e9s aux allemands- puis les juifs fran\u00e7ais qui sont livr\u00e9s et d\u00e9port\u00e9s \u00e0 leur tour. La d\u00e9portation est organis\u00e9e par les pr\u00e9fets et les chefs de police. On fait m\u00eame parfois appel \u00e0 des habitants qui sont r\u00e9mun\u00e9r\u00e9s de 8 \u00e0 12 francs pour proc\u00e9der aux fouilles comme le 7 ao\u00fbt pour un d\u00e9part de Pithiviers.<\/span><\/p>\n<p lang=\"fr-FR\" align=\"justify\"><span style=\"font-family: Arial,sans-serif\">Durant la guerre les camps commencent \u00e0 s\u2019exporter outre Atlantique. Le 7 d\u00e9cembre 1941 l&rsquo;attaque de Pearl Harbor, entra\u00eene l&rsquo;entr\u00e9e en guerre des am\u00e9ricains, suivie de la mise en place de camp de concentration par les \u00c9tats Unis. Le FBI dresse, plusieurs mois avant cette entr\u00e9e en guerre, des listes des personnes qui pourraient \u00eatre des ennemis pour la nation\u00a0: des Allemands, des Italiens et des Japonais. Les personnes arr\u00eat\u00e9es, 2600 en f\u00e9vrier 1942, sont le plus souvent des leaders de la communaut\u00e9 japonaise. Ils sont envoy\u00e9s dans des camps dis de r\u00e9installation. Dans l&rsquo;administration et l&rsquo;arm\u00e9e, les japonais sont mis \u00e0 des taches peu importantes et parfois m\u00eame renvoy\u00e9s.<\/span><\/p>\n<p lang=\"fr-FR\" align=\"justify\"><span style=\"font-family: Arial,sans-serif\">En janvier 1942, le pays conna\u00eet de nombreux changements\u00a0; des zones interdites ou ayant un r\u00e8glement sp\u00e9cial pour les ennemis suspect\u00e9s sont cr\u00e9\u00e9es, puis un couvre-feu est mis en place et enfin une limitation de leurs d\u00e9placements \u00e0 8 kilom\u00e8tres de leur domicile<a href=\"#sdfootnote1sym\" name=\"sdfootnote1anc\"><sup>1<\/sup><\/a>. Les banques liquident les comptes des japonais et le minist\u00e8re de l&rsquo;agriculture confisque leurs terres.<\/span><\/p>\n<p lang=\"fr-FR\" align=\"justify\"><span style=\"font-family: Arial,sans-serif\">L&rsquo;internement se passe en plusieurs \u00e9tapes\u00a0; il y a dans un premier temps l&rsquo;envoi dans des centres de rassemblements, puis une minorit\u00e9 va aller dans des camps d&rsquo;internement. Les autres vont dans des camps de transit. Les conditions de vie dans ces camps ne sont pas tr\u00e8s bonnes (manque sanitaire, absence d&rsquo;\u00e9lectricit\u00e9) mais incomparables avec ce qui se trouve en Europe au m\u00eame moment. Ces camps sont de v\u00e9ritables villes\u00a0; on y trouve une poste, un h\u00f4pital, des pompiers, une biblioth\u00e8que et de nombreux autres \u00e9tablissements. Sur place, on peut faire des travaux (am\u00e9nagements, conduite d&rsquo;eau) qui sont r\u00e9mun\u00e9r\u00e9s. Bien que cela soit compliqu\u00e9 \u00e0 organiser, les d\u00e9tenus peuvent \u00e9galement recevoir des visites.<\/span><\/p>\n<p lang=\"fr-FR\" align=\"justify\"><span style=\"font-family: Arial,sans-serif\">Par la suite, les japonais sont envoy\u00e9s dans des centres de r\u00e9installation. C&rsquo;est plus de 120\u00a0000 personnes qui sont concern\u00e9es. Le premier de ces camps est le camp de Manzanar, ensuite neufs autres camps vont \u00eatre construits selon son mod\u00e8le, c&rsquo;est \u00e0 dire une infrastructure sommaire, des fils barbel\u00e9s et des miradors. Les autres camps sont Amache, Gila River, Poston, qui sont construits dans l&rsquo;ouest des \u00c9tats-Unis<a href=\"#sdfootnote2sym\" name=\"sdfootnote2anc\"><sup>2<\/sup><\/a>. Ce sont bien des camps de concentration, cependant les conditions de vie n&rsquo;ont rien \u00e0 voir avec celles camps nazis ou sovi\u00e9tiques car il ne s&rsquo;agit pas de punir mais de surveiller. <\/span><\/p>\n<p lang=\"fr-FR\" style=\"text-align: left\" align=\"justify\"><a title=\"L\u2019engrenage des camps dans la Seconde Guerre mondiale\u00a0(suite)\" href=\"http:\/\/blogs.univ-jfc.fr\/campsdusudouest\/le-phenomene-concentrationnaire\/les-camps-dinternement-de-1919-a-1945\/le-phenomene-concentrationaire-pendant-lentre-deux-guerres\/lengrenage-des-camps-dans-la-seconde-guerre-mondiale\/lengrenage-des-camps-dans-la-seconde-guerre-mondiale-suite\/\">Lire la suite &#8230;<\/a><\/p>\n<p lang=\"fr-FR\" style=\"text-align: center\" align=\"justify\">__________<\/p>\n<div id=\"sdfootnote1\">\n<p lang=\"fr-FR\"><span style=\"font-family: Calibri,serif\"><span style=\"font-size: small\"><a href=\"#sdfootnote1anc\" name=\"sdfootnote1sym\">1<\/a>: <\/span><\/span><span style=\"font-family: Times New Roman,serif\"><span style=\"font-size: small\">KOTEK J. RIGOULOT P. <\/span><\/span><span style=\"font-family: Times New Roman,serif\"><span style=\"font-size: small\"><i>Le si\u00e8cle des camps : d\u00e9tention, concentration, extermination : cent ans de mal radical,<\/i><\/span><\/span><span style=\"font-family: Times New Roman,serif\"><span style=\"font-size: small\"> Paris, JC Latt\u00e8s, 2000, <\/span><\/span><span style=\"font-family: Calibri,serif\"><span style=\"font-size: small\">p. 476<\/span><\/span><\/p>\n<\/div>\n<div id=\"sdfootnote2\">\n<p lang=\"fr-FR\"><span style=\"font-family: Calibri,serif\"><span style=\"font-size: small\"><a href=\"#sdfootnote2anc\" name=\"sdfootnote2sym\">2<\/a>: <em>Ibid<\/em>., p. 479<\/span><\/span><\/p>\n<\/div>\n<p lang=\"fr-FR\" align=\"justify\"><span style=\"font-family: Arial,sans-serif\">\u00a0<\/span><\/p>\n","protected":false},"excerpt":{"rendered":"<p>&#8230; Page pr\u00e9c\u00e9dente \u00a0\u00a0\u00a0\u00a0\u00a0\u00a0\u00a0\u00a0\u00a0 Camps des d\u00e9mocraties En 1939, la France entre en guerre des r\u00e9fugi\u00e9s allemands et autrichiens d\u00e8s septembre 1939, et des italiens d\u00e8s juin 1940 sont arr\u00eat\u00e9s. M\u00eame les russes sont arr\u00eat\u00e9s \u00e0 partir de juin.\u00a0 A &hellip; <a href=\"https:\/\/blogs.univ-jfc.fr\/campsdusudouest\/le-phenomene-concentrationnaire\/les-camps-dinternement-de-1919-a-1945\/le-phenomene-concentrationaire-pendant-lentre-deux-guerres\/lengrenage-des-camps-dans-la-seconde-guerre-mondiale\/\">Lire la suite <span class=\"meta-nav\">&rarr;<\/span><\/a><\/p>\n","protected":false},"author":132,"featured_media":0,"parent":1601,"menu_order":0,"comment_status":"closed","ping_status":"open","template":"","meta":[],"_links":{"self":[{"href":"https:\/\/blogs.univ-jfc.fr\/campsdusudouest\/wp-json\/wp\/v2\/pages\/1883"}],"collection":[{"href":"https:\/\/blogs.univ-jfc.fr\/campsdusudouest\/wp-json\/wp\/v2\/pages"}],"about":[{"href":"https:\/\/blogs.univ-jfc.fr\/campsdusudouest\/wp-json\/wp\/v2\/types\/page"}],"author":[{"embeddable":true,"href":"https:\/\/blogs.univ-jfc.fr\/campsdusudouest\/wp-json\/wp\/v2\/users\/132"}],"replies":[{"embeddable":true,"href":"https:\/\/blogs.univ-jfc.fr\/campsdusudouest\/wp-json\/wp\/v2\/comments?post=1883"}],"version-history":[{"count":16,"href":"https:\/\/blogs.univ-jfc.fr\/campsdusudouest\/wp-json\/wp\/v2\/pages\/1883\/revisions"}],"predecessor-version":[{"id":4582,"href":"https:\/\/blogs.univ-jfc.fr\/campsdusudouest\/wp-json\/wp\/v2\/pages\/1883\/revisions\/4582"}],"up":[{"embeddable":true,"href":"https:\/\/blogs.univ-jfc.fr\/campsdusudouest\/wp-json\/wp\/v2\/pages\/1601"}],"wp:attachment":[{"href":"https:\/\/blogs.univ-jfc.fr\/campsdusudouest\/wp-json\/wp\/v2\/media?parent=1883"}],"curies":[{"name":"wp","href":"https:\/\/api.w.org\/{rel}","templated":true}]}}

<p align="justify"><a title="Le phénomène concentrationnaire pendant l’entre-deux guerres" href="http://blogs.univ-jfc.fr/campsdusudouest/le-phenomene-concentrationnaire/les-camps-dinternement-de-1919-a-1945/le-phenomene-concentrationaire-pendant-lentre-deux-guerres/">&#8230; Page précédente</a></p>
<p align="justify"><span style="font-family: Arial,sans-serif"><em>          Camps des démocraties</em></span></p>
<p lang="fr-FR" align="justify"><span style="font-family: Arial,sans-serif"><a href="http://blogs.univ-jfc.fr/campsdusudouest/wp-content/uploads/sites/48/2016/03/II-A.png"><img loading="lazy" class="size-medium wp-image-1940 alignleft" title="Principaux camps français entre 1939 et 1944.  Source : KOTEK J. RIGOULOT P., Le siècle des camps : détention, concentration, extermination : cent ans de mal radical, Paris, JC Lattès, 2000, 805 p." alt="" src="http://blogs.univ-jfc.fr/campsdusudouest/wp-content/uploads/sites/48/2016/03/II-A-187x300.png" width="187" height="300" srcset="https://blogs.univ-jfc.fr/campsdusudouest/wp-content/uploads/sites/48/2016/03/II-A-187x300.png 187w, https://blogs.univ-jfc.fr/campsdusudouest/wp-content/uploads/sites/48/2016/03/II-A.png 536w" sizes="(max-width: 187px) 100vw, 187px" /></a>En 1939, la France entre en guerre des réfugiés allemands et autrichiens dès septembre 1939, et des italiens dès juin 1940 sont arrêtés. Même les russes sont arrêtés à partir de juin.  A partir du 13 mai 1940, les réfugiés allemands sont obligés de se rendre dans des endroits de rassemblement. La police française rassemble alors tous les ressortissants allemands âgés de 17 à 55 ans sans tenir compte de l&rsquo;idéologie antifasciste que manifestent plusieurs réfugiés, ils doivent alors se rendre au stade Buffalo. On applique la même mesure aux femmes célibataires, sans enfants et âgées entre 17 et 65 ans le 17 mai 1940. Elles, doivent se rendre au Vélodrome d&rsquo;Hiver. Ainsi se retrouvent dans les camps des réfugiés politiques, des citoyens allemands ou autrichiens, des juifs et quelques espagnols. On arrive environ à une centaine de camps. Les « sujets ennemis » (réfugiés allemands) sont parqués en province puis, face à l&rsquo;avancé des allemands, ils sont transférés dans les camps du sud de la France qui se vident progressivement des espagnols. C&rsquo;est ainsi qu&rsquo;en mai 1940, sont transférés 2 364 femmes à Gurs; au mois de juin on en compte 63 056.  A partir de l&rsquo;été 1940, le nombre d&rsquo;internés diminue, car, avec la signature de l&rsquo;armistice, on livre les opposants au régime d&rsquo;Hitler qui s&rsquo;étaient réfugié en France à l&rsquo;Allemagne.</span></p>
<p lang="fr-FR" align="justify"><span style="font-family: Arial,sans-serif">A partir de l&rsquo;automne 1940, la France est divisée en deux. Les camps d&rsquo;internement ne dépendent plus du ministère de la défense et de la guerre mais du ministère de l&rsquo;intérieur, gouvernement de Vichy. On accorde alors à la police de nouveaux moyens pour surveiller les camps. Les internés doivent être répartis en trois classes : les dangereux seront placés au camp du Vernet, ceux à surveiller au camps de Gurs et les plus calmes à Argelès. A partir du 4 octobre 1940, la publication d&rsquo;une loi par les préfets et sous l&rsquo;influence des nazis permet l&rsquo;internement de plus de personnes. C&rsquo;est en 1942 que la situation des juifs de la zone occupée et de la zone libre change radicalement, avec la mise en place de la solution finale. Le régime de Vichy fait une distinction entre les juifs français et étrangers ; ce sont d&rsquo;abord les juifs étrangers qui sont livrés aux allemands- puis les juifs français qui sont livrés et déportés à leur tour. La déportation est organisée par les préfets et les chefs de police. On fait même parfois appel à des habitants qui sont rémunérés de 8 à 12 francs pour procéder aux fouilles comme le 7 août pour un départ de Pithiviers.</span></p>
<p lang="fr-FR" align="justify"><span style="font-family: Arial,sans-serif">Durant la guerre les camps commencent à s’exporter outre Atlantique. Le 7 décembre 1941 l&rsquo;attaque de Pearl Harbor, entraîne l&rsquo;entrée en guerre des américains, suivie de la mise en place de camp de concentration par les États Unis. Le FBI dresse, plusieurs mois avant cette entrée en guerre, des listes des personnes qui pourraient être des ennemis pour la nation : des Allemands, des Italiens et des Japonais. Les personnes arrêtées, 2600 en février 1942, sont le plus souvent des leaders de la communauté japonaise. Ils sont envoyés dans des camps dis de réinstallation. Dans l&rsquo;administration et l&rsquo;armée, les japonais sont mis à des taches peu importantes et parfois même renvoyés.</span></p>
<p lang="fr-FR" align="justify"><span style="font-family: Arial,sans-serif">En janvier 1942, le pays connaît de nombreux changements ; des zones interdites ou ayant un règlement spécial pour les ennemis suspectés sont créées, puis un couvre-feu est mis en place et enfin une limitation de leurs déplacements à 8 kilomètres de leur domicile<a href="#sdfootnote1sym" name="sdfootnote1anc"><sup>1</sup></a>. Les banques liquident les comptes des japonais et le ministère de l&rsquo;agriculture confisque leurs terres.</span></p>
<p lang="fr-FR" align="justify"><span style="font-family: Arial,sans-serif">L&rsquo;internement se passe en plusieurs étapes ; il y a dans un premier temps l&rsquo;envoi dans des centres de rassemblements, puis une minorité va aller dans des camps d&rsquo;internement. Les autres vont dans des camps de transit. Les conditions de vie dans ces camps ne sont pas très bonnes (manque sanitaire, absence d&rsquo;électricité) mais incomparables avec ce qui se trouve en Europe au même moment. Ces camps sont de véritables villes ; on y trouve une poste, un hôpital, des pompiers, une bibliothèque et de nombreux autres établissements. Sur place, on peut faire des travaux (aménagements, conduite d&rsquo;eau) qui sont rémunérés. Bien que cela soit compliqué à organiser, les détenus peuvent également recevoir des visites.</span></p>
<p lang="fr-FR" align="justify"><span style="font-family: Arial,sans-serif">Par la suite, les japonais sont envoyés dans des centres de réinstallation. C&rsquo;est plus de 120 000 personnes qui sont concernées. Le premier de ces camps est le camp de Manzanar, ensuite neufs autres camps vont être construits selon son modèle, c&rsquo;est à dire une infrastructure sommaire, des fils barbelés et des miradors. Les autres camps sont Amache, Gila River, Poston, qui sont construits dans l&rsquo;ouest des États-Unis<a href="#sdfootnote2sym" name="sdfootnote2anc"><sup>2</sup></a>. Ce sont bien des camps de concentration, cependant les conditions de vie n&rsquo;ont rien à voir avec celles camps nazis ou soviétiques car il ne s&rsquo;agit pas de punir mais de surveiller. </span></p>
<p lang="fr-FR" style="text-align: left" align="justify"><a title="L’engrenage des camps dans la Seconde Guerre mondiale (suite)" href="http://blogs.univ-jfc.fr/campsdusudouest/le-phenomene-concentrationnaire/les-camps-dinternement-de-1919-a-1945/le-phenomene-concentrationaire-pendant-lentre-deux-guerres/lengrenage-des-camps-dans-la-seconde-guerre-mondiale/lengrenage-des-camps-dans-la-seconde-guerre-mondiale-suite/">Lire la suite &#8230;</a></p>
<p lang="fr-FR" style="text-align: center" align="justify">__________</p>
<div id="sdfootnote1">
<p lang="fr-FR"><span style="font-family: Calibri,serif"><span style="font-size: small"><a href="#sdfootnote1anc" name="sdfootnote1sym">1</a>: </span></span><span style="font-family: Times New Roman,serif"><span style="font-size: small">KOTEK J. RIGOULOT P. </span></span><span style="font-family: Times New Roman,serif"><span style="font-size: small"><i>Le siècle des camps : détention, concentration, extermination : cent ans de mal radical,</i></span></span><span style="font-family: Times New Roman,serif"><span style="font-size: small"> Paris, JC Lattès, 2000, </span></span><span style="font-family: Calibri,serif"><span style="font-size: small">p. 476</span></span></p>
</div>
<div id="sdfootnote2">
<p lang="fr-FR"><span style="font-family: Calibri,serif"><span style="font-size: small"><a href="#sdfootnote2anc" name="sdfootnote2sym">2</a>: <em>Ibid</em>., p. 479</span></span></p>
</div>
<p lang="fr-FR" align="justify"><span style="font-family: Arial,sans-serif"> </span></p>

<p>&#8230; Page précédente           Camps des démocraties En 1939, la France entre en guerre des réfugiés allemands et autrichiens dès septembre 1939, et des italiens dès juin 1940 sont arrêtés. Même les russes sont arrêtés à partir de juin.  A &hellip; <a href="https://blogs.univ-jfc.fr/campsdusudouest/le-phenomene-concentrationnaire/les-camps-dinternement-de-1919-a-1945/le-phenomene-concentrationaire-pendant-lentre-deux-guerres/lengrenage-des-camps-dans-la-seconde-guerre-mondiale/">Lire la suite <span class="meta-nav">&rarr;</span></a></p>
