{"id":1886,"date":"2016-03-17T10:10:12","date_gmt":"2016-03-17T09:10:12","guid":{"rendered":"http:\/\/blogs.univ-jfc.fr\/campsdusudouest\/?page_id=1886"},"modified":"2016-04-13T15:24:26","modified_gmt":"2016-04-13T14:24:26","slug":"la-specialisation-des-camps","status":"publish","type":"page","link":"https:\/\/blogs.univ-jfc.fr\/campsdusudouest\/la-specialisation-des-camps\/","title":{"rendered":"La sp\u00e9cialisation des camps"},"content":{"rendered":"<p align=\"justify\">Les 23 et 24 septembre 1940, le projet d&rsquo;une sp\u00e9cialisation arrive sur la table lors d&rsquo;une r\u00e9union \u00e0 Vichy, avec tous les chefs de camps de la zone Sud. Durant cette r\u00e9union, les directeurs des diff\u00e9rents lieux d&rsquo;internement demandent une sp\u00e9cialisation des camps. Elle doit permettre d&rsquo;\u00e9viter des conflits \u00e0 l&rsquo;int\u00e9rieur m\u00eame des camps entre les diff\u00e9rentes cat\u00e9gories de prisonniers. En effet, plusieurs incidents se sont produits entre condamn\u00e9s de droits communs et intern\u00e9s politiques par exemple. Cependant, cette sp\u00e9cialisation ne se fait pas comme nous pouvons le remarquer sur la <a title=\"Carte de l\u2019internement en France\" href=\"http:\/\/blogs.univ-jfc.fr\/campsdusudouest\/carte-de-linternement-en-france\/\" target=\"_blank\">carte<\/a><!-- Carte figurant dans le fichier \u00ab\u00a0illustrations site web groupe Pauline Coucoureux\u00a0\u00bb -->. Dans le Sud-Ouest, on ne compte que quelques camps d\u00e9di\u00e9s exclusivement aux Juifs et aux Tziganes. Cependant, on retrouve la plupart du temps des camps \u00ab\u00a0mixtes\u00a0\u00bb o\u00f9 les prisonniers sont tout de m\u00eame s\u00e9par\u00e9s en diff\u00e9rents blocs. Dans certains camps des baraques sont d\u00e9di\u00e9es aux juifs, d&rsquo;autres aux communistes, etc. On peut notamment voir ce sch\u00e9ma dans le <a title=\"Rivesaltes\" href=\"http:\/\/blogs.univ-jfc.fr\/campsdusudouest\/mongraphies-de-camps\/rivesaltes\/\">camp de Rivesaltes<\/a>\u00a0dans le d\u00e9partement des Pyr\u00e9n\u00e9es Orientales o\u00f9 les intern\u00e9s sont r\u00e9partis dans des il\u00f4ts selon leur date d&rsquo;arriv\u00e9e, leur ethnie et leur sexe. Par exemple, les femmes et les enfants juifs disposent d&rsquo;un il\u00f4t qui leur est sp\u00e9cifique alors qu&rsquo;un autre, s\u00e9par\u00e9 de celui-ci, est d\u00e9di\u00e9 aux hommes de plus de 15 ans.<\/p>\n<div id=\"sdfootnote1\">\n<p><a href=\"#sdfootnote1anc\" name=\"sdfootnote1sym\"><\/a><\/p>\n<\/div>\n","protected":false},"excerpt":{"rendered":"<p>Les 23 et 24 septembre 1940, le projet d&rsquo;une sp\u00e9cialisation arrive sur la table lors d&rsquo;une r\u00e9union \u00e0 Vichy, avec tous les chefs de camps de la zone Sud. Durant cette r\u00e9union, les directeurs des diff\u00e9rents lieux d&rsquo;internement demandent une &hellip; <a href=\"https:\/\/blogs.univ-jfc.fr\/campsdusudouest\/la-specialisation-des-camps\/\">Lire la suite <span class=\"meta-nav\">&rarr;<\/span><\/a><\/p>\n","protected":false},"author":191,"featured_media":0,"parent":0,"menu_order":0,"comment_status":"closed","ping_status":"open","template":"","meta":[],"_links":{"self":[{"href":"https:\/\/blogs.univ-jfc.fr\/campsdusudouest\/wp-json\/wp\/v2\/pages\/1886"}],"collection":[{"href":"https:\/\/blogs.univ-jfc.fr\/campsdusudouest\/wp-json\/wp\/v2\/pages"}],"about":[{"href":"https:\/\/blogs.univ-jfc.fr\/campsdusudouest\/wp-json\/wp\/v2\/types\/page"}],"author":[{"embeddable":true,"href":"https:\/\/blogs.univ-jfc.fr\/campsdusudouest\/wp-json\/wp\/v2\/users\/191"}],"replies":[{"embeddable":true,"href":"https:\/\/blogs.univ-jfc.fr\/campsdusudouest\/wp-json\/wp\/v2\/comments?post=1886"}],"version-history":[{"count":2,"href":"https:\/\/blogs.univ-jfc.fr\/campsdusudouest\/wp-json\/wp\/v2\/pages\/1886\/revisions"}],"predecessor-version":[{"id":4526,"href":"https:\/\/blogs.univ-jfc.fr\/campsdusudouest\/wp-json\/wp\/v2\/pages\/1886\/revisions\/4526"}],"wp:attachment":[{"href":"https:\/\/blogs.univ-jfc.fr\/campsdusudouest\/wp-json\/wp\/v2\/media?parent=1886"}],"curies":[{"name":"wp","href":"https:\/\/api.w.org\/{rel}","templated":true}]}}