{"id":2039,"date":"2016-03-17T10:18:21","date_gmt":"2016-03-17T09:18:21","guid":{"rendered":"http:\/\/blogs.univ-jfc.fr\/campsdusudouest\/?page_id=2039"},"modified":"2016-04-13T17:10:52","modified_gmt":"2016-04-13T16:10:52","slug":"portrait-de-laurette-alexis-monet","status":"publish","type":"page","link":"https:\/\/blogs.univ-jfc.fr\/campsdusudouest\/portrait-de-laurette-alexis-monet\/","title":{"rendered":"Le portrait de Laurette Alexis-Monet"},"content":{"rendered":"<div id=\"attachment_2036\" style=\"width: 310px\" class=\"wp-caption aligncenter\"><a href=\"http:\/\/blogs.univ-jfc.fr\/campsdusudouest\/wp-content\/uploads\/sites\/48\/2016\/03\/Laurette-Monet.jpg\"><img aria-describedby=\"caption-attachment-2036\" loading=\"lazy\" class=\"size-medium wp-image-2036 \" title=\"Source :  Laurette Alexis Monet, Les Miradors de Vichy, Les \u00e9ditions de Paris Max Chaleil, Paris, 1994.\" alt=\"Laurette Monet\" src=\"http:\/\/blogs.univ-jfc.fr\/campsdusudouest\/wp-content\/uploads\/sites\/48\/2016\/03\/Laurette-Monet-300x134.jpg\" width=\"300\" height=\"134\" srcset=\"https:\/\/blogs.univ-jfc.fr\/campsdusudouest\/wp-content\/uploads\/sites\/48\/2016\/03\/Laurette-Monet-300x134.jpg 300w, https:\/\/blogs.univ-jfc.fr\/campsdusudouest\/wp-content\/uploads\/sites\/48\/2016\/03\/Laurette-Monet-500x223.jpg 500w, https:\/\/blogs.univ-jfc.fr\/campsdusudouest\/wp-content\/uploads\/sites\/48\/2016\/03\/Laurette-Monet.jpg 948w\" sizes=\"(max-width: 300px) 100vw, 300px\" \/><\/a><p id=\"caption-attachment-2036\" class=\"wp-caption-text\">Laurette Monet, \u00e9quipi\u00e8re de la CIMADE au camp de R\u00e9c\u00e9b\u00e9dou durant l&rsquo;\u00e9t\u00e9 1942<\/p><\/div>\n<p align=\"justify\"><span style=\"color: #000000\"><span>P<\/span><\/span><span style=\"color: #000000\"><span>armi l<\/span><\/span><span style=\"color: #000000\"><span>e<\/span><\/span><span style=\"color: #000000\"><span>s<\/span><\/span><span style=\"color: #000000\"><span> figure<\/span><\/span><span style=\"color: #000000\"><span>s<\/span><\/span><span style=\"color: #000000\"><span> f\u00e9minine<\/span><\/span><span style=\"color: #000000\"><span>s<\/span><\/span><span style=\"color: #000000\"><span> de la <\/span><\/span><span style=\"color: #000000\"><span>R<\/span><\/span><span style=\"color: #000000\"><span>\u00e9sistance, il y a notamment Laurette Monet, d\u00e9couverte \u00e0 travers son livre <em>Les miradors de Vichy<\/em>, \u00e9crit en 1993. Laurette Alexis-Monet, <\/span><\/span><span style=\"color: #000000\"><span>est<\/span><\/span><span style=\"color: #000000\"><span> alors \u00e2g\u00e9e de 19 ans lorsqu&rsquo;elle s&rsquo;engage volontairement \u00e0 la CIMADE, au cours de l&rsquo;\u00e9t\u00e9 1942, aupr\u00e8s du camp du Rec\u00e9b\u00e9dou. Indign\u00e9e par le traitement r\u00e9serv\u00e9 aux prisonniers, elle bascul<\/span><\/span><span style=\"color: #000000\"><span>e<\/span><\/span><span style=\"color: #000000\"><span>\u00a0dans la <\/span><\/span><span style=\"color: #000000\"><span>R<\/span><\/span><span style=\"color: #000000\"><span>\u00e9sistance ce qui a ensuite entra\u00een\u00e9 son internement<\/span><\/span><span style=\"color: #000000\"><span>.<\/span><\/span><\/p>\n<div id=\"sdfootnote1\">\n<p align=\"justify\"><a href=\"#sdfootnote1anc\" name=\"sdfootnote1sym\">\u00a0<\/a><\/p>\n<\/div>\n<p align=\"justify\"><span style=\"color: #000000\"><span>\u00a0<\/span><\/span><\/p>\n<p>&nbsp;<\/p>\n","protected":false},"excerpt":{"rendered":"<p>Parmi les figures f\u00e9minines de la R\u00e9sistance, il y a notamment Laurette Monet, d\u00e9couverte \u00e0 travers son livre Les miradors de Vichy, \u00e9crit en 1993. Laurette Alexis-Monet, est alors \u00e2g\u00e9e de 19 ans lorsqu&rsquo;elle s&rsquo;engage volontairement \u00e0 la CIMADE, au &hellip; <a href=\"https:\/\/blogs.univ-jfc.fr\/campsdusudouest\/portrait-de-laurette-alexis-monet\/\">Lire la suite <span class=\"meta-nav\">&rarr;<\/span><\/a><\/p>\n","protected":false},"author":191,"featured_media":0,"parent":0,"menu_order":0,"comment_status":"closed","ping_status":"open","template":"","meta":[],"_links":{"self":[{"href":"https:\/\/blogs.univ-jfc.fr\/campsdusudouest\/wp-json\/wp\/v2\/pages\/2039"}],"collection":[{"href":"https:\/\/blogs.univ-jfc.fr\/campsdusudouest\/wp-json\/wp\/v2\/pages"}],"about":[{"href":"https:\/\/blogs.univ-jfc.fr\/campsdusudouest\/wp-json\/wp\/v2\/types\/page"}],"author":[{"embeddable":true,"href":"https:\/\/blogs.univ-jfc.fr\/campsdusudouest\/wp-json\/wp\/v2\/users\/191"}],"replies":[{"embeddable":true,"href":"https:\/\/blogs.univ-jfc.fr\/campsdusudouest\/wp-json\/wp\/v2\/comments?post=2039"}],"version-history":[{"count":6,"href":"https:\/\/blogs.univ-jfc.fr\/campsdusudouest\/wp-json\/wp\/v2\/pages\/2039\/revisions"}],"predecessor-version":[{"id":4531,"href":"https:\/\/blogs.univ-jfc.fr\/campsdusudouest\/wp-json\/wp\/v2\/pages\/2039\/revisions\/4531"}],"wp:attachment":[{"href":"https:\/\/blogs.univ-jfc.fr\/campsdusudouest\/wp-json\/wp\/v2\/media?parent=2039"}],"curies":[{"name":"wp","href":"https:\/\/api.w.org\/{rel}","templated":true}]}}