{"id":21,"date":"2016-01-28T09:16:30","date_gmt":"2016-01-28T08:16:30","guid":{"rendered":"http:\/\/blogs.univ-jfc.fr\/campsdusudouest\/?page_id=21"},"modified":"2016-04-13T09:51:40","modified_gmt":"2016-04-13T08:51:40","slug":"internement-concentration-extermination","status":"publish","type":"page","link":"https:\/\/blogs.univ-jfc.fr\/campsdusudouest\/le-phenomene-concentrationnaire\/internement-concentration-extermination\/","title":{"rendered":"Les camps fran\u00e7ais, rouages de la solution finale"},"content":{"rendered":"<p align=\"JUSTIFY\"><span style=\"color: #000000\">D\u00e8s l&rsquo;arriv\u00e9e d&rsquo;Adolf Hitler au pouvoir en 1933, une volont\u00e9 d&rsquo;exclure et de chasser les juifs du Reich appara\u00eet et se confirme. L&rsquo;Allemagne avan\u00e7ant dans ses conqu\u00eates territoriales au cours de la Seconde Guerre mondiale, c&rsquo;est la volont\u00e9 qu&rsquo;il n&rsquo;y ait plus de juifs en Europe qui se d\u00e9veloppe finalement. Les juifs sont en effet vus dans l&rsquo;id\u00e9ologie nazie comme des ennemis de la nation, et comme une race inf\u00e9rieure qu&rsquo;il faut \u00e9radiquer. Ils sont donc dans un premier temps parqu\u00e9s et affam\u00e9s dans des ghettos, comme le ghetto de Varsovie en Pologne, ou sont assassin\u00e9s, comme notamment lors des fusillades des Einsatzgruppen sur le front de l&rsquo;Est \u00e0 partir de 1940. Puis, dans les six derniers mois de l\u2019ann\u00e9e 1941, les principaux dirigeants du r\u00e9gime, Hermann G\u00f6ring, mar\u00e9chal du Reich, Heinrich Himmler, chef de la SS et de la Police, Reinhard Heydrich, directeur de l\u2019Office central de la s\u00e9curit\u00e9 du Reich<i> <\/i>(RSHA) et Adolf Hitler lui-m\u00eame finissent par d\u00e9finir progressivement le concept de \u00ab Solution Finale \u00bb, en d\u00e9cidant de proc\u00e9der \u00e0 la liquidation physique de tous les Juifs d&rsquo;Europe. La Solution Finale, connue dans son application sous le nom de Shoah, est donc un plan d&rsquo;extermination des juifs mis en place par le r\u00e9gime nazi. Elle est consid\u00e9r\u00e9e comme ayant \u00e9t\u00e9 d\u00e9cid\u00e9e officiellement \u00e0 la Conf\u00e9rence de Wansee, faite dans une villa de la banlieue de Berlin le 20 janvier 1942. Cette conf\u00e9rence r\u00e9unit quinze hauts responsables de l&rsquo;Allemagne Nazie, afin de d\u00e9battre de l&rsquo;organisation administrative, technique et \u00e9conomique de cette solution finale \u00e0 la question juive, souhait\u00e9e par Hitler, et qui va \u00eatre mise en application, sur les instructions de ce dernier, par G\u00f6ring, Himmler, Heydrich, ainsi que par Adolf Eichmann. Cependant, comme indiqu\u00e9 ant\u00e9rieurement, la d\u00e9portation des juifs du Reich a d\u00e9j\u00e0 commenc\u00e9, en plus des massacres commis par les Einsatzgruppen, et le camp d&rsquo;extermination de Chemlo est d\u00e9j\u00e0 en activit\u00e9 tandis que d&rsquo;autres sont en projet ou m\u00eame d\u00e9j\u00e0 en cours de construction<a href=\"#sdfootnote1sym\"><span style=\"color: #000000\"><sup>1<\/sup><\/span><\/a>.<\/span><\/p>\n<p align=\"JUSTIFY\"><span style=\"color: #000000\"> L\u2019\u00c9tat fran\u00e7ais, \u00e0 l&rsquo;aide de ses camps, a contribu\u00e9 \u00e0 cette solution finale. Depuis l&rsquo;armistice du 22 juin 1940, l&rsquo;Allemagne occupe militairement la partie Nord de la France, s\u00e9par\u00e9e de la zone non occup\u00e9e par une ligne de d\u00e9marcation. Du 10 juillet 1940 au 20 ao\u00fbt 1944, la France se trouve alors sous le R\u00e9gime de Vichy, un r\u00e9gime politique dirig\u00e9 par le Mar\u00e9chal P\u00e9tain, ce dernier ayant obtenu les pleins pouvoirs par la Chambre des d\u00e9put\u00e9s le 10 juillet 1940. C&rsquo;est un r\u00e9gime bas\u00e9 \u00e0 Vichy, en zone non occup\u00e9e, et auquel les allemands ont laiss\u00e9 l&rsquo;administration fran\u00e7aise. Sous la direction du Mar\u00e9chal P\u00e9tain, l\u2019\u00c9tat fran\u00e7ais va ainsi suivre l&rsquo;Allemagne dans la majorit\u00e9 de ses d\u00e9cisions, et mener une politique de collaboration, contre les faits de r\u00e9sistance notamment, mais surtout en ce qui concerne la question juive. Le R\u00e9gime de Vichy va donc, \u00e0 l&rsquo;aide des camps d&rsquo;internement fran\u00e7ais, suivre l&rsquo;Allemagne dans son projet, et il va m\u00eame aller plus loin en prenant de sa propre initiative des mesures allant dans le sens de cette Solution Finale. Ainsi les camps fran\u00e7ais vont \u00ab\u00a0se remplir\u00a0\u00bb de juifs, et la France va prendre part elle-m\u00eame \u00e0 la d\u00e9portation de ses juifs vers les camps de concentration en Allemagne et en Pologne.<\/span><\/p>\n<p align=\"JUSTIFY\"><span style=\"color: #000000\"> Nous pouvons estimer \u00e0 3 000 000<sup><a href=\"#sdfootnote2sym\"><span style=\"color: #000000\"><sup>2<\/sup><\/span><\/a><\/sup> le nombre de juifs morts de la d\u00e9portation, c&rsquo;est \u00e0 dire soit dans les camps soit dans les chambres \u00e0 gaz, et nous savons que ce sont 75 721 juifs qui ont \u00e9t\u00e9 d\u00e9port\u00e9s de France entre mars 1942 et ao\u00fbt 1944. Nous pouvons alors nous demander\u00a0: En quoi la France, \u00e0 l&rsquo;aide de ses camps, s&rsquo;est organis\u00e9e de fa\u00e7on \u00e0 r\u00e9pondre aux attentes de l\u2019Allemagne, et ainsi \u00e0 participer \u00e0 l&rsquo;un des plus grands crimes de l&rsquo;Histoire de l&rsquo;humanit\u00e9\u00a0?<\/span><\/p>\n<p align=\"JUSTIFY\"><span style=\"color: #000000\"> Pour r\u00e9pondre \u00e0 cela, nous verrons tout d&rsquo;abord comment est abord\u00e9e la question juive en France, puis nous verrons comment la France et ses camps deviennent de v\u00e9ritables relais pour l&rsquo;Allemagne, et enfin nous verrons comment a \u00e9t\u00e9 v\u00e9cu \u00e0 la fin de la guerre la d\u00e9couverte de ce crime, et comment entre des mises en accusation et sa progressive reconnaissance, le deuil ou la r\u00e9int\u00e9gration des victimes ont pu \u00eatre faits.<\/span><\/p>\n<p><strong style=\"color: #000000;font-style: normal\"><span style=\"arial,serif;color: #000000\"><span><span>La \u00ab\u00a0question juive\u00a0\u00bb en France de 1940 \u00e0 1942<\/span><\/span><\/span><\/strong><\/p>\n<p><span style=\"color: #000000\">\u00a0<em><span><span style=\"font-size: medium\"><span>\u00catre juif en France de 1940 \u00e0 1942<\/span> <\/span><\/span><\/em><\/span><\/p>\n<p align=\"JUSTIFY\"><span style=\"color: #000000\"><span> Avant l&rsquo;invasion allemande, on estimait \u00e0 300 000<a href=\"#sdfootnote1sym\"><span style=\"color: #000000\"><sup>3<\/sup><\/span><\/a> le nombre de juifs, toutes nationalit\u00e9s confondues, vivant en France. Un tiers des juifs de France provenait de Pologne, ils cherchaient \u00e0 fuir la mis\u00e8re et l&rsquo;antis\u00e9mitisme dans les ann\u00e9es 1920 et 1930. En 1938, un grand nombre de juifs arrivaient en France, chass\u00e9s par les Allemands. Pendant la seconde guerre mondiale, 76 000<a href=\"#sdfootnote2sym\"><span style=\"color: #000000\"><sup>4<\/sup><\/span><\/a> juifs ont \u00e9t\u00e9 d\u00e9port\u00e9s de France. Le 27 septembre 1940 les Allemands ordonnent le recensement des juifs qui va \u00eatre mis en place par l\u2019administration fran\u00e7aise et plus pr\u00e9cis\u00e9ment par la pr\u00e9fecture de police pour le d\u00e9partement de la Seine. Dans ce d\u00e9partement 149 734<a href=\"#sdfootnote3sym\"><span style=\"color: #000000\"><sup>5<\/sup><\/span><\/a> juifs vont \u00eatre recens\u00e9s dont 85 664<a href=\"#sdfootnote4sym\"><span style=\"color: #000000\"><sup>6<\/sup><\/span><\/a> Fran\u00e7ais et 64 070<a href=\"#sdfootnote5sym\"><span style=\"color: #000000\"><sup>7<\/sup><\/span><\/a> \u00e9trangers. Paris, selon les estimations, regroupe entre la moiti\u00e9 et les deux tiers des juifs de France, ce qui repr\u00e9sente une part importante dont une moiti\u00e9 d\u2019\u00e9trangers environ. Ces derniers se trouvent dans un secteur qui s&rsquo;\u00e9tend de la place de la R\u00e9publique vers Belleville, Montmartre, la Bastille et surtout la rue des Rosiers et son <i>Pletzl<\/i>, qui dans les ann\u00e9es 1930 ressemble aux \u00ab\u00a0rues juives\u00a0\u00bb de Pologne. La rue des Rosiers est \u00e0 l\u2019\u00e9poque le quartier ashk\u00e9naze du Marais par excellence. Les juifs \u00e9trangers sont majoritaires dans les rues qui leurs sont sp\u00e9cifiques mais ce ne sont pas les seuls habitants de ces quartiers. Les juifs fran\u00e7ais quant eux habitent des quartiers plus bourgeois comme les XIVe, XVIe et XVIIe arrondissements, et des banlieues r\u00e9sidentielles comme Neuilly et Boulogne. Les lieux o\u00f9 se situent les juifs \u00e9trangers et les juifs fran\u00e7ais \u00e0 Paris ne sont pas les m\u00eames et on peut donc voir que les juifs fran\u00e7ais sont tr\u00e8s bien int\u00e9gr\u00e9s dans la soci\u00e9t\u00e9 fran\u00e7aise avec des bonnes conditions de vie. Les juifs \u00e9trangers quant \u00e0 eux s&rsquo;int\u00e8grent progressivement dans la ville et retrouvent des marques de leur pays d&rsquo;origine. Cependant ce regroupement dans les quartiers n&rsquo;est pas observable partout en France. C&rsquo;est seulement dans les grandes villes comme Paris par exemple que les juifs se rassemblent, dans le sud de la France les juifs vivent dans des villages et sont confondus avec la population. <\/span><\/span><\/p>\n<p align=\"JUSTIFY\"><span style=\"color: #000000\"><span> La France est divis\u00e9e en deux avec les fran\u00e7ais qui ne sont pas antis\u00e9mites et certains qui font preuves d&rsquo;un antis\u00e9mitisme prononc\u00e9 avec des antidreyfusards<a href=\"#sdfootnote6sym\"><span style=\"color: #000000\"><sup>8<\/sup><\/span><\/a> qui persistent puis \u00e0 partir des ann\u00e9es 1920, l&rsquo;id\u00e9e d&rsquo;un jud\u00e9o-bolchevisme<a href=\"#sdfootnote7sym\"><span style=\"color: #000000\"><sup>9<\/sup><\/span><\/a> se d\u00e9veloppe. Quant \u00e0 la mont\u00e9e du nazisme qui se pr\u00e9cise \u00e0 la fin de l&rsquo;ann\u00e9e 1932, elle fracture l\u00e0 encore la France en deux camps, d&rsquo;autant plus qu&rsquo;Hitler ne laisse planer aucune ambigu\u00eft\u00e9 sur ses intentions \u00e0 l&rsquo;\u00e9gard des juifs allemands. En ce sens \u00e0 partir de 1940 un sentiment d&rsquo;hostilit\u00e9 prend racine sur le territoire fran\u00e7ais et la France va d\u00e9finir un statut particulier pour les juifs, les emp\u00eachant d&rsquo;exercer toute profession dans la fonction publique, l&rsquo;administration ou l&rsquo;arm\u00e9e. Le mar\u00e9chal P\u00e9tain est le principal instigateur de ce statut des juifs en France. Il s&rsquo;agit des pr\u00e9misses du r\u00e9gime de Vichy et les mentalit\u00e9s de beaucoup de fran\u00e7ais vont soutenir le gouvernement de Vichy car les juifs vont \u00eatre de plus en plus exclus de la soci\u00e9t\u00e9. En effet des fran\u00e7ais refusent alors de faire leurs courses dans les magasins juifs et les d\u00e9nigrent totalement, bien que d&rsquo;autres rejettent cette politique.<\/span><\/span><\/p>\n<div id=\"attachment_4503\" style=\"width: 294px\" class=\"wp-caption aligncenter\"><a href=\"http:\/\/blogs.univ-jfc.fr\/campsdusudouest\/wp-content\/uploads\/sites\/48\/2016\/01\/ERIC-I-A.png\"><img aria-describedby=\"caption-attachment-4503\" loading=\"lazy\" class=\" wp-image-4503  \" title=\"Les juifs en France subissent des contr\u00f4les permanent de la part des autorit\u00e9s et leur libert\u00e9 de d\u00e9placement et alors extr\u00eamement restreinte suite \u00e0 cette ordonnance.     Source\u00a0: http:\/\/natanson.pagesperso-orange.fr : Site pour la m\u00e9moire juive cr\u00e9e par un \u00e9crivain.\" alt=\"ERIC I A\" src=\"http:\/\/blogs.univ-jfc.fr\/campsdusudouest\/wp-content\/uploads\/sites\/48\/2016\/01\/ERIC-I-A-222x300.png\" width=\"284\" height=\"380\" \/><\/a><p id=\"caption-attachment-4503\" class=\"wp-caption-text\">Le d\u00e9but de la politique antis\u00e9mite en France<\/p><\/div>\n<p align=\"JUSTIFY\"><span style=\"color: #000000\"><span>Les juifs fran\u00e7ais vont subir une exclusion de la soci\u00e9t\u00e9 voire une pers\u00e9cution, traqu\u00e9s non pour ce qu&rsquo;ils pensent ou ce qu&rsquo;ils font mais pour ce qu&rsquo;ils sont. Cette violence politique \u00e9mane du contexte de l&rsquo;occupation allemande et du gouvernement Vichy qui manifeste tr\u00e8s vite une tendance antis\u00e9mite, suivant l&rsquo;exemple de l&rsquo;Allemagne qui partage le m\u00eame ennemi. De nombreuses lois vont \u00eatre mises en place, soutenant cette tendance qui s&rsquo;accentue sous la R\u00e9volution nationale.<\/span><\/span><\/p>\n<div>\n<p><span style=\"color: #000000\"><a title=\"La \u00ab\u00a0question juive\u00a0\u00bb en France de 1940 \u00e0 1942 (suite)\" href=\"http:\/\/blogs.univ-jfc.fr\/campsdusudouest\/le-phenomene-concentrationnaire\/internement-concentration-extermination\/i-la-question-juive-en-france-de-1940-a-1942-suite\/\">\u00a0Lire la suite\u00a0&#8230;<\/a><br \/>\n<\/span><\/p>\n<\/div>\n<div>\n<p><span style=\"color: #3366ff\"><a href=\"#sdfootnote1anc\"><span style=\"color: #3366ff\">1<\/span><\/a><\/span><span>\u00a0http:\/\/www.enseigner-histoire-shoah.org<\/span><\/p>\n<p><span style=\"color: #000000\"><span style=\"color: #3366ff\"><a href=\"#sdfootnote2anc\"><span style=\"color: #3366ff\">2<\/span><\/a><\/span> Hilberg Raul,<i> Destruction des<\/i><i> <\/i><i>juifs<\/i><i> d\u2019Europe,<\/i> Fayard, 1988.<br \/>\n<\/span><\/p>\n<p><span style=\"color: #000000\"><a href=\"http:\/\/www.rtl.fr\/\"><span style=\"color: #000000\"><span style=\"color: #3366ff\">3<\/span> http:\/\/www.rtl.fr<\/span><\/a>, article sur les juifs fran\u00e7ais avant l&rsquo;invasion allemande.<\/span><\/p>\n<\/div>\n<div>\n<div>\n<p><span style=\"color: #000000\"><span style=\"color: #3366ff\"><a href=\"#sdfootnote2anc\"><span style=\"color: #3366ff\">4 <\/span><\/a><\/span><a href=\"http:\/\/www.rtl.fr\/\"><span style=\"color: #000000\">http:\/\/www.rtl.fr<\/span><\/a>, article sur les juifs fran\u00e7ais avant l&rsquo;invasion allemande.<\/span><\/p>\n<\/div>\n<div>\n<p><span style=\"color: #000000\"><span style=\"color: #3366ff\"><a href=\"#sdfootnote3anc\"><span style=\"color: #3366ff\">5 <\/span><\/a><\/span>MENAGER Camille<i>, Le sauvetage des juifs \u00e0 Paris 1940-1944,<\/i> Mairie de Paris, 2006.<\/span><\/p>\n<\/div>\n<div>\n<p><span style=\"color: #000000\"><span style=\"color: #3366ff\"><a href=\"#sdfootnote4anc\"><span style=\"color: #3366ff\">6 <\/span><\/a><\/span>MENAGER Camille, <i>Le sauvetage des juifs \u00e0 Paris 1940-1944,<\/i> Mairie de Paris, 2006.<\/span><\/p>\n<\/div>\n<div>\n<p><span style=\"color: #000000\"><span style=\"color: #3366ff\"><i><a href=\"#sdfootnote5anc\"><span style=\"color: #3366ff\">7 <\/span><\/a><\/i><\/span>MENAGER Camille, <i>Le sauvetage des juifs \u00e0 Paris 1940-1944,<\/i> Mairie de Paris, 2006.<\/span><\/p>\n<\/div>\n<div>\n<p><span style=\"color: #000000\"><span style=\"color: #3366ff\"><a href=\"#sdfootnote6anc\"><span style=\"color: #3366ff\">8 <\/span><\/a><\/span>Opposant \u00e0 la r\u00e9vision du proc\u00e8s Dreyfus.<\/span><\/p>\n<\/div>\n<div>\n<p><span style=\"color: #000000\"><span style=\"color: #3366ff\"><a href=\"#sdfootnote7anc\"><span style=\"color: #3366ff\">9 <\/span><\/a><\/span>Ce terme vise \u00e0 affirmer que les Juifs sont, derri\u00e8re les bolcheviks, les ma\u00eetres d&rsquo;\u0153uvre de la r\u00e9volution russe d&rsquo;octobre 1917 et les v\u00e9ritables dirigeants de l&rsquo;URSS.<\/span><\/p>\n<\/div>\n<\/div>\n","protected":false},"excerpt":{"rendered":"<p>D\u00e8s l&rsquo;arriv\u00e9e d&rsquo;Adolf Hitler au pouvoir en 1933, une volont\u00e9 d&rsquo;exclure et de chasser les juifs du Reich appara\u00eet et se confirme. L&rsquo;Allemagne avan\u00e7ant dans ses conqu\u00eates territoriales au cours de la Seconde Guerre mondiale, c&rsquo;est la volont\u00e9 qu&rsquo;il n&rsquo;y &hellip; <a href=\"https:\/\/blogs.univ-jfc.fr\/campsdusudouest\/le-phenomene-concentrationnaire\/internement-concentration-extermination\/\">Lire la suite <span class=\"meta-nav\">&rarr;<\/span><\/a><\/p>\n","protected":false},"author":15,"featured_media":0,"parent":11,"menu_order":3,"comment_status":"open","ping_status":"open","template":"","meta":[],"_links":{"self":[{"href":"https:\/\/blogs.univ-jfc.fr\/campsdusudouest\/wp-json\/wp\/v2\/pages\/21"}],"collection":[{"href":"https:\/\/blogs.univ-jfc.fr\/campsdusudouest\/wp-json\/wp\/v2\/pages"}],"about":[{"href":"https:\/\/blogs.univ-jfc.fr\/campsdusudouest\/wp-json\/wp\/v2\/types\/page"}],"author":[{"embeddable":true,"href":"https:\/\/blogs.univ-jfc.fr\/campsdusudouest\/wp-json\/wp\/v2\/users\/15"}],"replies":[{"embeddable":true,"href":"https:\/\/blogs.univ-jfc.fr\/campsdusudouest\/wp-json\/wp\/v2\/comments?post=21"}],"version-history":[{"count":29,"href":"https:\/\/blogs.univ-jfc.fr\/campsdusudouest\/wp-json\/wp\/v2\/pages\/21\/revisions"}],"predecessor-version":[{"id":4504,"href":"https:\/\/blogs.univ-jfc.fr\/campsdusudouest\/wp-json\/wp\/v2\/pages\/21\/revisions\/4504"}],"up":[{"embeddable":true,"href":"https:\/\/blogs.univ-jfc.fr\/campsdusudouest\/wp-json\/wp\/v2\/pages\/11"}],"wp:attachment":[{"href":"https:\/\/blogs.univ-jfc.fr\/campsdusudouest\/wp-json\/wp\/v2\/media?parent=21"}],"curies":[{"name":"wp","href":"https:\/\/api.w.org\/{rel}","templated":true}]}}