{"id":2274,"date":"2016-03-18T15:23:16","date_gmt":"2016-03-18T14:23:16","guid":{"rendered":"http:\/\/blogs.univ-jfc.fr\/campsdusudouest\/?page_id=2274"},"modified":"2016-03-26T23:49:58","modified_gmt":"2016-03-26T22:49:58","slug":"freddy-szpilfogiel","status":"publish","type":"page","link":"https:\/\/blogs.univ-jfc.fr\/campsdusudouest\/agir-et-resister-dans-les-camps\/resistance-revoltes-et-evasions\/une-resistance-plus-active\/freddy-szpilfogiel\/","title":{"rendered":"Freddy Szpilfogiel"},"content":{"rendered":"<p><!--\np { margin-bottom: 0.25cm; line-height: 120%; }a:link {  }\n--><\/p>\n<div id=\"attachment_3304\" style=\"width: 270px\" class=\"wp-caption alignleft\"><a href=\"http:\/\/blogs.univ-jfc.fr\/campsdusudouest\/wp-content\/uploads\/sites\/48\/2016\/03\/Freddy-S.png\"><img aria-describedby=\"caption-attachment-3304\" loading=\"lazy\" class=\"size-medium wp-image-3304 \" title=\"Photographie de Freddy Szpilfogiel, Chantal et Paule, Archives familiales \" alt=\"\" src=\"http:\/\/blogs.univ-jfc.fr\/campsdusudouest\/wp-content\/uploads\/sites\/48\/2016\/03\/Freddy-S-260x300.png\" width=\"260\" height=\"300\" srcset=\"https:\/\/blogs.univ-jfc.fr\/campsdusudouest\/wp-content\/uploads\/sites\/48\/2016\/03\/Freddy-S-260x300.png 260w, https:\/\/blogs.univ-jfc.fr\/campsdusudouest\/wp-content\/uploads\/sites\/48\/2016\/03\/Freddy-S.png 289w\" sizes=\"(max-width: 260px) 100vw, 260px\" \/><\/a><p id=\"caption-attachment-3304\" class=\"wp-caption-text\">Freddy Szpilfogiel, Chantal et Paule<\/p><\/div>\n<p style=\"text-align: justify\">Freddy Szpilfogiel est le neveu d&rsquo;une polonaise juive qui a \u00e9migr\u00e9 en France en 1932 et qu&rsquo;il rejoint neuf ans plus tard \u00e0 Toulouse. Lors de l&rsquo;\u00e9t\u00e9 1943, il est arr\u00eat\u00e9 par la police de Vichy et intern\u00e9 \u00e0 la prison Saint-Michel. Il est ensuite envoy\u00e9 au camp de No\u00e9 d&rsquo;o\u00f9 il s&rsquo;\u00e9vade le 29 d\u00e9cembre 1943 avec l&rsquo;aide d&rsquo;un r\u00e9seau de r\u00e9sistance. Il \u00e9pouse apr\u00e8s la guerre Paule Marceillac, qui avait organis\u00e9 son repli apr\u00e8s son \u00e9vasion, lui permettant ainsi d&rsquo;\u00e9chapper aux recherches de la police.<\/p>\n","protected":false},"excerpt":{"rendered":"<p>Freddy Szpilfogiel est le neveu d&rsquo;une polonaise juive qui a \u00e9migr\u00e9 en France en 1932 et qu&rsquo;il rejoint neuf ans plus tard \u00e0 Toulouse. Lors de l&rsquo;\u00e9t\u00e9 1943, il est arr\u00eat\u00e9 par la police de Vichy et intern\u00e9 \u00e0 la &hellip; <a href=\"https:\/\/blogs.univ-jfc.fr\/campsdusudouest\/agir-et-resister-dans-les-camps\/resistance-revoltes-et-evasions\/une-resistance-plus-active\/freddy-szpilfogiel\/\">Lire la suite <span class=\"meta-nav\">&rarr;<\/span><\/a><\/p>\n","protected":false},"author":229,"featured_media":0,"parent":296,"menu_order":2,"comment_status":"closed","ping_status":"open","template":"","meta":[],"_links":{"self":[{"href":"https:\/\/blogs.univ-jfc.fr\/campsdusudouest\/wp-json\/wp\/v2\/pages\/2274"}],"collection":[{"href":"https:\/\/blogs.univ-jfc.fr\/campsdusudouest\/wp-json\/wp\/v2\/pages"}],"about":[{"href":"https:\/\/blogs.univ-jfc.fr\/campsdusudouest\/wp-json\/wp\/v2\/types\/page"}],"author":[{"embeddable":true,"href":"https:\/\/blogs.univ-jfc.fr\/campsdusudouest\/wp-json\/wp\/v2\/users\/229"}],"replies":[{"embeddable":true,"href":"https:\/\/blogs.univ-jfc.fr\/campsdusudouest\/wp-json\/wp\/v2\/comments?post=2274"}],"version-history":[{"count":5,"href":"https:\/\/blogs.univ-jfc.fr\/campsdusudouest\/wp-json\/wp\/v2\/pages\/2274\/revisions"}],"predecessor-version":[{"id":3306,"href":"https:\/\/blogs.univ-jfc.fr\/campsdusudouest\/wp-json\/wp\/v2\/pages\/2274\/revisions\/3306"}],"up":[{"embeddable":true,"href":"https:\/\/blogs.univ-jfc.fr\/campsdusudouest\/wp-json\/wp\/v2\/pages\/296"}],"wp:attachment":[{"href":"https:\/\/blogs.univ-jfc.fr\/campsdusudouest\/wp-json\/wp\/v2\/media?parent=2274"}],"curies":[{"name":"wp","href":"https:\/\/api.w.org\/{rel}","templated":true}]}}