{"id":2277,"date":"2016-03-18T15:30:31","date_gmt":"2016-03-18T14:30:31","guid":{"rendered":"http:\/\/blogs.univ-jfc.fr\/campsdusudouest\/?page_id=2277"},"modified":"2016-03-31T08:21:20","modified_gmt":"2016-03-31T07:21:20","slug":"fernande-valignat","status":"publish","type":"page","link":"https:\/\/blogs.univ-jfc.fr\/campsdusudouest\/agir-et-resister-dans-les-camps\/resistance-revoltes-et-evasions\/page-de-niveau-2\/fernande-valignat\/","title":{"rendered":"Fernande Valignat"},"content":{"rendered":"<p><!--\np { margin-bottom: 0.25cm; line-height: 120%; }a:link {  }\n--><\/p>\n<div id=\"attachment_2801\" style=\"width: 310px\" class=\"wp-caption alignleft\"><a href=\"http:\/\/blogs.univ-jfc.fr\/campsdusudouest\/wp-content\/uploads\/sites\/48\/2016\/03\/Fernande_Valignat.png\"><img aria-describedby=\"caption-attachment-2801\" loading=\"lazy\" class=\"size-medium wp-image-2801 \" title=\"Collection AGMG (Association G\u00e9n\u00e9rale des Mutil\u00e9s de Guerre).\" alt=\"\" src=\"http:\/\/blogs.univ-jfc.fr\/campsdusudouest\/wp-content\/uploads\/sites\/48\/2016\/03\/Fernande_Valignat-300x226.png\" width=\"300\" height=\"226\" srcset=\"https:\/\/blogs.univ-jfc.fr\/campsdusudouest\/wp-content\/uploads\/sites\/48\/2016\/03\/Fernande_Valignat-300x226.png 300w, https:\/\/blogs.univ-jfc.fr\/campsdusudouest\/wp-content\/uploads\/sites\/48\/2016\/03\/Fernande_Valignat-397x300.png 397w, https:\/\/blogs.univ-jfc.fr\/campsdusudouest\/wp-content\/uploads\/sites\/48\/2016\/03\/Fernande_Valignat.png 519w\" sizes=\"(max-width: 300px) 100vw, 300px\" \/><\/a><p id=\"caption-attachment-2801\" class=\"wp-caption-text\">Fernande Valigant pronon\u00e7ant un discours pour la f\u00eate de la Libert\u00e9, le 2 octobre 1944, \u00e0 Moulins, au nom de l&rsquo;Union des femmes de France (UFF).<\/p><\/div>\n<p style=\"text-align: justify\">Fernande Germaine Gilbert Justine Cognet (puis Valignat) est n\u00e9e le 23 janvier 1906 \u00e0 Montlu\u00e7on. Elle est tout d&rsquo;abord institutrice et militante communiste active aux c\u00f4t\u00e9s de son mari Pierre Valignat.<\/p>\n<p style=\"text-align: justify\">Suite \u00e0 la dissolution du Parti communiste en septembre 1939, leurs actions deviennent clandestines. Ils sont arr\u00eat\u00e9s le 8 octobre 1940 et envoy\u00e9s dans un C.S.S. (Centre de S\u00e9jour Surveill\u00e9) au ch\u00e2teau de Mons \u00e0 Arlanc dans le Puy de D\u00f4me. Fernande Valignat n&rsquo;y reste pas et est envoy\u00e9e \u00e0 Rieucros puis \u00e0 Brens d&rsquo;o\u00f9 elle s&rsquo;\u00e9vade le 14 mai 1944 avec deux autres intern\u00e9es.<\/p>\n<p style=\"text-align: justify\">Durant ses ann\u00e9es d&rsquo;internement et m\u00eame apr\u00e8s, Fernande Valignat a \u00e9t\u00e9 particuli\u00e8rement active politiquement et n&rsquo;a jamais d\u00e9vi\u00e9 de ses id\u00e9es. \u00c0 la Lib\u00e9ration, elle cr\u00e9e notamment l&rsquo;U.F.F. (Union de Femmes de France) et reste tr\u00e8s engag\u00e9e dans la politique communiste.<\/p>\n","protected":false},"excerpt":{"rendered":"<p>Fernande Germaine Gilbert Justine Cognet (puis Valignat) est n\u00e9e le 23 janvier 1906 \u00e0 Montlu\u00e7on. Elle est tout d&rsquo;abord institutrice et militante communiste active aux c\u00f4t\u00e9s de son mari Pierre Valignat. Suite \u00e0 la dissolution du Parti communiste en septembre &hellip; <a href=\"https:\/\/blogs.univ-jfc.fr\/campsdusudouest\/agir-et-resister-dans-les-camps\/resistance-revoltes-et-evasions\/page-de-niveau-2\/fernande-valignat\/\">Lire la suite <span class=\"meta-nav\">&rarr;<\/span><\/a><\/p>\n","protected":false},"author":229,"featured_media":0,"parent":234,"menu_order":2,"comment_status":"closed","ping_status":"open","template":"","meta":[],"_links":{"self":[{"href":"https:\/\/blogs.univ-jfc.fr\/campsdusudouest\/wp-json\/wp\/v2\/pages\/2277"}],"collection":[{"href":"https:\/\/blogs.univ-jfc.fr\/campsdusudouest\/wp-json\/wp\/v2\/pages"}],"about":[{"href":"https:\/\/blogs.univ-jfc.fr\/campsdusudouest\/wp-json\/wp\/v2\/types\/page"}],"author":[{"embeddable":true,"href":"https:\/\/blogs.univ-jfc.fr\/campsdusudouest\/wp-json\/wp\/v2\/users\/229"}],"replies":[{"embeddable":true,"href":"https:\/\/blogs.univ-jfc.fr\/campsdusudouest\/wp-json\/wp\/v2\/comments?post=2277"}],"version-history":[{"count":6,"href":"https:\/\/blogs.univ-jfc.fr\/campsdusudouest\/wp-json\/wp\/v2\/pages\/2277\/revisions"}],"predecessor-version":[{"id":3948,"href":"https:\/\/blogs.univ-jfc.fr\/campsdusudouest\/wp-json\/wp\/v2\/pages\/2277\/revisions\/3948"}],"up":[{"embeddable":true,"href":"https:\/\/blogs.univ-jfc.fr\/campsdusudouest\/wp-json\/wp\/v2\/pages\/234"}],"wp:attachment":[{"href":"https:\/\/blogs.univ-jfc.fr\/campsdusudouest\/wp-json\/wp\/v2\/media?parent=2277"}],"curies":[{"name":"wp","href":"https:\/\/api.w.org\/{rel}","templated":true}]}}