{"id":2423,"date":"2016-03-23T09:55:38","date_gmt":"2016-03-23T08:55:38","guid":{"rendered":"http:\/\/blogs.univ-jfc.fr\/campsdusudouest\/?page_id=2423"},"modified":"2016-03-31T08:29:02","modified_gmt":"2016-03-31T07:29:02","slug":"les-camps-de-lallemagne-nazie-suite","status":"publish","type":"page","link":"https:\/\/blogs.univ-jfc.fr\/campsdusudouest\/le-phenomene-concentrationnaire\/les-camps-dinternement-de-1919-a-1945\/le-phenomene-concentrationaire-pendant-lentre-deux-guerres\/lengrenage-des-camps-dans-la-seconde-guerre-mondiale\/lengrenage-des-camps-dans-la-seconde-guerre-mondiale-suite\/les-camps-de-lallemagne-nazie\/les-camps-de-lallemagne-nazie-suite\/","title":{"rendered":"Les camps de l\u2019Allemagne nazie (suite)"},"content":{"rendered":"<p><a title=\"Les camps de l\u2019Allemagne nazie\u00a0\" href=\"http:\/\/blogs.univ-jfc.fr\/campsdusudouest\/le-phenomene-concentrationnaire\/les-camps-dinternement-de-1919-a-1945\/le-phenomene-concentrationaire-pendant-lentre-deux-guerres\/lengrenage-des-camps-dans-la-seconde-guerre-mondiale\/lengrenage-des-camps-dans-la-seconde-guerre-mondiale-suite\/les-camps-de-lallemagne-nazie\/\">&#8230; Page pr\u00e9c\u00e9dente<\/a><\/p>\n<p><em><span style=\"font-family: Arial, sans-serif\">\u00a0\u00a0\u00a0\u00a0\u00a0\u00a0\u00a0\u00a0\u00a0 Des \u00ab Marches de la mort\u00a0\u00bb \u00e0 la lib\u00e9ration<br \/>\n<\/span><\/em><\/p>\n<p><a href=\"http:\/\/blogs.univ-jfc.fr\/campsdusudouest\/wp-content\/uploads\/sites\/48\/2016\/03\/partie-3-c.gif\"><img loading=\"lazy\" class=\"size-medium wp-image-2742 alignleft\" title=\"Trajets suivis par les marches de la mort au d\u00e9part d'Auschwitz en 1945. Source\u00a0: US Holocaust Memorial Museum.\" alt=\"\" src=\"http:\/\/blogs.univ-jfc.fr\/campsdusudouest\/wp-content\/uploads\/sites\/48\/2016\/03\/partie-3-c-300x196.gif\" width=\"300\" height=\"196\" srcset=\"https:\/\/blogs.univ-jfc.fr\/campsdusudouest\/wp-content\/uploads\/sites\/48\/2016\/03\/partie-3-c-300x196.gif 300w, https:\/\/blogs.univ-jfc.fr\/campsdusudouest\/wp-content\/uploads\/sites\/48\/2016\/03\/partie-3-c-457x300.gif 457w\" sizes=\"(max-width: 300px) 100vw, 300px\" \/><\/a><\/p>\n<p lang=\"fr-FR\" align=\"justify\"><span style=\"font-family: Arial, sans-serif\">\u00a0Suite \u00e0 une lourde d\u00e9faite \u00e0 Stalingrad en 1943, l&rsquo;Allemagne perd progressivement du terrain face \u00e0 l&rsquo;Arm\u00e9e Rouge qui progresse vers l&rsquo;ouest. En juillet 1944, l&rsquo;arm\u00e9e sovi\u00e9tique lib\u00e8re le camp de Majdanek et en septembre de la m\u00eame ann\u00e9e, les atrocit\u00e9s perp\u00e9tu\u00e9es dans le camp sont r\u00e9v\u00e9l\u00e9es \u00e0 Moscou par une commission d&rsquo;enqu\u00eate polonaise-sovi\u00e9tique qui publie les r\u00e9sultats de ses travaux en russe, polonais, anglais et fran\u00e7ais. Les forces sovi\u00e9tiques sont les premi\u00e8res \u00e0 entrer dans un camp d&rsquo;extermination qui, malgr\u00e9 les tentatives de dissimulations allemandes (les fours ont \u00e9t\u00e9 incendi\u00e9s), dispose toujours de chambres \u00e0 gaz intactes. Dans la m\u00eame ann\u00e9e, l&rsquo;Arm\u00e9e Rouge avance jusqu&rsquo;aux trois camps de l&rsquo;action Reinhard, d\u00e9mantel\u00e9s depuis 1943.<\/span><\/p>\n<p lang=\"fr-FR\" align=\"justify\"><span style=\"font-family: Arial, sans-serif\"> Entre temps, Heinrich Himmler, \u00e0 la t\u00eate de la SS, donne l&rsquo;ordre d&rsquo;\u00e9vacuation des camps de concentration, destin\u00e9 \u00e0 soustraire les prisonniers aux Alli\u00e9s dans une ultime tentative de dissimulation des crimes perp\u00e9tr\u00e9s dans les camps. Les \u00e9vacuations se font par marches forc\u00e9es entre avril 1944 et 1945 dans des conditions volontairement difficiles, les gardes SS abattant tout prisonnier incapable de tenir le rythme. <span style=\"color: #252525\">Fin 1944 et d\u00e9but 1945, les marches de la mort permettent de transf\u00e9rer les prisonniers vers l&rsquo;int\u00e9rieur de l&rsquo;Allemagne. Les plus importantes d&rsquo;entre elles sont les marches <\/span><span style=\"color: #252525\">au<\/span><span style=\"color: #252525\"> d\u00e9part d&rsquo;Auschwitz et de Stutthof. Le 18 janvier 1945, 58\u00a0000 d\u00e9tenus quittent le camp d&rsquo;Auschwitz pour une ultime marche de la mort, neuf jour<\/span><span style=\"color: #252525\">s<\/span><span style=\"color: #252525\"> seulement avant la lib\u00e9ration du camp par l&rsquo;arm\u00e9e sovi\u00e9tique. Malgr\u00e9 les efforts des SS pour dissimuler les t\u00e9moignages mat\u00e9riels de la solution finale, de nombreuses preuves sont d\u00e9couvertes \u00e0 Auschwitz, notamment les effets personnels des victimes. On d\u00e9nombre 800\u00a0000 tenues f\u00e9minines et plus de 7000kg de cheveux humains entrepos\u00e9s dans des entrep\u00f4ts.<\/span><\/span><\/p>\n<p lang=\"fr-FR\" align=\"justify\"><span style=\"color: #252525\"><span style=\"font-family: Arial, sans-serif\"> Parall\u00e8lement, dans les camps de concentration, les conditions de vie des d\u00e9tenus se sont d\u00e9grad\u00e9es de mani\u00e8re catastrophique durant les ann\u00e9es 1944 et 1945. On y meurt en masse de famine et de maladie en raison du surpeuplement des structures. A Buchenwald, on d\u00e9nombre 20\u00a0000 d\u00e9tenus pour dix-sept baraques seulement, les camps se transforment en v\u00e9ritables mouroirs qui, ne disposant pas de fours cr\u00e9matoires, sont contraints d&rsquo;entasser les corps.<\/span><\/span><\/p>\n<p lang=\"fr-FR\" align=\"justify\"><span style=\"color: #252525\"><span style=\"font-family: Arial, sans-serif\">Ce sont les conditions d\u00e9sastreuses dans lesquelles les camps se trouvent lors de l&rsquo;arriv\u00e9e des arm\u00e9es Alli\u00e9es de lib\u00e9ration, malgr\u00e9 lesquelles des milliers d&rsquo;intern\u00e9s p\u00e9rirent encore de maladie ou de malnutrition.<\/span><\/span><\/p>\n<p lang=\"fr-FR\" style=\"text-align: center\" align=\"justify\">_________<\/p>\n<p lang=\"fr-FR\" align=\"justify\"><strong>Conclusion<br \/>\n<\/strong><\/p>\n<p lang=\"fr-FR\" align=\"justify\">Nous avons pu voir au cours de notre d\u00e9veloppement que la fonction des camps et les raisons pour lesquelles ils ont \u00e9t\u00e9 ouverts sont diff\u00e9rentes et varient selon les pays. En effet, en URRS, les camps ont vu le jour \u00e0 cause de la peur du renversement politique, au Japon ils sont ouverts pour des raisons de guerre ou encore en Allemagne on les met en place pour r\u00e9pondre \u00e0 une id\u00e9ologie. Certains ont pour fonction de simplement exterminer les gens comme en Allemagne mais d\u2019autres ont pour but de faire travailler de force ces d\u00e9tenues comme en URSS ou en Espagne. De plus, nous pouvons dire, que leur fonction n\u2019a pas toujours \u00e9t\u00e9 la m\u00eame, elle a \u00e9volu\u00e9 pendant la Seconde Guerre mondiale. En effet, en France les camps ont eu pour premi\u00e8re mission d\u2019accueillir les r\u00e9fugi\u00e9s espagnols qui fuyaient la dictature de Franco. Mais apr\u00e8s 1939 avec l\u2019entr\u00e9e en guerre de la France et la mont\u00e9e de la peur de l\u2019\u00e9tranger, les camps sont devenus des lieux de d\u00e9tentions pour ressortissants politiques allemands qui fuyaient le nazisme d\u2019Hitler mais aussi pour les juifs fran\u00e7ais. Ainsi les camps fran\u00e7ais deviennent une \u00e9tape de la d\u00e9portation juive et de l\u2019id\u00e9ologie allemande. De plus, la fonction des camps n\u2019a pas toujours \u00e9t\u00e9 la m\u00eame \u00e9galement en Allemagne. En effet, le r\u00e9gime nazi a tout d\u2019abord enferm\u00e9 les homosexuels, les opposants politiques, \u2026 puis a progressivement \u00e9largi ses pr\u00e9textes d\u2019enfermements \u00e0 son id\u00e9ologie, c\u2019est-\u00e0-dire extermin\u00e9 la race juive. La fonction des camps va alors passer de la simple r\u00e9\u00e9ducation des citoyens allemands jusqu\u2019\u00e0 l\u2019extermination syst\u00e9matique d\u2019un peuple.<\/p>\n<p lang=\"fr-FR\" align=\"justify\">Malgr\u00e9 l\u2019apog\u00e9e du syst\u00e8me concentrationnaire pendant la Seconde Guerre mondiale, <a title=\"1945\u2026 et apr\u00e8s ?\" href=\"http:\/\/blogs.univ-jfc.fr\/campsdusudouest\/1945-et-apres\/\" target=\"_blank\">des camps subsistent<\/a> apr\u00e8s celle-ci. Comme par exemple en France o\u00f9 des camps resteront ouverts jusqu\u2019en 1946 pour accueillir des collaborateurs au r\u00e9gime nazi.<\/p>\n","protected":false},"excerpt":{"rendered":"<p>&#8230; Page pr\u00e9c\u00e9dente \u00a0\u00a0\u00a0\u00a0\u00a0\u00a0\u00a0\u00a0\u00a0 Des \u00ab Marches de la mort\u00a0\u00bb \u00e0 la lib\u00e9ration \u00a0Suite \u00e0 une lourde d\u00e9faite \u00e0 Stalingrad en 1943, l&rsquo;Allemagne perd progressivement du terrain face \u00e0 l&rsquo;Arm\u00e9e Rouge qui progresse vers l&rsquo;ouest. En juillet 1944, l&rsquo;arm\u00e9e sovi\u00e9tique &hellip; <a href=\"https:\/\/blogs.univ-jfc.fr\/campsdusudouest\/le-phenomene-concentrationnaire\/les-camps-dinternement-de-1919-a-1945\/le-phenomene-concentrationaire-pendant-lentre-deux-guerres\/lengrenage-des-camps-dans-la-seconde-guerre-mondiale\/lengrenage-des-camps-dans-la-seconde-guerre-mondiale-suite\/les-camps-de-lallemagne-nazie\/les-camps-de-lallemagne-nazie-suite\/\">Lire la suite <span class=\"meta-nav\">&rarr;<\/span><\/a><\/p>\n","protected":false},"author":215,"featured_media":0,"parent":2416,"menu_order":0,"comment_status":"closed","ping_status":"open","template":"","meta":[],"_links":{"self":[{"href":"https:\/\/blogs.univ-jfc.fr\/campsdusudouest\/wp-json\/wp\/v2\/pages\/2423"}],"collection":[{"href":"https:\/\/blogs.univ-jfc.fr\/campsdusudouest\/wp-json\/wp\/v2\/pages"}],"about":[{"href":"https:\/\/blogs.univ-jfc.fr\/campsdusudouest\/wp-json\/wp\/v2\/types\/page"}],"author":[{"embeddable":true,"href":"https:\/\/blogs.univ-jfc.fr\/campsdusudouest\/wp-json\/wp\/v2\/users\/215"}],"replies":[{"embeddable":true,"href":"https:\/\/blogs.univ-jfc.fr\/campsdusudouest\/wp-json\/wp\/v2\/comments?post=2423"}],"version-history":[{"count":9,"href":"https:\/\/blogs.univ-jfc.fr\/campsdusudouest\/wp-json\/wp\/v2\/pages\/2423\/revisions"}],"predecessor-version":[{"id":4000,"href":"https:\/\/blogs.univ-jfc.fr\/campsdusudouest\/wp-json\/wp\/v2\/pages\/2423\/revisions\/4000"}],"up":[{"embeddable":true,"href":"https:\/\/blogs.univ-jfc.fr\/campsdusudouest\/wp-json\/wp\/v2\/pages\/2416"}],"wp:attachment":[{"href":"https:\/\/blogs.univ-jfc.fr\/campsdusudouest\/wp-json\/wp\/v2\/media?parent=2423"}],"curies":[{"name":"wp","href":"https:\/\/api.w.org\/{rel}","templated":true}]}}

<p><a title="Les camps de l’Allemagne nazie " href="http://blogs.univ-jfc.fr/campsdusudouest/le-phenomene-concentrationnaire/les-camps-dinternement-de-1919-a-1945/le-phenomene-concentrationaire-pendant-lentre-deux-guerres/lengrenage-des-camps-dans-la-seconde-guerre-mondiale/lengrenage-des-camps-dans-la-seconde-guerre-mondiale-suite/les-camps-de-lallemagne-nazie/">&#8230; Page précédente</a></p>
<p><em><span style="font-family: Arial, sans-serif">          Des « Marches de la mort » à la libération<br />
</span></em></p>
<p><a href="http://blogs.univ-jfc.fr/campsdusudouest/wp-content/uploads/sites/48/2016/03/partie-3-c.gif"><img loading="lazy" class="size-medium wp-image-2742 alignleft" title="Trajets suivis par les marches de la mort au départ d'Auschwitz en 1945. Source : US Holocaust Memorial Museum." alt="" src="http://blogs.univ-jfc.fr/campsdusudouest/wp-content/uploads/sites/48/2016/03/partie-3-c-300x196.gif" width="300" height="196" srcset="https://blogs.univ-jfc.fr/campsdusudouest/wp-content/uploads/sites/48/2016/03/partie-3-c-300x196.gif 300w, https://blogs.univ-jfc.fr/campsdusudouest/wp-content/uploads/sites/48/2016/03/partie-3-c-457x300.gif 457w" sizes="(max-width: 300px) 100vw, 300px" /></a></p>
<p lang="fr-FR" align="justify"><span style="font-family: Arial, sans-serif"> Suite à une lourde défaite à Stalingrad en 1943, l&rsquo;Allemagne perd progressivement du terrain face à l&rsquo;Armée Rouge qui progresse vers l&rsquo;ouest. En juillet 1944, l&rsquo;armée soviétique libère le camp de Majdanek et en septembre de la même année, les atrocités perpétuées dans le camp sont révélées à Moscou par une commission d&rsquo;enquête polonaise-soviétique qui publie les résultats de ses travaux en russe, polonais, anglais et français. Les forces soviétiques sont les premières à entrer dans un camp d&rsquo;extermination qui, malgré les tentatives de dissimulations allemandes (les fours ont été incendiés), dispose toujours de chambres à gaz intactes. Dans la même année, l&rsquo;Armée Rouge avance jusqu&rsquo;aux trois camps de l&rsquo;action Reinhard, démantelés depuis 1943.</span></p>
<p lang="fr-FR" align="justify"><span style="font-family: Arial, sans-serif"> Entre temps, Heinrich Himmler, à la tête de la SS, donne l&rsquo;ordre d&rsquo;évacuation des camps de concentration, destiné à soustraire les prisonniers aux Alliés dans une ultime tentative de dissimulation des crimes perpétrés dans les camps. Les évacuations se font par marches forcées entre avril 1944 et 1945 dans des conditions volontairement difficiles, les gardes SS abattant tout prisonnier incapable de tenir le rythme. <span style="color: #252525">Fin 1944 et début 1945, les marches de la mort permettent de transférer les prisonniers vers l&rsquo;intérieur de l&rsquo;Allemagne. Les plus importantes d&rsquo;entre elles sont les marches </span><span style="color: #252525">au</span><span style="color: #252525"> départ d&rsquo;Auschwitz et de Stutthof. Le 18 janvier 1945, 58 000 détenus quittent le camp d&rsquo;Auschwitz pour une ultime marche de la mort, neuf jour</span><span style="color: #252525">s</span><span style="color: #252525"> seulement avant la libération du camp par l&rsquo;armée soviétique. Malgré les efforts des SS pour dissimuler les témoignages matériels de la solution finale, de nombreuses preuves sont découvertes à Auschwitz, notamment les effets personnels des victimes. On dénombre 800 000 tenues féminines et plus de 7000kg de cheveux humains entreposés dans des entrepôts.</span></span></p>
<p lang="fr-FR" align="justify"><span style="color: #252525"><span style="font-family: Arial, sans-serif"> Parallèlement, dans les camps de concentration, les conditions de vie des détenus se sont dégradées de manière catastrophique durant les années 1944 et 1945. On y meurt en masse de famine et de maladie en raison du surpeuplement des structures. A Buchenwald, on dénombre 20 000 détenus pour dix-sept baraques seulement, les camps se transforment en véritables mouroirs qui, ne disposant pas de fours crématoires, sont contraints d&rsquo;entasser les corps.</span></span></p>
<p lang="fr-FR" align="justify"><span style="color: #252525"><span style="font-family: Arial, sans-serif">Ce sont les conditions désastreuses dans lesquelles les camps se trouvent lors de l&rsquo;arrivée des armées Alliées de libération, malgré lesquelles des milliers d&rsquo;internés périrent encore de maladie ou de malnutrition.</span></span></p>
<p lang="fr-FR" style="text-align: center" align="justify">_________</p>
<p lang="fr-FR" align="justify"><strong>Conclusion<br />
</strong></p>
<p lang="fr-FR" align="justify">Nous avons pu voir au cours de notre développement que la fonction des camps et les raisons pour lesquelles ils ont été ouverts sont différentes et varient selon les pays. En effet, en URRS, les camps ont vu le jour à cause de la peur du renversement politique, au Japon ils sont ouverts pour des raisons de guerre ou encore en Allemagne on les met en place pour répondre à une idéologie. Certains ont pour fonction de simplement exterminer les gens comme en Allemagne mais d’autres ont pour but de faire travailler de force ces détenues comme en URSS ou en Espagne. De plus, nous pouvons dire, que leur fonction n’a pas toujours été la même, elle a évolué pendant la Seconde Guerre mondiale. En effet, en France les camps ont eu pour première mission d’accueillir les réfugiés espagnols qui fuyaient la dictature de Franco. Mais après 1939 avec l’entrée en guerre de la France et la montée de la peur de l’étranger, les camps sont devenus des lieux de détentions pour ressortissants politiques allemands qui fuyaient le nazisme d’Hitler mais aussi pour les juifs français. Ainsi les camps français deviennent une étape de la déportation juive et de l’idéologie allemande. De plus, la fonction des camps n’a pas toujours été la même également en Allemagne. En effet, le régime nazi a tout d’abord enfermé les homosexuels, les opposants politiques, … puis a progressivement élargi ses prétextes d’enfermements à son idéologie, c’est-à-dire exterminé la race juive. La fonction des camps va alors passer de la simple rééducation des citoyens allemands jusqu’à l’extermination systématique d’un peuple.</p>
<p lang="fr-FR" align="justify">Malgré l’apogée du système concentrationnaire pendant la Seconde Guerre mondiale, <a title="1945… et après ?" href="http://blogs.univ-jfc.fr/campsdusudouest/1945-et-apres/" target="_blank">des camps subsistent</a> après celle-ci. Comme par exemple en France où des camps resteront ouverts jusqu’en 1946 pour accueillir des collaborateurs au régime nazi.</p>

<p>&#8230; Page précédente           Des « Marches de la mort » à la libération  Suite à une lourde défaite à Stalingrad en 1943, l&rsquo;Allemagne perd progressivement du terrain face à l&rsquo;Armée Rouge qui progresse vers l&rsquo;ouest. En juillet 1944, l&rsquo;armée soviétique &hellip; <a href="https://blogs.univ-jfc.fr/campsdusudouest/le-phenomene-concentrationnaire/les-camps-dinternement-de-1919-a-1945/le-phenomene-concentrationaire-pendant-lentre-deux-guerres/lengrenage-des-camps-dans-la-seconde-guerre-mondiale/lengrenage-des-camps-dans-la-seconde-guerre-mondiale-suite/les-camps-de-lallemagne-nazie/les-camps-de-lallemagne-nazie-suite/">Lire la suite <span class="meta-nav">&rarr;</span></a></p>
