{"id":2755,"date":"2016-03-24T09:16:19","date_gmt":"2016-03-24T08:16:19","guid":{"rendered":"http:\/\/blogs.univ-jfc.fr\/campsdusudouest\/?page_id=2755"},"modified":"2016-04-12T09:06:50","modified_gmt":"2016-04-12T08:06:50","slug":"le-camp-des-milles","status":"publish","type":"page","link":"https:\/\/blogs.univ-jfc.fr\/campsdusudouest\/1945-et-apres\/reconversion-des-camps\/le-camp-des-milles\/","title":{"rendered":"Le camp des Milles"},"content":{"rendered":"<p style=\"text-align: justify\"><span style=\"color: #000000\">Le camp des Milles se trouve aux alentours d&rsquo;Aix en Provence et utilise les b\u00e2timents d&rsquo;une ancienne briqueterie. Le camp des Milles a pour fonction pendant la guerre de rassembler les \u00e9trangers, en particulier les allemands ayant fui le nazisme. Par la suite, Milles va devenir un camp de transit pour la population juive et participe donc \u00e0 la politique d&rsquo;extermination de cette population. Le b\u00e2timent est r\u00e9quisitionn\u00e9 pour le stockage de munitions et passe sous contr\u00f4le de l&rsquo;arm\u00e9e allemande. A partir de 1944, l&rsquo;arm\u00e9e am\u00e9ricaine s&rsquo;y installe apr\u00e8s le d\u00e9barquement. Par la suite, il est lib\u00e9r\u00e9 en 1946 et reprendra ses fonctions d&rsquo;origine jusqu&rsquo;en 1987, o\u00f9 il devient un entrep\u00f4t, puis est abandonn\u00e9.<\/span><\/p>\n<div id=\"attachment_2856\" style=\"width: 650px\" class=\"wp-caption aligncenter\"><a href=\"http:\/\/blogs.univ-jfc.fr\/campsdusudouest\/wp-content\/uploads\/sites\/48\/2016\/03\/640px-Camp_des_Milles_20_Les_Milles_Bouches-du-Rh\u00f4ne_France.jpg\"><img aria-describedby=\"caption-attachment-2856\" loading=\"lazy\" class=\"size-full wp-image-2856\" alt=\"Camp des Milles (Bouches-du-Rh\u00f4ne, France)\" src=\"http:\/\/blogs.univ-jfc.fr\/campsdusudouest\/wp-content\/uploads\/sites\/48\/2016\/03\/640px-Camp_des_Milles_20_Les_Milles_Bouches-du-Rh\u00f4ne_France.jpg\" width=\"640\" height=\"480\" srcset=\"https:\/\/blogs.univ-jfc.fr\/campsdusudouest\/wp-content\/uploads\/sites\/48\/2016\/03\/640px-Camp_des_Milles_20_Les_Milles_Bouches-du-Rh\u00f4ne_France.jpg 640w, https:\/\/blogs.univ-jfc.fr\/campsdusudouest\/wp-content\/uploads\/sites\/48\/2016\/03\/640px-Camp_des_Milles_20_Les_Milles_Bouches-du-Rh\u00f4ne_France-300x225.jpg 300w, https:\/\/blogs.univ-jfc.fr\/campsdusudouest\/wp-content\/uploads\/sites\/48\/2016\/03\/640px-Camp_des_Milles_20_Les_Milles_Bouches-du-Rh\u00f4ne_France-400x300.jpg 400w\" sizes=\"(max-width: 640px) 100vw, 640px\" \/><\/a><p id=\"caption-attachment-2856\" class=\"wp-caption-text\">Camp des Milles (Bouches-du-Rh\u00f4ne, France)<\/p><\/div>\n<p style=\"text-align: justify\"><span style=\"color: #000000\">Les premiers \u00e0 s\u2019y int\u00e9resser et \u00e0 en faire l&rsquo;\u00e9tude sont les chercheurs allemands. Ils s&rsquo;int\u00e9ressent avant tout aux exil\u00e9s et intern\u00e9s allemands de ce camp qui ont particip\u00e9 \u00e0 l&rsquo;enrichissement en \u0153uvres artistiques de celui-ci. En effet, les Milles compte plus de 3000 \u0153uvres qui vont de 1939 (date <span style=\"font-family: Arial,serif\"><span style=\"font-size: medium\"><span style=\"font-family: Arial,serif\"><span style=\"font-size: medium\">d&rsquo;ouverture du camp) jusqu&rsquo;\u00e0 1942 (au moment o\u00f9 il devient un camp de transit pour les juifs). Les plus c\u00e9l\u00e8bres d\u00e9tenus \u00e9tant\u00a0: Max Ernst, Robert Liebknecht (peinture et dessin), <\/span><\/span><\/span><\/span><span style=\"font-family: Arial,serif\"><span style=\"font-size: medium\"><span style=\"font-family: Arial,serif\"><span style=\"font-size: medium\">Golo Mann, Alfred Kantorowicz, Lion Feuchtwanger, Franz Hessel ( litt\u00e9rature), et Otto Meyerhof (les sciences). <\/span><\/span><\/span><\/span><\/span><\/p>\n<div id=\"attachment_2845\" style=\"width: 810px\" class=\"wp-caption aligncenter\"><a href=\"http:\/\/blogs.univ-jfc.fr\/campsdusudouest\/wp-content\/uploads\/sites\/48\/2016\/03\/Fresque_au_camp_des_Milles.jpg\"><img aria-describedby=\"caption-attachment-2845\" loading=\"lazy\" class=\"size-full wp-image-2845\" alt=\"Fresque au camp des Milles\" src=\"http:\/\/blogs.univ-jfc.fr\/campsdusudouest\/wp-content\/uploads\/sites\/48\/2016\/03\/Fresque_au_camp_des_Milles.jpg\" width=\"800\" height=\"530\" srcset=\"https:\/\/blogs.univ-jfc.fr\/campsdusudouest\/wp-content\/uploads\/sites\/48\/2016\/03\/Fresque_au_camp_des_Milles.jpg 800w, https:\/\/blogs.univ-jfc.fr\/campsdusudouest\/wp-content\/uploads\/sites\/48\/2016\/03\/Fresque_au_camp_des_Milles-300x198.jpg 300w, https:\/\/blogs.univ-jfc.fr\/campsdusudouest\/wp-content\/uploads\/sites\/48\/2016\/03\/Fresque_au_camp_des_Milles-452x300.jpg 452w\" sizes=\"(max-width: 800px) 100vw, 800px\" \/><\/a><p id=\"caption-attachment-2845\" class=\"wp-caption-text\">Fresque au camp des Milles<\/p><\/div>\n<p style=\"text-align: justify\"><span style=\"color: #000000\"><span style=\"font-family: Arial,serif\"><span style=\"font-size: medium\"><span style=\"font-family: Arial,serif\"><span style=\"font-size: medium\">La red\u00e9couverte de ce camp par la population fran\u00e7aise va se faire lorsque l&rsquo;on menace de raser le r\u00e9fectoire des gardiens en 1982, c&rsquo;est une association d&rsquo;anciens r\u00e9sistants et d\u00e9port\u00e9s qui va se mobiliser pour emp\u00eacher la disparition de ce patrimoine. Gr\u00e2ce \u00e0 cette mobilisation, le r\u00e9fectoire (la pi\u00e8ce o\u00f9 les \u0153uvres artistiques sont les plus nombreuses) est inscrit \u00e0 l&rsquo;inventaire des monuments historique le 3 novembre 1983. En 2004 c&rsquo;est l&rsquo;ensemble du site qui sera inscrit aux monuments historiques par le Minist\u00e8re de la Culture. Par cons\u00e9quent, en 2009 la premi\u00e8re pierre est pos\u00e9e sous le parrainage du Pr\u00e9sident de la R\u00e9publique et le 10 septembre 2012 le \u00ab\u00a0Site-M\u00e9morial\u00a0\u00bb ouvre ses portes au public.<\/span><\/span><\/span><\/span><span style=\"font-family: Arial,serif\"><span style=\"font-size: medium\"><span style=\"font-family: Arial,serif\"><span style=\"font-size: medium\"> H\u00e9l\u00e8ne Camarade nous d\u00e9crit l&rsquo;exemple d&rsquo;am\u00e9nagement fait par le mus\u00e9e du camp des Milles\u00a0: <\/span><\/span><\/span><\/span><\/span><\/p>\n<p>&nbsp;<\/p>\n<blockquote>\n<p align=\"center\"><span style=\"color: #000000\"><span style=\"font-family: Arial,serif\"><span style=\"font-size: medium\"><span style=\"color: #000000\"><span style=\"font-family: Arial,serif\"><span style=\"font-size: medium\"><span style=\"color: #000000\"><span style=\"font-family: Arial,serif\"><span style=\"font-size: medium\"><i>\u00ab\u00a0Les Milles divis<\/i><\/span><\/span><\/span><\/span><\/span><\/span><span style=\"font-family: Arial,serif\"><i>\u00e9 en trois espaces distincts, le mus\u00e9e d\u2019histoire qui livre des informations historiques, le lieu historique (en l\u2019occurrence les salles conserv\u00e9es du camp) qui fait appel aux \u00e9motions des visiteurs, et enfin le mus\u00e9e d\u2019\u00e9ducation civique et citoyenne qui invite ces derniers \u00e0 tirer du pass\u00e9 des enseignements pour le pr\u00e9sent \u2013 ces trois espaces se succ\u00e9dant au fil de la m\u00eame visite.\u00a0\u00bb<\/i><\/span><\/span><\/span><\/span><\/p>\n<\/blockquote>\n","protected":false},"excerpt":{"rendered":"<p>Le camp des Milles se trouve aux alentours d&rsquo;Aix en Provence et utilise les b\u00e2timents d&rsquo;une ancienne briqueterie. Le camp des Milles a pour fonction pendant la guerre de rassembler les \u00e9trangers, en particulier les allemands ayant fui le nazisme. &hellip; <a href=\"https:\/\/blogs.univ-jfc.fr\/campsdusudouest\/1945-et-apres\/reconversion-des-camps\/le-camp-des-milles\/\">Lire la suite <span class=\"meta-nav\">&rarr;<\/span><\/a><\/p>\n","protected":false},"author":173,"featured_media":0,"parent":104,"menu_order":0,"comment_status":"closed","ping_status":"open","template":"","meta":[],"_links":{"self":[{"href":"https:\/\/blogs.univ-jfc.fr\/campsdusudouest\/wp-json\/wp\/v2\/pages\/2755"}],"collection":[{"href":"https:\/\/blogs.univ-jfc.fr\/campsdusudouest\/wp-json\/wp\/v2\/pages"}],"about":[{"href":"https:\/\/blogs.univ-jfc.fr\/campsdusudouest\/wp-json\/wp\/v2\/types\/page"}],"author":[{"embeddable":true,"href":"https:\/\/blogs.univ-jfc.fr\/campsdusudouest\/wp-json\/wp\/v2\/users\/173"}],"replies":[{"embeddable":true,"href":"https:\/\/blogs.univ-jfc.fr\/campsdusudouest\/wp-json\/wp\/v2\/comments?post=2755"}],"version-history":[{"count":8,"href":"https:\/\/blogs.univ-jfc.fr\/campsdusudouest\/wp-json\/wp\/v2\/pages\/2755\/revisions"}],"predecessor-version":[{"id":4471,"href":"https:\/\/blogs.univ-jfc.fr\/campsdusudouest\/wp-json\/wp\/v2\/pages\/2755\/revisions\/4471"}],"up":[{"embeddable":true,"href":"https:\/\/blogs.univ-jfc.fr\/campsdusudouest\/wp-json\/wp\/v2\/pages\/104"}],"wp:attachment":[{"href":"https:\/\/blogs.univ-jfc.fr\/campsdusudouest\/wp-json\/wp\/v2\/media?parent=2755"}],"curies":[{"name":"wp","href":"https:\/\/api.w.org\/{rel}","templated":true}]}}