{"id":3478,"date":"2016-03-30T08:14:19","date_gmt":"2016-03-30T07:14:19","guid":{"rendered":"http:\/\/blogs.univ-jfc.fr\/campsdusudouest\/?page_id=3478"},"modified":"2016-03-31T08:10:46","modified_gmt":"2016-03-31T07:10:46","slug":"tableau-des-sous-effectifs-du-personnel","status":"publish","type":"page","link":"https:\/\/blogs.univ-jfc.fr\/campsdusudouest\/hommes-et-femmes-des-camps\/le-personnel-des-camps\/un-systeme-de-surveillance-defaillant\/tableau-des-sous-effectifs-du-personnel\/","title":{"rendered":"Tableau des sous-effectifs du personnel"},"content":{"rendered":"<p align=\"justify\"><span style=\"font-family: Arial, sans-serif\">Comme on le voit dans le tableau ci-dessus, le tiers des d\u00e9parts connus s&rsquo;effectuent avant les six premiers mois dans le camp, pr\u00e8s de la moiti\u00e9 du personnel part avant un an. En effet, la premi\u00e8re ligne repr\u00e9sente l&rsquo;effectif pr\u00e9sent au sein du camp. Parfois l&rsquo;administration fait tourner les effectifs rapidement pour \u00e9viter que le personnel prenne part \u00e0 des actes ill\u00e9gaux. Les autres lignes le temps pass\u00e9 en tant que membre du personnel du camp. Ces statistiques ont \u00e9t\u00e9 obtenues pour le camp de Saint-Sulpice.<\/span><\/p>\n<p style=\"text-align: center\">\u00a0<span style=\"font-family: Arial, sans-serif\"><span style=\"text-decoration: underline\">Dur\u00e9e du temps pass\u00e9 par le personnel \u00e0 Saint-Sulpice<a href=\"#sdfootnote1sym\" name=\"sdfootnote1anc\"><sup>1<\/sup><\/a>.<\/span><\/span><\/p>\n<div id=\"attachment_3482\" style=\"width: 310px\" class=\"wp-caption aligncenter\"><a href=\"http:\/\/blogs.univ-jfc.fr\/campsdusudouest\/wp-content\/uploads\/sites\/48\/2016\/03\/Capture-d\u2019e\u0301cran-2016-03-30-a\u0300-09.08.04.png\"><img aria-describedby=\"caption-attachment-3482\" loading=\"lazy\" class=\"size-medium wp-image-3482 \" title=\"Source : Denis Peschanski, La France des camps. L'internement, Paris, Gallimard, 2002\" alt=\"Tableau des sous-effectifs du personnel\" src=\"http:\/\/blogs.univ-jfc.fr\/campsdusudouest\/wp-content\/uploads\/sites\/48\/2016\/03\/Capture-d\u2019e\u0301cran-2016-03-30-a\u0300-09.08.04-300x176.png\" width=\"300\" height=\"176\" srcset=\"https:\/\/blogs.univ-jfc.fr\/campsdusudouest\/wp-content\/uploads\/sites\/48\/2016\/03\/Capture-d\u2019e\u0301cran-2016-03-30-a\u0300-09.08.04-300x176.png 300w, https:\/\/blogs.univ-jfc.fr\/campsdusudouest\/wp-content\/uploads\/sites\/48\/2016\/03\/Capture-d\u2019e\u0301cran-2016-03-30-a\u0300-09.08.04-500x294.png 500w, https:\/\/blogs.univ-jfc.fr\/campsdusudouest\/wp-content\/uploads\/sites\/48\/2016\/03\/Capture-d\u2019e\u0301cran-2016-03-30-a\u0300-09.08.04.png 822w\" sizes=\"(max-width: 300px) 100vw, 300px\" \/><\/a><p id=\"caption-attachment-3482\" class=\"wp-caption-text\">Tableau des sous-effectifs du personnel<\/p><\/div>\n<div id=\"sdfootnote1\">\n<p><a href=\"#sdfootnote1anc\" name=\"sdfootnote1sym\">1<\/a>Peschanski D., <i>La France des camps. L&rsquo;internement, 1938-1946<\/i>, Paris, Gallimard, 2002.<\/p>\n<\/div>\n","protected":false},"excerpt":{"rendered":"<p>Comme on le voit dans le tableau ci-dessus, le tiers des d\u00e9parts connus s&rsquo;effectuent avant les six premiers mois dans le camp, pr\u00e8s de la moiti\u00e9 du personnel part avant un an. En effet, la premi\u00e8re ligne repr\u00e9sente l&rsquo;effectif pr\u00e9sent &hellip; <a href=\"https:\/\/blogs.univ-jfc.fr\/campsdusudouest\/hommes-et-femmes-des-camps\/le-personnel-des-camps\/un-systeme-de-surveillance-defaillant\/tableau-des-sous-effectifs-du-personnel\/\">Lire la suite <span class=\"meta-nav\">&rarr;<\/span><\/a><\/p>\n","protected":false},"author":199,"featured_media":0,"parent":721,"menu_order":0,"comment_status":"closed","ping_status":"open","template":"","meta":[],"_links":{"self":[{"href":"https:\/\/blogs.univ-jfc.fr\/campsdusudouest\/wp-json\/wp\/v2\/pages\/3478"}],"collection":[{"href":"https:\/\/blogs.univ-jfc.fr\/campsdusudouest\/wp-json\/wp\/v2\/pages"}],"about":[{"href":"https:\/\/blogs.univ-jfc.fr\/campsdusudouest\/wp-json\/wp\/v2\/types\/page"}],"author":[{"embeddable":true,"href":"https:\/\/blogs.univ-jfc.fr\/campsdusudouest\/wp-json\/wp\/v2\/users\/199"}],"replies":[{"embeddable":true,"href":"https:\/\/blogs.univ-jfc.fr\/campsdusudouest\/wp-json\/wp\/v2\/comments?post=3478"}],"version-history":[{"count":4,"href":"https:\/\/blogs.univ-jfc.fr\/campsdusudouest\/wp-json\/wp\/v2\/pages\/3478\/revisions"}],"predecessor-version":[{"id":3888,"href":"https:\/\/blogs.univ-jfc.fr\/campsdusudouest\/wp-json\/wp\/v2\/pages\/3478\/revisions\/3888"}],"up":[{"embeddable":true,"href":"https:\/\/blogs.univ-jfc.fr\/campsdusudouest\/wp-json\/wp\/v2\/pages\/721"}],"wp:attachment":[{"href":"https:\/\/blogs.univ-jfc.fr\/campsdusudouest\/wp-json\/wp\/v2\/media?parent=3478"}],"curies":[{"name":"wp","href":"https:\/\/api.w.org\/{rel}","templated":true}]}}