{"id":3634,"date":"2016-03-30T19:41:21","date_gmt":"2016-03-30T18:41:21","guid":{"rendered":"http:\/\/blogs.univ-jfc.fr\/campsdusudouest\/?page_id=3634"},"modified":"2016-04-12T18:49:32","modified_gmt":"2016-04-12T17:49:32","slug":"3634-2","status":"publish","type":"page","link":"https:\/\/blogs.univ-jfc.fr\/campsdusudouest\/les-camps-et-leur-environnement\/les-camps-et-leur-environnement-local\/iconographie-et-documents-darchives\/3634-2\/","title":{"rendered":"Quelques \u00e9l\u00e9ments iconographiques"},"content":{"rendered":"<div id=\"attachment_3633\" style=\"width: 310px\" class=\"wp-caption aligncenter\"><a href=\"http:\/\/blogs.univ-jfc.fr\/campsdusudouest\/wp-content\/uploads\/sites\/48\/2016\/03\/Brens-baraq1.gif\"><img aria-describedby=\"caption-attachment-3633\" loading=\"lazy\" class=\"size-medium wp-image-3633 \" alt=\"http:\/\/apsicbr.free.fr\/brens.htm\" src=\"http:\/\/blogs.univ-jfc.fr\/campsdusudouest\/wp-content\/uploads\/sites\/48\/2016\/03\/Brens-baraq1-300x197.gif\" width=\"300\" height=\"197\" \/><\/a><p id=\"caption-attachment-3633\" class=\"wp-caption-text\">Camp de Brens, vue c\u00f4t\u00e9 sud<\/p><\/div>\n<p style=\"text-align: justify\"><span style=\"font-size: medium\">Cette image repr\u00e9sente le camp de Brens du c\u00f4t\u00e9 sud. On remarque l&rsquo;isolement du camp ; autour de ce dernier seulement des champs sont visibles. A l&rsquo;arri\u00e8re du camp, on aper\u00e7oit des platanes qui longent la route servant aux \u00e9changes notamment pour le ravitaillement.<\/span><\/p>\n<div id=\"attachment_815\" style=\"width: 310px\" class=\"wp-caption aligncenter\"><a href=\"http:\/\/blogs.univ-jfc.fr\/campsdusudouest\/wp-content\/uploads\/sites\/48\/2016\/03\/camp-de-brens-gaillac-en-fond.jpg\"><img aria-describedby=\"caption-attachment-815\" loading=\"lazy\" class=\"size-medium wp-image-815 \" alt=\"apsicbr.wordpress.com\" src=\"http:\/\/blogs.univ-jfc.fr\/campsdusudouest\/wp-content\/uploads\/sites\/48\/2016\/03\/camp-de-brens-gaillac-en-fond-300x205.jpg\" width=\"300\" height=\"205\" srcset=\"https:\/\/blogs.univ-jfc.fr\/campsdusudouest\/wp-content\/uploads\/sites\/48\/2016\/03\/camp-de-brens-gaillac-en-fond-300x205.jpg 300w, https:\/\/blogs.univ-jfc.fr\/campsdusudouest\/wp-content\/uploads\/sites\/48\/2016\/03\/camp-de-brens-gaillac-en-fond-437x300.jpg 437w, https:\/\/blogs.univ-jfc.fr\/campsdusudouest\/wp-content\/uploads\/sites\/48\/2016\/03\/camp-de-brens-gaillac-en-fond.jpg 712w\" sizes=\"(max-width: 300px) 100vw, 300px\" \/><\/a><p id=\"caption-attachment-815\" class=\"wp-caption-text\">Camp de Brens, vue d&rsquo;un mirador<\/p><\/div>\n<p style=\"text-align: justify\"><span style=\"font-size: medium\">En arri\u00e8re plan, on voit le village de Gaillac. Sur cette image, on se rend compte de sa proximit\u00e9 avec le camp de Brens. En effet, les baraquements n&rsquo;\u00e9taient pas cach\u00e9s aux \u00a0villageois qui les voyaient quotidiennement.\u00a0<\/span><\/p>\n<div id=\"attachment_2136\" style=\"width: 310px\" class=\"wp-caption aligncenter\"><a href=\"http:\/\/blogs.univ-jfc.fr\/campsdusudouest\/wp-content\/uploads\/sites\/48\/2016\/03\/camp-de-rieucros1.jpg\"><img aria-describedby=\"caption-attachment-2136\" loading=\"lazy\" class=\"size-medium wp-image-2136 \" alt=\"apsicbr.wordpress.com\" src=\"http:\/\/blogs.univ-jfc.fr\/campsdusudouest\/wp-content\/uploads\/sites\/48\/2016\/03\/camp-de-rieucros1-300x200.jpg\" width=\"300\" height=\"200\" srcset=\"https:\/\/blogs.univ-jfc.fr\/campsdusudouest\/wp-content\/uploads\/sites\/48\/2016\/03\/camp-de-rieucros1-300x200.jpg 300w, https:\/\/blogs.univ-jfc.fr\/campsdusudouest\/wp-content\/uploads\/sites\/48\/2016\/03\/camp-de-rieucros1-448x300.jpg 448w, https:\/\/blogs.univ-jfc.fr\/campsdusudouest\/wp-content\/uploads\/sites\/48\/2016\/03\/camp-de-rieucros1.jpg 600w\" sizes=\"(max-width: 300px) 100vw, 300px\" \/><\/a><p id=\"caption-attachment-2136\" class=\"wp-caption-text\">Camp de Rieucros<\/p><\/div>\n<p style=\"text-align: justify\"><span style=\"font-size: medium\">On remarque que le camp de Rieucros se situe en montagne donc relativement isol\u00e9. On peut donc s&rsquo;imaginer des conditions de vie difficiles, particuli\u00e8rement en hiver, et des probl\u00e8mes pour le ravitaillement.<\/span><\/p>\n<p style=\"text-align: justify\">\n","protected":false},"excerpt":{"rendered":"<p>Cette image repr\u00e9sente le camp de Brens du c\u00f4t\u00e9 sud. On remarque l&rsquo;isolement du camp ; autour de ce dernier seulement des champs sont visibles. A l&rsquo;arri\u00e8re du camp, on aper\u00e7oit des platanes qui longent la route servant aux \u00e9changes &hellip; <a href=\"https:\/\/blogs.univ-jfc.fr\/campsdusudouest\/les-camps-et-leur-environnement\/les-camps-et-leur-environnement-local\/iconographie-et-documents-darchives\/3634-2\/\">Lire la suite <span class=\"meta-nav\">&rarr;<\/span><\/a><\/p>\n","protected":false},"author":188,"featured_media":0,"parent":1938,"menu_order":0,"comment_status":"closed","ping_status":"open","template":"","meta":[],"_links":{"self":[{"href":"https:\/\/blogs.univ-jfc.fr\/campsdusudouest\/wp-json\/wp\/v2\/pages\/3634"}],"collection":[{"href":"https:\/\/blogs.univ-jfc.fr\/campsdusudouest\/wp-json\/wp\/v2\/pages"}],"about":[{"href":"https:\/\/blogs.univ-jfc.fr\/campsdusudouest\/wp-json\/wp\/v2\/types\/page"}],"author":[{"embeddable":true,"href":"https:\/\/blogs.univ-jfc.fr\/campsdusudouest\/wp-json\/wp\/v2\/users\/188"}],"replies":[{"embeddable":true,"href":"https:\/\/blogs.univ-jfc.fr\/campsdusudouest\/wp-json\/wp\/v2\/comments?post=3634"}],"version-history":[{"count":5,"href":"https:\/\/blogs.univ-jfc.fr\/campsdusudouest\/wp-json\/wp\/v2\/pages\/3634\/revisions"}],"predecessor-version":[{"id":4488,"href":"https:\/\/blogs.univ-jfc.fr\/campsdusudouest\/wp-json\/wp\/v2\/pages\/3634\/revisions\/4488"}],"up":[{"embeddable":true,"href":"https:\/\/blogs.univ-jfc.fr\/campsdusudouest\/wp-json\/wp\/v2\/pages\/1938"}],"wp:attachment":[{"href":"https:\/\/blogs.univ-jfc.fr\/campsdusudouest\/wp-json\/wp\/v2\/media?parent=3634"}],"curies":[{"name":"wp","href":"https:\/\/api.w.org\/{rel}","templated":true}]}}