{"id":3666,"date":"2016-03-30T20:46:46","date_gmt":"2016-03-30T19:46:46","guid":{"rendered":"http:\/\/blogs.univ-jfc.fr\/campsdusudouest\/?page_id=3666"},"modified":"2016-03-31T08:10:38","modified_gmt":"2016-03-31T07:10:38","slug":"enrique-tapia-jimenez","status":"publish","type":"page","link":"https:\/\/blogs.univ-jfc.fr\/campsdusudouest\/vivre-dans-les-camps\/la-vie-culturelle-dans-les-camps\/un-ensemble-artistique-et-litteraire-tres-diversifie\/enrique-tapia-jimenez\/","title":{"rendered":"Enrique Tapia Jim\u00e9nez"},"content":{"rendered":"<p style=\"text-align: justify\">Enrique Tapia Jim\u00e9nez est un ancien soldat de l&rsquo;arm\u00e9e r\u00e9publicaine espagnole, il \u00e9tait lieutenant dans l&rsquo;aviation.<\/p>\n<p style=\"text-align: justify\">Il na\u00eet en 1911 \u00e0 Arganda del Rey, dans une commune d&rsquo;Espagne proche de Madrid, et meurt en 2001 en France dans la ville de Toulouse.<\/p>\n<p style=\"text-align: justify\">En 1939, les franquistes prennent le pouvoir dans son pays, ce qui signe la d\u00e9faite de l&rsquo;arm\u00e9e r\u00e9publicaine. Cela pousse de nombreux civils et militaires espagnols \u00e0 s&rsquo;exiler en France, dont Enrique Tapia Jim\u00e9nez. Il sera premi\u00e8rement enferm\u00e9 au camp d&rsquo;Argel\u00e8s, avant de s&rsquo;installer \u00e0 Toulouse avec sa femme et son fils. Il parvient \u00e0 trouver un emploi dans une industrie d&rsquo;a\u00e9ronautique et ouvre son propre magasin de cycles.<\/p>\n<p style=\"text-align: justify\">Etant \u00e0 l&rsquo;origine un grand amateur de photographie, dans son p\u00e9riple il ne cesse de photographier la vie quotidienne des r\u00e9fugi\u00e9s durant leur exode et ainsi que pendant leur internement \u00e0 Toulouse.<\/p>\n<p style=\"text-align: justify\">Gr\u00e2ce \u00e0 son fils Henri Tapia, ses clich\u00e9s ont pu \u00eatre d\u00e9voil\u00e9s au grand public et en 2004 parut son premier livre <em>L&rsquo;oeil de l&rsquo;exil<\/em>, comment\u00e9 par Jos\u00e9 Martinez son ami de toujours. Ce livre est un recueil pr\u00e9cieux, en ce qu&rsquo;il illustre les conditions d&rsquo;internement des r\u00e9fugi\u00e9s espagnols en France.<\/p>\n","protected":false},"excerpt":{"rendered":"<p>Enrique Tapia Jim\u00e9nez est un ancien soldat de l&rsquo;arm\u00e9e r\u00e9publicaine espagnole, il \u00e9tait lieutenant dans l&rsquo;aviation. Il na\u00eet en 1911 \u00e0 Arganda del Rey, dans une commune d&rsquo;Espagne proche de Madrid, et meurt en 2001 en France dans la ville &hellip; <a href=\"https:\/\/blogs.univ-jfc.fr\/campsdusudouest\/vivre-dans-les-camps\/la-vie-culturelle-dans-les-camps\/un-ensemble-artistique-et-litteraire-tres-diversifie\/enrique-tapia-jimenez\/\">Lire la suite <span class=\"meta-nav\">&rarr;<\/span><\/a><\/p>\n","protected":false},"author":156,"featured_media":0,"parent":297,"menu_order":0,"comment_status":"closed","ping_status":"open","template":"","meta":[],"_links":{"self":[{"href":"https:\/\/blogs.univ-jfc.fr\/campsdusudouest\/wp-json\/wp\/v2\/pages\/3666"}],"collection":[{"href":"https:\/\/blogs.univ-jfc.fr\/campsdusudouest\/wp-json\/wp\/v2\/pages"}],"about":[{"href":"https:\/\/blogs.univ-jfc.fr\/campsdusudouest\/wp-json\/wp\/v2\/types\/page"}],"author":[{"embeddable":true,"href":"https:\/\/blogs.univ-jfc.fr\/campsdusudouest\/wp-json\/wp\/v2\/users\/156"}],"replies":[{"embeddable":true,"href":"https:\/\/blogs.univ-jfc.fr\/campsdusudouest\/wp-json\/wp\/v2\/comments?post=3666"}],"version-history":[{"count":5,"href":"https:\/\/blogs.univ-jfc.fr\/campsdusudouest\/wp-json\/wp\/v2\/pages\/3666\/revisions"}],"predecessor-version":[{"id":3887,"href":"https:\/\/blogs.univ-jfc.fr\/campsdusudouest\/wp-json\/wp\/v2\/pages\/3666\/revisions\/3887"}],"up":[{"embeddable":true,"href":"https:\/\/blogs.univ-jfc.fr\/campsdusudouest\/wp-json\/wp\/v2\/pages\/297"}],"wp:attachment":[{"href":"https:\/\/blogs.univ-jfc.fr\/campsdusudouest\/wp-json\/wp\/v2\/media?parent=3666"}],"curies":[{"name":"wp","href":"https:\/\/api.w.org\/{rel}","templated":true}]}}