{"id":656,"date":"2016-03-09T16:25:01","date_gmt":"2016-03-09T15:25:01","guid":{"rendered":"http:\/\/blogs.univ-jfc.fr\/campsdusudouest\/?page_id=656"},"modified":"2016-03-31T07:47:33","modified_gmt":"2016-03-31T06:47:33","slug":"le-personnel-prefectoral","status":"publish","type":"page","link":"https:\/\/blogs.univ-jfc.fr\/campsdusudouest\/le-role-des-pouvoirs-publics\/le-personnel-prefectoral\/","title":{"rendered":"Le personnel pr\u00e9fectoral"},"content":{"rendered":"<ul>\n<li style=\"text-align: justify\">Le 10 juillet 1940, le Mar\u00e9chal P\u00e9tain obtient les pleins pouvoirs par l\u2019Assembl\u00e9e nationale suite \u00e0 la d\u00e9b\u00e2cle de mai 1940. Le gouvernement de Vichy op\u00e8re une profonde restructuration de l\u2019administration et de la gestion des camps cr\u00e9\u00e9s sous la III\u00e8me R\u00e9publique. Les pr\u00e9fectures voient ainsi leurs possibilit\u00e9s d\u2019action consid\u00e9rablement augment\u00e9es dans le but de maintenir l&rsquo;ordre. De quelles mani\u00e8res l\u2019\u00c9tat parvient-il \u00e0 organiser la gestion des camps \u00e0 travers ses pr\u00e9fets et est-ce un syst\u00e8me jug\u00e9 infaillible?\n<div id=\"attachment_3522\" style=\"width: 260px\" class=\"wp-caption alignleft\"><a href=\"http:\/\/blogs.univ-jfc.fr\/campsdusudouest\/wp-content\/uploads\/sites\/48\/2016\/03\/les-prefets-et-p\u00e9tain.jpg\"><img aria-describedby=\"caption-attachment-3522\" loading=\"lazy\" class=\" wp-image-3522  \" title=\"Les prefets et le mar\u00e9chal P\u00e9tain\" alt=\"\" src=\"http:\/\/blogs.univ-jfc.fr\/campsdusudouest\/wp-content\/uploads\/sites\/48\/2016\/03\/les-prefets-et-p\u00e9tain-300x297.jpg\" width=\"250\" height=\"258\" \/><\/a><p id=\"caption-attachment-3522\" class=\"wp-caption-text\">C\u00e9r\u00e9monie d&rsquo;all\u00e9geance des pr\u00e9fets au chef de l\u2019\u00c9tat Philippe P\u00e9tain en f\u00e9vrier 1942 \u00e0 Vichy (Agence d&rsquo;image de la D\u00e9fense, AIR-42-2-R14)<\/p><\/div>\n<p>Apr\u00e8s avoir d\u00e9crit le <a title=\"Transfert des camps de la tutelle militaire \u00e0 la tutelle civile\" href=\"http:\/\/blogs.univ-jfc.fr\/campsdusudouest\/le-role-des-pouvoirs-publics\/le-personnel-prefectoral\/transfert-des-camps-de-la-tutelle-militaire-a-la-tutelle-civile\/\">transfert de la gestion des camps d&rsquo;une tutelle militaire \u00e0 une tutelle civile<\/a>, nous pr\u00e9senterons de fa\u00e7on sch\u00e9matique la <a title=\"Hi\u00e9rarchie pr\u00e9fectorale\" href=\"http:\/\/blogs.univ-jfc.fr\/campsdusudouest\/hierarchie-prefectorale\/\">hi\u00e9rarchie pr\u00e9fectorale <\/a>sous Vichy. Enfin, nous nous pencherons sur les diff\u00e9rents types d&rsquo;<a title=\"Attitudes adopt\u00e9es par les pr\u00e9fets\" href=\"http:\/\/blogs.univ-jfc.fr\/campsdusudouest\/attitudes-adoptees-par-les-prefets\/\" target=\"_blank\">attitudes adopt\u00e9es par les pr\u00e9fets<\/a> dans le syst\u00e8me d&rsquo;internement administratif.<\/li>\n<\/ul>\n","protected":false},"excerpt":{"rendered":"<p>Le 10 juillet 1940, le Mar\u00e9chal P\u00e9tain obtient les pleins pouvoirs par l\u2019Assembl\u00e9e nationale suite \u00e0 la d\u00e9b\u00e2cle de mai 1940. Le gouvernement de Vichy op\u00e8re une profonde restructuration de l\u2019administration et de la gestion des camps cr\u00e9\u00e9s sous la &hellip; <a href=\"https:\/\/blogs.univ-jfc.fr\/campsdusudouest\/le-role-des-pouvoirs-publics\/le-personnel-prefectoral\/\">Lire la suite <span class=\"meta-nav\">&rarr;<\/span><\/a><\/p>\n","protected":false},"author":108,"featured_media":0,"parent":127,"menu_order":0,"comment_status":"closed","ping_status":"open","template":"","meta":[],"_links":{"self":[{"href":"https:\/\/blogs.univ-jfc.fr\/campsdusudouest\/wp-json\/wp\/v2\/pages\/656"}],"collection":[{"href":"https:\/\/blogs.univ-jfc.fr\/campsdusudouest\/wp-json\/wp\/v2\/pages"}],"about":[{"href":"https:\/\/blogs.univ-jfc.fr\/campsdusudouest\/wp-json\/wp\/v2\/types\/page"}],"author":[{"embeddable":true,"href":"https:\/\/blogs.univ-jfc.fr\/campsdusudouest\/wp-json\/wp\/v2\/users\/108"}],"replies":[{"embeddable":true,"href":"https:\/\/blogs.univ-jfc.fr\/campsdusudouest\/wp-json\/wp\/v2\/comments?post=656"}],"version-history":[{"count":29,"href":"https:\/\/blogs.univ-jfc.fr\/campsdusudouest\/wp-json\/wp\/v2\/pages\/656\/revisions"}],"predecessor-version":[{"id":3746,"href":"https:\/\/blogs.univ-jfc.fr\/campsdusudouest\/wp-json\/wp\/v2\/pages\/656\/revisions\/3746"}],"up":[{"embeddable":true,"href":"https:\/\/blogs.univ-jfc.fr\/campsdusudouest\/wp-json\/wp\/v2\/pages\/127"}],"wp:attachment":[{"href":"https:\/\/blogs.univ-jfc.fr\/campsdusudouest\/wp-json\/wp\/v2\/media?parent=656"}],"curies":[{"name":"wp","href":"https:\/\/api.w.org\/{rel}","templated":true}]}}