{"id":695,"date":"2016-03-10T09:08:19","date_gmt":"2016-03-10T08:08:19","guid":{"rendered":"http:\/\/blogs.univ-jfc.fr\/campsdusudouest\/?page_id=695"},"modified":"2016-05-01T10:53:30","modified_gmt":"2016-05-01T09:53:30","slug":"vichy-et-les-relations-internationales","status":"publish","type":"page","link":"https:\/\/blogs.univ-jfc.fr\/campsdusudouest\/la-france-de-lentre-deux-guerres-et-de-vichy\/la-iiie-republique-et-les-questions-internationales\/vichy-et-les-relations-internationales\/","title":{"rendered":"Vichy et les relations internationales"},"content":{"rendered":"<p><a href=\"http:\/\/blogs.univ-jfc.fr\/campsdusudouest\/la-iiie-republique-et-les-questions-internationales-suite2\/\" target=\"_blank\">Page pr\u00e9c\u00e9dente&#8230;<\/a><\/p>\n<h1>La France, deux zones pour deux politiques<\/h1>\n<p style=\"text-align: justify\"><span style=\"font-family: Arial,serif\"><span style=\"font-size: medium\">L\u2019occupation d<\/span><\/span><span style=\"font-family: Arial,serif\"><span style=\"font-size: medium\">es d\u00e9partements fran\u00e7ais <\/span><\/span><span style=\"font-family: Arial,serif\"><span style=\"font-size: medium\">par l&rsquo;Allemagne n\u2019\u00e9tait pas une premi\u00e8re (guerre Franco-Prussienne ou Premi\u00e8re Guerre Mondiale). Toutefois, cette ligne de d\u00e9marcation \u00e9tablie en 1940 et pr\u00e9sent\u00e9e dans l\u2019introduction est d\u2019un genre nouveau par ses cons\u00e9quences dans l\u2019espace, dans le temps et sur l\u2019administration fran\u00e7aise.<\/span><\/span><\/p>\n<p style=\"text-align: justify\"><span style=\"font-family: Arial,serif\"><span style=\"font-size: medium\">En mai 1940, la <\/span><\/span><span style=\"font-family: Arial,serif\"><span style=\"font-size: medium\"><i>Wehrmacht<\/i><\/span><\/span><span style=\"font-family: Arial,serif\"><span style=\"font-size: medium\"> commence sa ligne de fr<\/span><\/span><a href=\"http:\/\/blogs.univ-jfc.fr\/campsdusudouest\/wp-content\/uploads\/sites\/48\/2016\/03\/La-France-divis\u00e9e.jpg\"><img loading=\"lazy\" class=\"size-medium wp-image-1264 alignright\" title=\"La France divis\u00e9e par la Ligne de D\u00e9marcation du 22 juin 1940. Le 22 juin 1940 est cr\u00e9\u00e9e est fronti\u00e8re appel\u00e9e &quot;Ligne de D\u00e9marcation&quot;, ce qui donne une zone au Nord occup\u00e9e par les Allemands et une zone au Sud dite &quot;libre&quot; ou &quot;non occup\u00e9e&quot;. Source : VRIP-memorial.com\" alt=\"\" src=\"http:\/\/blogs.univ-jfc.fr\/campsdusudouest\/wp-content\/uploads\/sites\/48\/2016\/03\/La-France-divis\u00e9e-242x300.jpg\" width=\"242\" height=\"300\" srcset=\"https:\/\/blogs.univ-jfc.fr\/campsdusudouest\/wp-content\/uploads\/sites\/48\/2016\/03\/La-France-divis\u00e9e-242x300.jpg 242w, https:\/\/blogs.univ-jfc.fr\/campsdusudouest\/wp-content\/uploads\/sites\/48\/2016\/03\/La-France-divis\u00e9e.jpg 647w\" sizes=\"(max-width: 242px) 100vw, 242px\" \/><\/a><span style=\"font-family: Arial,serif\"><span style=\"font-size: medium\">ont par l\u2019Est de la France. Cette derni\u00e8re progresse relativement vite aussi bien vers le Sud que vers l\u2019Ouest de la France dans le but de mettre l&rsquo;arm\u00e9e fran\u00e7aise \u00e0 terre. F<\/span><\/span><span style=\"font-family: Arial,serif\"><span style=\"font-size: medium\">ace \u00e0 l&rsquo;occupation allemande grandissante, des millions de\u00a0<\/span><\/span><span style=\"font-family: Arial,serif\"><span style=\"font-size: medium\">Fran\u00e7ais se dirigent vers le Sud et l&rsquo;arm\u00e9e fran\u00e7aise est d\u00e9faite. Si bien que le 17 juin 1940 le mar\u00e9chal P\u00e9tain d\u00e9clare \u00ab\u00a0il faut tenter de cesser le combat \u00bb. Le 21 juin, Hitler r\u00e9<\/span><\/span><span style=\"font-family: Arial,serif\"><span style=\"font-size: medium\">pond de mani\u00e8re favorable \u00e0 la demande fran\u00e7aise d&rsquo;armistice. Dans celle-ci, \u00e9tait inscrit l&rsquo;<\/span><\/span><span style=\"font-family: Arial,serif\"><span style=\"font-size: medium\">\u00e9tablissement d&rsquo;une fronti\u00e8re artificielle passant d&rsquo;Est en Ouest sur le territoire fran\u00e7ais. Les Allemands voulaient rejoindre les troupes italiennes vers le Sud-Est, occuper le littoral atlantique afin de pr\u00e9venir tout d\u00e9barquement\u00a0; dan<\/span><\/span><span style=\"font-family: Arial,serif\"><span style=\"font-size: medium\">s le m\u00eame temps Hitler s&rsquo;octroyait une route vers l&rsquo;Espagne et une grande partie des ports fran\u00e7ais. Ainsi<\/span><\/span><span style=\"font-family: Arial,serif\"><span style=\"font-size: medium\"> les troupes allemandes arr\u00eataient tous combats. L&rsquo;autre faveur accord\u00e9e aux Fran\u00e7ais \u00e9tait celle d&rsquo;une zone \u00ab\u00a0libre\u00a0\u00bb au sud o\u00f9 la France garderait un espace de souverainet\u00e9. La zone allemande \u00e9tait alors pour l&rsquo;Allemagne une formidable r\u00e9serve de ressources \u00e9conomiques, mat\u00e9rielles et humaines.<\/span><\/span><\/p>\n<p style=\"text-align: justify\"><span style=\"font-family: Arial,serif\"><span style=\"font-size: medium\">La zone allemande qui devait avoir un caract\u00e8re militaire prit un caract\u00e8re administratif, politique et \u00e9conomique. Le r\u00e9gime de Vichy \u00e9tait soumis \u00e0 une politique de chantage\u00a0o\u00f9 Paxton qualifie la ligne de d\u00e9marcation de \u00ab\u00a0garrot<a href=\"#sdfootnote1sym\" name=\"sdfootnote1anc\"><\/a>\u00a0\u00bb(1). En effet les Allemands resserraient ou ouvraient cette fronti\u00e8re selon les liens entretenus avec Vichy et pouvaient ainsi bloquer l&rsquo;\u00e9conomie et les ressources de ce r\u00e9gime. Beaucoup des ministres de Vichy et des Fran\u00e7ais esp\u00e9raient la suppression de cette ligne. L&rsquo;entrevue de Montoire, le 24 octobre 1940 ranima les plus vives esp\u00e9rances. Cette entrevue, qualifi\u00e9e de \u00abmiroir aux alouettes<a href=\"#sdfootnote2sym\" name=\"sdfootnote2anc\"><\/a>\u00bb(2) par Jean-Pierre Az\u00e9ma n&rsquo;amena aucune solution. En effet, les ministres obtenaient toujours de grandes difficult\u00e9s pour se rendre en zone occup\u00e9e. <\/span><\/span><\/p>\n<p style=\"text-align: justify\"><span style=\"font-family: Arial,serif\"><span style=\"font-size: medium\">Vichy veut par ailleurs garder une certaine souvera<\/span><\/span><span style=\"font-family: Arial,serif\"><span style=\"font-size: medium\">inet\u00e9 (qui sera limit\u00e9e) sur l&rsquo;ensemble du territoire fran\u00e7ais. C&rsquo;est notamment pour <\/span><\/span><span style=\"font-family: Arial,serif\"><span style=\"font-size: medium\">cela que Vichy entretient une <\/span><\/span><span style=\"font-family: Arial,serif\"><span style=\"font-size: medium\">politique collaborationniste avec l&rsquo;Allemagne. Ces dirigeants diront apr\u00e8s 1944 que le mot \u00ab\u00a0collaboration\u00a0\u00bb apparaissant dans l&rsquo;Armistice sign\u00e9 en 1940, ce dernier avait \u00e9t\u00e9 impos\u00e9 par l&rsquo;occupant. En r\u00e9alit\u00e9 ce fut le r\u00e9gime de Vichy qui faisait des propositions collaborationnistes tant aux niveaux \u00e9conomique que politique et l\u2019Allemagne fixait seulement ses conditions. Bien que la collaboration touche tous les pays occup\u00e9s, en France le ph\u00e9nom\u00e8ne est particulier dans la mesure o\u00f9 cela est d\u00fb \u00e0 la demande du pays vaincu.<\/span><\/span><\/p>\n<p style=\"text-align: justify\"><span style=\"font-family: Arial,serif\"><span style=\"font-size: medium\">Dans une moindre mesure, la France est le seul \u00c9tat \u00e0 avoir pu n\u00e9gocier un armistice et \u00e0 avoir pu garder une ind\u00e9pendance diplomatique notamment \u00e0 l\u2019\u00e9tranger en continuant par exemple sa politique imp\u00e9riale avec ses colonies.<\/span><\/span><\/p>\n<p style=\"text-align: right\"><a title=\"Les relations de l'Allemagne nazie et de Vichy avec les pays Anglo-saxons\" href=\"http:\/\/blogs.univ-jfc.fr\/campsdusudouest\/la-france-de-lentre-deux-guerres-et-de-vichy\/la-iiie-republique-et-les-questions-internationales\/vichy-et-les-relations-internationales\/vichy-et-les-relations-internationales\/\">Lire la suite&#8230;<\/a><\/p>\n<p style=\"text-align: left\">[1] PAXTON Robert\u00a0<i>La France de Vichy, 1940-1944<\/i>, Seuil, Paris, 1999<br \/>\n[2] AZEMA Jean-PIerre, <i>De Munich \u00e0 la Lib\u00e9ration<\/i>, Seuil, Paris, 1979.<\/p>\n","protected":false},"excerpt":{"rendered":"<p>Page pr\u00e9c\u00e9dente&#8230; La France, deux zones pour deux politiques L\u2019occupation des d\u00e9partements fran\u00e7ais par l&rsquo;Allemagne n\u2019\u00e9tait pas une premi\u00e8re (guerre Franco-Prussienne ou Premi\u00e8re Guerre Mondiale). Toutefois, cette ligne de d\u00e9marcation \u00e9tablie en 1940 et pr\u00e9sent\u00e9e dans l\u2019introduction est d\u2019un genre &hellip; <a href=\"https:\/\/blogs.univ-jfc.fr\/campsdusudouest\/la-france-de-lentre-deux-guerres-et-de-vichy\/la-iiie-republique-et-les-questions-internationales\/vichy-et-les-relations-internationales\/\">Lire la suite <span class=\"meta-nav\">&rarr;<\/span><\/a><\/p>\n","protected":false},"author":192,"featured_media":0,"parent":33,"menu_order":0,"comment_status":"closed","ping_status":"open","template":"","meta":[],"_links":{"self":[{"href":"https:\/\/blogs.univ-jfc.fr\/campsdusudouest\/wp-json\/wp\/v2\/pages\/695"}],"collection":[{"href":"https:\/\/blogs.univ-jfc.fr\/campsdusudouest\/wp-json\/wp\/v2\/pages"}],"about":[{"href":"https:\/\/blogs.univ-jfc.fr\/campsdusudouest\/wp-json\/wp\/v2\/types\/page"}],"author":[{"embeddable":true,"href":"https:\/\/blogs.univ-jfc.fr\/campsdusudouest\/wp-json\/wp\/v2\/users\/192"}],"replies":[{"embeddable":true,"href":"https:\/\/blogs.univ-jfc.fr\/campsdusudouest\/wp-json\/wp\/v2\/comments?post=695"}],"version-history":[{"count":20,"href":"https:\/\/blogs.univ-jfc.fr\/campsdusudouest\/wp-json\/wp\/v2\/pages\/695\/revisions"}],"predecessor-version":[{"id":4578,"href":"https:\/\/blogs.univ-jfc.fr\/campsdusudouest\/wp-json\/wp\/v2\/pages\/695\/revisions\/4578"}],"up":[{"embeddable":true,"href":"https:\/\/blogs.univ-jfc.fr\/campsdusudouest\/wp-json\/wp\/v2\/pages\/33"}],"wp:attachment":[{"href":"https:\/\/blogs.univ-jfc.fr\/campsdusudouest\/wp-json\/wp\/v2\/media?parent=695"}],"curies":[{"name":"wp","href":"https:\/\/api.w.org\/{rel}","templated":true}]}}