{"id":74,"date":"2016-01-30T08:28:24","date_gmt":"2016-01-30T07:28:24","guid":{"rendered":"http:\/\/blogs.univ-jfc.fr\/campsdusudouest\/?page_id=74"},"modified":"2016-03-31T07:51:17","modified_gmt":"2016-03-31T06:51:17","slug":"la-vie-culturelle-dans-les-camps","status":"publish","type":"page","link":"https:\/\/blogs.univ-jfc.fr\/campsdusudouest\/vivre-dans-les-camps\/la-vie-culturelle-dans-les-camps\/","title":{"rendered":"La vie culturelle dans les camps"},"content":{"rendered":"<div id=\"attachment_600\" style=\"width: 185px\" class=\"wp-caption alignleft\"><a href=\"http:\/\/blogs.univ-jfc.fr\/campsdusudouest\/wp-content\/uploads\/sites\/48\/2016\/01\/1.jpg\"><img aria-describedby=\"caption-attachment-600\" loading=\"lazy\" class=\" wp-image-600\" title=\"MOULINIE, V\u00e9ronique, La Retirada : Mots Et Images D\u2019un Exode, Carcassonne, \u00e9ditions Garae H\u00e9siode, 2009, p. 125\" alt=\"MOULINIE, V\u00e9ronique, La Retirada : Mots Et Images D\u2019un Exode, Carcassonne, \u00e9ditions Garae H\u00e9siode, 2009, p. 125\" src=\"http:\/\/blogs.univ-jfc.fr\/campsdusudouest\/wp-content\/uploads\/sites\/48\/2016\/01\/1-219x300.jpg\" width=\"175\" height=\"240\" srcset=\"https:\/\/blogs.univ-jfc.fr\/campsdusudouest\/wp-content\/uploads\/sites\/48\/2016\/01\/1-219x300.jpg 219w, https:\/\/blogs.univ-jfc.fr\/campsdusudouest\/wp-content\/uploads\/sites\/48\/2016\/01\/1.jpg 296w\" sizes=\"(max-width: 175px) 100vw, 175px\" \/><\/a><p id=\"caption-attachment-600\" class=\"wp-caption-text\">L&rsquo;apprentissage et l&rsquo;\u00e9tude permettent de lutter contre l&rsquo;inactivit\u00e9 due \u00e0 l&rsquo;univers du camp.<\/p><\/div>\n<p style=\"text-align: justify\">Suite \u00e0 la guerre civile espagnole, le sud-ouest de la France re\u00e7oit un afflux majeur de r\u00e9publicains cherchant refuge sur le territoire. Le pays entre parall\u00e8lement dans la Seconde Guerre mondiale et s\u2019installe un climat de m\u00e9fiance. Les r\u00e9fugi\u00e9s et les immigr\u00e9s sont alors massivement intern\u00e9s par les autorit\u00e9s, rejoignant les premiers intern\u00e9s administratifs des ann\u00e9es 1930. Ils sont r\u00e9duits \u00e0 l\u2019inactivit\u00e9. Cela ne les a pas emp\u00each\u00e9s de cr\u00e9er de mani\u00e8re individuelle ou collective, toutes sortes d\u2019\u0153uvres qui forment <a title=\"Un ensemble artistique et litt\u00e9raire tr\u00e8s diversifi\u00e9\" href=\"http:\/\/blogs.univ-jfc.fr\/campsdusudouest\/vivre-dans-les-camps\/la-vie-culturelle-dans-les-camps\/un-ensemble-artistique-et-litteraire-tres-diversifie\/\">un ensemble artistique et litt\u00e9raire tr\u00e8s diversifi\u00e9<\/a>. On retrouve ainsi des arts visuels, comme la caricature, mais aussi des cr\u00e9ations litt\u00e9raires vari\u00e9es qui ne sont qu\u2019une partie de l\u2019extraordinaire diversit\u00e9 culturelle des camps.<\/p>\n<p style=\"text-align: justify\"><a href=\"https:\/\/www.youtube.com\/watch?v=HEsCvHDQmkI\" target=\"_blank\">&gt;&gt; D\u00e9couvrez notre vid\u00e9o au c\u0153ur de la culture dans le camp de Septfonds &lt;&lt;<\/a><\/p>\n<div id=\"attachment_604\" style=\"width: 202px\" class=\"wp-caption alignright\"><a href=\"http:\/\/blogs.univ-jfc.fr\/campsdusudouest\/wp-content\/uploads\/sites\/48\/2016\/01\/2.jpg\"><img aria-describedby=\"caption-attachment-604\" loading=\"lazy\" class=\" wp-image-604\" title=\"MOULINIE, V\u00e9ronique, La Retirada : Mots Et Images D\u2019un Exode, Carcassonne, \u00e9ditions Garae H\u00e9siode, 2009, p. 111\" alt=\"MOULINIE, V\u00e9ronique, La Retirada : Mots Et Images D\u2019un Exode, Carcassonne, \u00e9ditions Garae H\u00e9siode, 2009, p. 111\" src=\"http:\/\/blogs.univ-jfc.fr\/campsdusudouest\/wp-content\/uploads\/sites\/48\/2016\/01\/2-300x223.jpg\" width=\"192\" height=\"142\" srcset=\"https:\/\/blogs.univ-jfc.fr\/campsdusudouest\/wp-content\/uploads\/sites\/48\/2016\/01\/2-300x223.jpg 300w, https:\/\/blogs.univ-jfc.fr\/campsdusudouest\/wp-content\/uploads\/sites\/48\/2016\/01\/2.jpg 396w\" sizes=\"(max-width: 192px) 100vw, 192px\" \/><\/a><p id=\"caption-attachment-604\" class=\"wp-caption-text\">Meubler le temps, occuper l&rsquo;esprit, Francisco Miro et Gilberto Corbi<\/p><\/div>\n<p style=\"text-align: justify\">Les populations \u00e9taient intern\u00e9es dans des lieux clos, totalement inadapt\u00e9s au d\u00e9veloppement de quelque activit\u00e9 culturelle que ce soit, puisque le camp tend \u00e0 standardiser les modes de vie en niant les diff\u00e9rences culturelles et donne la priorit\u00e9 \u00e0 l&rsquo;internement. En outre, les artistes ne disposent en g\u00e9n\u00e9ral que de peu de mat\u00e9riel, ce qui est un frein \u00e0 leur production. Il est donc \u00e9tonnant d\u2019observer <a title=\"Le d\u00e9veloppement des cultures dans ce milieu pr\u00e9caire\" href=\"http:\/\/blogs.univ-jfc.fr\/campsdusudouest\/vivre-dans-les-camps\/la-vie-culturelle-dans-les-camps\/le-developpement-des-cultures-dans-ce-milieu-precaire\/\">le d\u00e9veloppement des cultures dans ce milieu pr\u00e9caire<\/a>.<\/p>\n<div style=\"text-align: justify\"><\/div>\n<div style=\"text-align: justify\"><\/div>\n<div style=\"text-align: justify\">N\u00e9anmoins, la culture est plus qu\u2019un simple moyen d\u2019expression. Dans un cadre de vie inhabituel et instable, <a title=\"La culture se r\u00e9v\u00e8le comme un moyen de t\u00e9moigner et de sortir de l\u2019ordinaire\" href=\"http:\/\/blogs.univ-jfc.fr\/campsdusudouest\/vivre-dans-les-camps\/la-vie-culturelle-dans-les-camps\/la-culture-se-revele-comme-un-moyen-de-temoigner-et-de-sortir-de-lordinaire\/\">la culture se r\u00e9v\u00e8le comme un moyen de t\u00e9moigner et de sortir de l&rsquo;ordinaire<\/a>, elle a donc une finalit\u00e9. Cr\u00e9er ou partager une cr\u00e9ation, lorsque le quotidien est rude, peut aider \u00e0 garder des rep\u00e8res et tisser des liens sociaux. La culture a donc une\u00a0 r\u00e9elle vis\u00e9e th\u00e9rapeutique : les activit\u00e9s culturelles permettent l\u2019\u00e9panouissement et l\u2019indispensable survie des intern\u00e9s.<\/div>\n<div style=\"text-align: justify\"><\/div>\n<div style=\"text-align: justify\">\n<div id=\"attachment_605\" style=\"width: 218px\" class=\"wp-caption aligncenter\"><a href=\"http:\/\/blogs.univ-jfc.fr\/campsdusudouest\/wp-content\/uploads\/sites\/48\/2016\/01\/3.png\"><img aria-describedby=\"caption-attachment-605\" loading=\"lazy\" class=\"size-medium wp-image-605   \" title=\"VARGAS, Bruno (sous la direction de),  La seconde R\u00e9publique espagnole en exil en France (1939-1977) , Albi, \u00e9dition Presses Universitaires de Champollion, 2008, collection \u00ab Histoire de l'Espagne \u00bb\" alt=\"\" src=\"http:\/\/blogs.univ-jfc.fr\/campsdusudouest\/wp-content\/uploads\/sites\/48\/2016\/01\/3-208x300.png\" width=\"208\" height=\"300\" srcset=\"https:\/\/blogs.univ-jfc.fr\/campsdusudouest\/wp-content\/uploads\/sites\/48\/2016\/01\/3-208x300.png 208w, https:\/\/blogs.univ-jfc.fr\/campsdusudouest\/wp-content\/uploads\/sites\/48\/2016\/01\/3.png 213w\" sizes=\"(max-width: 208px) 100vw, 208px\" \/><\/a><p id=\"caption-attachment-605\" class=\"wp-caption-text\">Camp de Septfonds: le caricaturiste Luis Garcia Gallo en arri\u00e8re-plan en compagnie de son ami Mariano Marcos, travaillant en tant que speaker \u00e0 l&rsquo;entr\u00e9e du camp. Gallo en profite pour croquer son ami.<\/p><\/div>\n<\/div>\n<div style=\"text-align: left\"><\/div>\n<p style=\"text-align: left\"><strong>Etudiants<\/strong> : Lucas MASSOL, Nassim OUSSENI, Laura PAILLAS, Thomas VIEU.<\/p>\n","protected":false},"excerpt":{"rendered":"<p>Suite \u00e0 la guerre civile espagnole, le sud-ouest de la France re\u00e7oit un afflux majeur de r\u00e9publicains cherchant refuge sur le territoire. Le pays entre parall\u00e8lement dans la Seconde Guerre mondiale et s\u2019installe un climat de m\u00e9fiance. Les r\u00e9fugi\u00e9s et &hellip; <a href=\"https:\/\/blogs.univ-jfc.fr\/campsdusudouest\/vivre-dans-les-camps\/la-vie-culturelle-dans-les-camps\/\">Lire la suite <span class=\"meta-nav\">&rarr;<\/span><\/a><\/p>\n","protected":false},"author":15,"featured_media":0,"parent":68,"menu_order":2,"comment_status":"closed","ping_status":"open","template":"","meta":[],"_links":{"self":[{"href":"https:\/\/blogs.univ-jfc.fr\/campsdusudouest\/wp-json\/wp\/v2\/pages\/74"}],"collection":[{"href":"https:\/\/blogs.univ-jfc.fr\/campsdusudouest\/wp-json\/wp\/v2\/pages"}],"about":[{"href":"https:\/\/blogs.univ-jfc.fr\/campsdusudouest\/wp-json\/wp\/v2\/types\/page"}],"author":[{"embeddable":true,"href":"https:\/\/blogs.univ-jfc.fr\/campsdusudouest\/wp-json\/wp\/v2\/users\/15"}],"replies":[{"embeddable":true,"href":"https:\/\/blogs.univ-jfc.fr\/campsdusudouest\/wp-json\/wp\/v2\/comments?post=74"}],"version-history":[{"count":29,"href":"https:\/\/blogs.univ-jfc.fr\/campsdusudouest\/wp-json\/wp\/v2\/pages\/74\/revisions"}],"predecessor-version":[{"id":3772,"href":"https:\/\/blogs.univ-jfc.fr\/campsdusudouest\/wp-json\/wp\/v2\/pages\/74\/revisions\/3772"}],"up":[{"embeddable":true,"href":"https:\/\/blogs.univ-jfc.fr\/campsdusudouest\/wp-json\/wp\/v2\/pages\/68"}],"wp:attachment":[{"href":"https:\/\/blogs.univ-jfc.fr\/campsdusudouest\/wp-json\/wp\/v2\/media?parent=74"}],"curies":[{"name":"wp","href":"https:\/\/api.w.org\/{rel}","templated":true}]}}