{"id":806,"date":"2016-03-10T10:16:58","date_gmt":"2016-03-10T09:16:58","guid":{"rendered":"http:\/\/blogs.univ-jfc.fr\/campsdusudouest\/?page_id=806"},"modified":"2016-04-07T10:20:08","modified_gmt":"2016-04-07T09:20:08","slug":"image-du-camp-du-vernet-dariege","status":"publish","type":"page","link":"https:\/\/blogs.univ-jfc.fr\/campsdusudouest\/1945-et-apres\/images-des-camps\/image-du-camp-du-vernet-dariege\/","title":{"rendered":"Image du camp du Vernet d&rsquo;Ari\u00e8ge"},"content":{"rendered":"<p style=\"text-align: justify\">D\u00e8s sa reconversion en camp d&rsquo;internement administratif, le gouvernement de Vichy s&rsquo;appliqua \u00e0 donner au <a title=\"Les fonctions du camp\" href=\"http:\/\/blogs.univ-jfc.fr\/campsdusudouest\/mongraphies-de-camps\/le-vernet-dariege\/les-fonctions-du-camp\/\">camp du Vernet le r\u00f4le de prison<\/a> pour \u00ab\u00a0les ennemis de la nation, dangereux pour la s\u00e9curit\u00e9 nationale\u00a0\u00bb soit 4500 individus allemands, communistes, \u00e9trangers et bien d&rsquo;autre. Ce camp s\u2019av\u00e9ra vite \u00eatre un des plus difficiles du sud de la France, ce que Pierre Laval justifia en ces termes\u00a0:<\/p>\n<blockquote>\n<p style=\"text-align: justify\">\u00ab\u00a0Il n&rsquo;y a pas lieu de faire r\u00e9gner, dans les camps de Gurs, d&rsquo;Argel\u00e8s, de Rivesaltes ou des Milles, une discipline aussi stricte qu&rsquo;au Vernet o\u00f9 se trouvent des repris de justices et des extr\u00e9mistes\u00a0\u00bb.<\/p>\n<\/blockquote>\n<p style=\"text-align: justify\">L&rsquo;image donn\u00e9e par le gouvernement fut donc celle d&rsquo;une prison renfermant de dangereux individus s\u00e9v\u00e8rement r\u00e9prim\u00e9s.<\/p>\n<p style=\"text-align: justify\">Arthur Koestler, un ancien intern\u00e9 en 1941 en t\u00e9moigna en d\u00e9crivant ce camp comme \u00e9tant \u00ab\u00a0le plus dur de France, les conditions \u00e9taient en dessous de celles des camps nazis\u00a0\u00bb. Il attesta ensuite de l&rsquo;\u00e9tat boueux du sol, du manque de nourriture, du travail \u00e0 fournir, trop dur pendant les p\u00e9riodes de grands froids, des couchettes \u00e0 m\u00eame le sol,\u2026 Ces <a title=\"Les conditions de vie au sein du camp\" href=\"http:\/\/blogs.univ-jfc.fr\/campsdusudouest\/mongraphies-de-camps\/le-vernet-dariege\/les-conditions-de-vie-au-sein-du-camp\/\">conditions de vie difficiles<\/a> furent cit\u00e9es de nouveau par Rosa B. dans une lettre intercept\u00e9e par la police. Elle rappelait l&rsquo;\u00e9tat d\u00e9labr\u00e9 des baraques :<\/p>\n<blockquote>\n<p style=\"text-align: justify\">\u00ab\u00a0les hommes sont entass\u00e9s dans des baraques sans chauffage et sans \u00e9clairage. [\u2026] Ils sont entortill\u00e9s dans des guenilles ou la vermine peut grouiller\u00a0\u00bb.<\/p>\n<\/blockquote>\n<p style=\"text-align: justify\">Appara\u00eet aussi dans sa lettre une plainte concernant le manque de nourriture\u00a0:<\/p>\n<blockquote>\n<p style=\"text-align: justify\">\u00ab\u00a0Ils ne re\u00e7oivent que leur ration de pain et, deux fois par jour, une soupe d&rsquo;eau claire o\u00f9 nagent quelques rondelles de navets ou de carottes\u00a0\u00bb.<\/p>\n<\/blockquote>\n<p style=\"text-align: justify\">Elle fit remarquer que se trouvaient dans ce camp pas seulement des soldats polonais mais aussi leurs familles, marquant une premi\u00e8re incoh\u00e9rence entre les paroles du gouvernement et ce qu&rsquo;il s&rsquo;y passait vraiment. Nous pouvons voir que les t\u00e9moignages de Arthur Koestler et Rosa B. participent ici \u00e0 donner une repr\u00e9sentation dure et s\u00e9v\u00e8re du camp du Vernet.<\/p>\n<p style=\"text-align: justify\">Les dessins de Carlos Duchatellier, qui \u00e9tait lui aussi un intern\u00e9, refl\u00e9t\u00e8rent l&rsquo;aspect inhumain du camp. Le dessinateur r\u00e9alisa nombre de ses \u0153uvres qu&rsquo;apr\u00e8s sa sortie du camp et ne les publia pas, ce fut une amie \u00e0 qui il les avait confi\u00e9 qui le fit. Nous d\u00e9couvrons donc ici un but diff\u00e9rent de celui du t\u00e9moignage d&rsquo;Arthur Koestler qui souhaitait montrer \u00e0 la population ce qu&rsquo;il v\u00e9cu vraiment dans le camp. Carlos Duchatellier dessina pour ext\u00e9rioriser son v\u00e9cu et non pour d\u00e9noncer. Le but de l&rsquo;image dans cette situation \u00e9tait de mettre sur papier son traumatisme, comme pour s&rsquo;en d\u00e9barrasser.<\/p>\n<div id=\"attachment_3686\" style=\"width: 310px\" class=\"wp-caption aligncenter\"><a href=\"http:\/\/blogs.univ-jfc.fr\/campsdusudouest\/wp-content\/uploads\/sites\/48\/2016\/03\/cadavre.jpg\"><img aria-describedby=\"caption-attachment-3686\" loading=\"lazy\" class=\"size-medium wp-image-3686 \" alt=\"Cadavre dans  le camp du Vernet d'Ari\u00e8ge, dessin de Carlos Duchatellier\" src=\"http:\/\/blogs.univ-jfc.fr\/campsdusudouest\/wp-content\/uploads\/sites\/48\/2016\/03\/cadavre-300x221.jpg\" width=\"300\" height=\"221\" srcset=\"https:\/\/blogs.univ-jfc.fr\/campsdusudouest\/wp-content\/uploads\/sites\/48\/2016\/03\/cadavre-300x221.jpg 300w, https:\/\/blogs.univ-jfc.fr\/campsdusudouest\/wp-content\/uploads\/sites\/48\/2016\/03\/cadavre-1024x755.jpg 1024w, https:\/\/blogs.univ-jfc.fr\/campsdusudouest\/wp-content\/uploads\/sites\/48\/2016\/03\/cadavre-406x300.jpg 406w\" sizes=\"(max-width: 300px) 100vw, 300px\" \/><\/a><p id=\"caption-attachment-3686\" class=\"wp-caption-text\">Cadavre dans le camp du Vernet d&rsquo;Ari\u00e8ge, dessin de Carlos Duchatellier<\/p><\/div>\n<p style=\"text-align: justify\">Sur le dessin ci-dessus, la maigreur du cadavre refl\u00e8te la malnutrition dont les prisonniers souffraient mais aussi le manque d&rsquo;hygi\u00e8ne puisque le d\u00e9funt demeure dans le camp et non enterr\u00e9 ou br\u00fbl\u00e9.<\/p>\n<div id=\"attachment_3513\" style=\"width: 239px\" class=\"wp-caption alignleft\"><a href=\"http:\/\/blogs.univ-jfc.fr\/campsdusudouest\/wp-content\/uploads\/sites\/48\/2016\/03\/FRAD09_VERNET-DUCHATELLIER_0012.jpg\"><img aria-describedby=\"caption-attachment-3513\" loading=\"lazy\" class=\"size-medium wp-image-3513 \" alt=\"Hommes dans le camp du Vernet d'Ari\u00e8ge en train de se r\u00e9chauffer autour d'un po\u00eale, dessin de Carlos Duchatellier\" src=\"http:\/\/blogs.univ-jfc.fr\/campsdusudouest\/wp-content\/uploads\/sites\/48\/2016\/03\/FRAD09_VERNET-DUCHATELLIER_0012-229x300.jpg\" width=\"229\" height=\"300\" srcset=\"https:\/\/blogs.univ-jfc.fr\/campsdusudouest\/wp-content\/uploads\/sites\/48\/2016\/03\/FRAD09_VERNET-DUCHATELLIER_0012-229x300.jpg 229w, https:\/\/blogs.univ-jfc.fr\/campsdusudouest\/wp-content\/uploads\/sites\/48\/2016\/03\/FRAD09_VERNET-DUCHATELLIER_0012-783x1024.jpg 783w\" sizes=\"(max-width: 229px) 100vw, 229px\" \/><\/a><p id=\"caption-attachment-3513\" class=\"wp-caption-text\">Hommes dans le camp du Vernet d&rsquo;Ari\u00e8ge en train de se r\u00e9chauffer autour d&rsquo;un po\u00eale, dessin de Carlos Duchatellier<\/p><\/div>\n<p style=\"text-align: justify\">Sur le<em> <\/em>dessin ci-contre, nous pouvons voir des hommes regroup\u00e9s autour d&rsquo;un po\u00eale et rev\u00eatus de manteaux montre quant \u00e0 lui les difficult\u00e9s \u00e9nonc\u00e9es par Arthur Koestler qui d\u00e9non\u00e7ait les conditions de vie difficiles dues au froid.<\/p>\n<p style=\"text-align: justify\">La photographie ci-dessous dont l&rsquo;auteur reste inconnu d\u00e9nonce quant \u00e0 elle une tout autre r\u00e9alit\u00e9. Nous y voyons des hommes apparemment bien nourris et v\u00eatus ce qui contraste avec les deux dessins de Carlos Duchatellier qui refl\u00e9taient la mort et le froid pr\u00e9sents dans le camp. Mais plusieurs d\u00e9tails font penser \u00e0 une photo de propagande, notamment le cadrage pr\u00e9cis et la nettet\u00e9 de l&rsquo;image, \u00e9loignant l&rsquo;hypoth\u00e8se d&rsquo;une photo prise par un intern\u00e9 qui l&rsquo;aurait faite dans la pr\u00e9cipitation pour ne pas \u00eatre vu. De plus, le fait que tous les hommes regardent l&rsquo;objectif montre bien qu&rsquo;ils savaient que la photo allait \u00eatre prise, \u00e9liminant d\u00e9finitivement la possibilit\u00e9 d&rsquo;une photo r\u00e9alis\u00e9e sans que personne ne le sache. Rappelons le, les appareils photos \u00e9taient interdits dans les camps.<em><\/em><\/p>\n<div id=\"attachment_3926\" style=\"width: 310px\" class=\"wp-caption aligncenter\"><a href=\"http:\/\/blogs.univ-jfc.fr\/campsdusudouest\/wp-content\/uploads\/sites\/48\/2016\/03\/intern\u00e9s.jpg\"><img aria-describedby=\"caption-attachment-3926\" loading=\"lazy\" class=\"size-medium wp-image-3926 \" alt=\"D\u00e9tenus, probablement des Juifs n\u00e9s \u00e0 l\u2019\u00e9tranger, au camp d\u2019internement de Vichy au Vernet. France, 1940 ou 1941\" src=\"http:\/\/blogs.univ-jfc.fr\/campsdusudouest\/wp-content\/uploads\/sites\/48\/2016\/03\/intern\u00e9s-300x237.jpg\" width=\"300\" height=\"237\" srcset=\"https:\/\/blogs.univ-jfc.fr\/campsdusudouest\/wp-content\/uploads\/sites\/48\/2016\/03\/intern\u00e9s-300x237.jpg 300w, https:\/\/blogs.univ-jfc.fr\/campsdusudouest\/wp-content\/uploads\/sites\/48\/2016\/03\/intern\u00e9s-379x300.jpg 379w, https:\/\/blogs.univ-jfc.fr\/campsdusudouest\/wp-content\/uploads\/sites\/48\/2016\/03\/intern\u00e9s.jpg 460w\" sizes=\"(max-width: 300px) 100vw, 300px\" \/><\/a><p id=\"caption-attachment-3926\" class=\"wp-caption-text\">D\u00e9tenus, probablement des Juifs n\u00e9s \u00e0 l\u2019\u00e9tranger, au camp d\u2019internement de Vichy au Vernet. France, 1940 ou 1941<\/p><\/div>\n<p style=\"text-align: justify\">En conclusion, la repr\u00e9sentation du camp du Vernet fut d&rsquo;abord celle d&rsquo;un camp de prisonniers dangereux, et ce n&rsquo;est qu&rsquo;avec des t\u00e9moignages, des photographies ou des dessins qu&rsquo;une image inhumaine de ce camp vit le jour. Mais il faut bien diff\u00e9rencier le but de ces sources. Certaines avaient pour but de d\u00e9noncer, mais d&rsquo;autres \u00e9taient le moyen pour ses auteurs d&rsquo;ext\u00e9rioriser leur v\u00e9cu, d&rsquo;exorciser ces \u00e9v\u00e9nements.<\/p>\n<p style=\"text-align: justify\"><a title=\"Bibliographie G\u00e9n\u00e9rale\" href=\"http:\/\/blogs.univ-jfc.fr\/campsdusudouest\/bibliographie-generale\/\">Pour aller plus loin&#8230;<\/a><\/p>\n","protected":false},"excerpt":{"rendered":"<p>D\u00e8s sa reconversion en camp d&rsquo;internement administratif, le gouvernement de Vichy s&rsquo;appliqua \u00e0 donner au camp du Vernet le r\u00f4le de prison pour \u00ab\u00a0les ennemis de la nation, dangereux pour la s\u00e9curit\u00e9 nationale\u00a0\u00bb soit 4500 individus allemands, communistes, \u00e9trangers et &hellip; <a href=\"https:\/\/blogs.univ-jfc.fr\/campsdusudouest\/1945-et-apres\/images-des-camps\/image-du-camp-du-vernet-dariege\/\">Lire la suite <span class=\"meta-nav\">&rarr;<\/span><\/a><\/p>\n","protected":false},"author":181,"featured_media":4340,"parent":108,"menu_order":2,"comment_status":"closed","ping_status":"open","template":"","meta":[],"_links":{"self":[{"href":"https:\/\/blogs.univ-jfc.fr\/campsdusudouest\/wp-json\/wp\/v2\/pages\/806"}],"collection":[{"href":"https:\/\/blogs.univ-jfc.fr\/campsdusudouest\/wp-json\/wp\/v2\/pages"}],"about":[{"href":"https:\/\/blogs.univ-jfc.fr\/campsdusudouest\/wp-json\/wp\/v2\/types\/page"}],"author":[{"embeddable":true,"href":"https:\/\/blogs.univ-jfc.fr\/campsdusudouest\/wp-json\/wp\/v2\/users\/181"}],"replies":[{"embeddable":true,"href":"https:\/\/blogs.univ-jfc.fr\/campsdusudouest\/wp-json\/wp\/v2\/comments?post=806"}],"version-history":[{"count":16,"href":"https:\/\/blogs.univ-jfc.fr\/campsdusudouest\/wp-json\/wp\/v2\/pages\/806\/revisions"}],"predecessor-version":[{"id":4433,"href":"https:\/\/blogs.univ-jfc.fr\/campsdusudouest\/wp-json\/wp\/v2\/pages\/806\/revisions\/4433"}],"up":[{"embeddable":true,"href":"https:\/\/blogs.univ-jfc.fr\/campsdusudouest\/wp-json\/wp\/v2\/pages\/108"}],"wp:featuredmedia":[{"embeddable":true,"href":"https:\/\/blogs.univ-jfc.fr\/campsdusudouest\/wp-json\/wp\/v2\/media\/4340"}],"wp:attachment":[{"href":"https:\/\/blogs.univ-jfc.fr\/campsdusudouest\/wp-json\/wp\/v2\/media?parent=806"}],"curies":[{"name":"wp","href":"https:\/\/api.w.org\/{rel}","templated":true}]}}