{"id":926,"date":"2016-03-10T09:28:06","date_gmt":"2016-03-10T08:28:06","guid":{"rendered":"http:\/\/blogs.univ-jfc.fr\/campsdusudouest\/?page_id=926"},"modified":"2016-03-31T08:43:35","modified_gmt":"2016-03-31T07:43:35","slug":"le-camp-joffre-de-rivesaltes-un-camp-militaire","status":"publish","type":"page","link":"https:\/\/blogs.univ-jfc.fr\/campsdusudouest\/mongraphies-de-camps\/rivesaltes\/le-camp-joffre-de-rivesaltes-un-camp-militaire\/","title":{"rendered":"Le camp Joffre de Rivesaltes : un camp militaire."},"content":{"rendered":"<p style=\"text-align: justify\" align=\"justify\"><span style=\"font-family: Arial,serif\"><span style=\"font-size: large\"><span style=\"font-family: Arial,serif\"><span style=\"font-size: medium\"> Il est important dans l&rsquo;histoire du camp de s\u00e9parer le camp militaire Joffre de Rivesaltes et le camp d&rsquo;internement de Ri<\/span><\/span><span style=\"font-family: Arial,serif\"><span style=\"font-size: medium\">v<\/span><\/span><span style=\"font-family: Arial,serif\"><span style=\"font-size: medium\">es<\/span><\/span><span style=\"font-family: Arial,serif\"><span style=\"font-size: medium\">altes. Il faut donc s&rsquo;int\u00e9resser \u00e0 la fondation du camp en parlant du <\/span><\/span><span style=\"font-family: Arial,serif\"><span style=\"font-size: medium\"><i>Centre d&rsquo;Instruction Militaire R\u00e9gional M\u00e9diterran\u00e9e <\/i><\/span><\/span><span style=\"font-family: Arial,serif\"><span style=\"font-size: medium\">cr\u00e9\u00e9 en 1939, puis de l&rsquo;annexion allemande en 1942, ensuite de sa reconversion en plusieurs centres de formation entre 1951 et 1966 et enfin de sa fermeture dans les ann\u00e9es 70-80.<\/span><\/span><\/span><\/span><\/p>\n<p style=\"text-align: justify\" align=\"justify\"><span style=\"font-family: Arial,serif\"><span style=\"font-size: medium\">C&rsquo;est donc en 1935, dans une logique de politique coloniale, que le ministre de la Guerre a d\u00e9cid\u00e9 la cr\u00e9ation d&rsquo;un <i>Centre d&rsquo;Instruction Militaire R\u00e9gional M\u00e9diterran\u00e9e <\/i>baptis\u00e9 \u00ab\u00a0camp Joffre\u00a0\u00bb (nom du mar\u00e9chal natif de Rivesaltes). Le projet voulait que le centre se dresse \u00e0 deux kilom\u00e8tres au nord de Rivesaltes pour sa place g\u00e9ostrat\u00e9gique, d\u00fb \u00e0 sa proximit\u00e9 avec le r\u00e9seau ferroviaire mais surtout de la M\u00e9diterran\u00e9e. Dans ce projet, le camp Joffre aurait \u00e9galement servi de d\u00e9p\u00f4t de mat\u00e9riel et de centre d&rsquo;instructions. Cependant, en 1936, le centre \u00e9tait encore un simple chantier o\u00f9 on y dressait des habitations qui sont finalis\u00e9es seulement en 1939 et en 1940 par les Espagnols des <a title=\"Lexique (Rivesalres)\" href=\"http:\/\/blogs.univ-jfc.fr\/campsdusudouest\/lexique-rivesalres\/\" target=\"_blank\">Compagnies de Travailleurs \u00c9trangers (CTE)<\/a>. Au final, c&rsquo;est plus de 1\u00a0600 travailleurs \u00e9trangers qui ont travaill\u00e9 sur l&rsquo;am\u00e9nagement du camp jusqu&rsquo;en 1940.<\/span><\/span><\/p>\n<p style=\"text-align: justify\" align=\"justify\"><span style=\"font-family: Arial,serif\"><span style=\"font-size: medium\">Les premiers r\u00e9sidents du camp militaire \u00e9taient les membres du 28\u00e8me RICMS (R\u00e9giment d&rsquo;Infanterie Coloniale Mixte S\u00e9n\u00e9galais au nombre de 5\u00a0000 soldats) mais aussi des conscrits m\u00e9tropolitains et se fut donc un camp de <a title=\"Sch\u00e9ma illustratif de la situation g\u00e9ographique du camp Joffre de Rivesaltes\" href=\"http:\/\/blogs.univ-jfc.fr\/campsdusudouest\/schema-illustratif-de-la-situation-geographique-du-camp-joffre-de-rivesaltes\/\" target=\"_blank\">13 hectares, divis\u00e9 en 9 \u00eelots<\/a> en parti am\u00e9nag\u00e9s qui ouvra ses portes. Cependant, le camp a connu une existence \u00e9ph\u00e9m\u00e8re. En effet, le 22 juin 1940, le mar\u00e9chal P\u00e9tain en signant l&rsquo;armistice \u00e0 Rethondes a provoqu\u00e9 une forte r\u00e9duction des forces arm\u00e9es fran\u00e7aises\u00a0: une grande partie des r\u00e9giments ont donc \u00e9t\u00e9 supprim\u00e9s. Ainsi, au niveau du camp de Rivesaltes, le 28\u00e8me RICMS a \u00e9t\u00e9 totalement dissous, provoquant ainsi, trois jours apr\u00e8s la signature de l&rsquo;armistice, le d\u00e9but de la fin du camp militaire. Finalement, les 4\u00a0434 derniers soldats ont \u00e9t\u00e9 achemin\u00e9s vers Marseille en janvier 1941 pour embarquer vers leurs pays. Les seuls r\u00e9sidents du camp \u00e9taient alors les hommes incorpor\u00e9s de la CTE. <\/span><\/span><\/p>\n<p style=\"text-align: justify\" align=\"justify\"><span style=\"font-family: Arial,serif\"><span style=\"font-size: medium\">Il faut donc attendre l&rsquo;annexion allemande en 1942, pour que le camp Joffre de Rivesaltes retrouve une fonction militaire et que la caserne se remplit, alors que l&rsquo;autre partie du camp \u00e9tant le <a title=\"Rivesaltes : le centre d\u2019internement\" href=\"http:\/\/blogs.univ-jfc.fr\/campsdusudouest\/mongraphies-de-camps\/rivesaltes\/rivesaltes-le-centre-dinternement\/\" target=\"_blank\">centre d&rsquo;internement<\/a> d\u00e9pendait du Minist\u00e8re de Vichy. <\/span><\/span><\/p>\n<p style=\"text-align: justify\" align=\"justify\"><span style=\"font-family: Arial,serif\"><span style=\"font-size: medium\"> L<\/span><span style=\"font-size: medium\">&lsquo;annexion<\/span><span style=\"font-size: medium\"> allemande est un court passage dans l&rsquo;histoire du camp, mais il est important d&rsquo;en parler <\/span><span style=\"font-size: medium\">car le camp Joffre de Rivesaltes n&rsquo;est plus seulement un camp militaire, <\/span><span style=\"font-size: medium\">mais aussi un <a title=\"Rivesaltes : le centre d\u2019internement\" href=\"http:\/\/blogs.univ-jfc.fr\/campsdusudouest\/mongraphies-de-camps\/rivesaltes\/rivesaltes-le-centre-dinternement\/\" target=\"_blank\">\u00ab\u00a0camp d&rsquo;internement administratif\u00a0\u00bb<\/a>. <\/span><\/span><\/p>\n<p style=\"text-align: justify\" align=\"justify\"><span style=\"font-family: Arial,serif\"><span style=\"font-size: medium\">C&rsquo;est <\/span><span style=\"font-size: medium\">le <\/span><span style=\"font-size: medium\">12 novembre 1942, <\/span><span style=\"font-size: medium\">apr\u00e8s \u00eatre entr\u00e9 dans Perpignan la veille, que <\/span><span style=\"font-size: medium\">les troupes allemandes (\u00ab<\/span><span style=\"font-size: medium\">\u00a0<\/span><span style=\"font-size: medium\"><i>troupes d&rsquo;op\u00e9rations <\/i><\/span><span style=\"font-size: medium\"><i>\u00bb<\/i><\/span><span style=\"font-size: medium\">) s<\/span><span style=\"font-size: medium\">e sont <\/span><span style=\"font-size: medium\">install<\/span><span style=\"font-size: medium\">\u00e9es<\/span><span style=\"font-size: medium\"> directement dans le camp de Rivesaltes qui <\/span><span style=\"font-size: medium\">\u00e9tait<\/span><span style=\"font-size: medium\"> avant tout une caserne <\/span><span style=\"font-size: medium\">militaire<\/span><span style=\"font-size: medium\">. <\/span><span style=\"font-size: medium\">Ainsi, u<\/span><span style=\"font-size: medium\">ne seule partie du camp <\/span><span style=\"font-size: medium\">a \u00e9t\u00e9<\/span><span style=\"font-size: medium\"> annex\u00e9e par les <\/span><span style=\"font-size: medium\">A<\/span><span style=\"font-size: medium\">llemands puisque le <\/span><span style=\"font-size: medium\">c<\/span><span style=\"font-size: medium\">entre <\/span><span style=\"font-size: medium\">d&rsquo;internement <\/span><span style=\"font-size: medium\">du Minist\u00e8re de l&rsquo;Int\u00e9rieur de Vichy <\/span><span style=\"font-size: medium\">\u00e9tait<\/span><span style=\"font-size: medium\"> encore en fonction (en novembre 1943 il y avait 2\u00a0471 intern\u00e9s). <\/span><\/span><\/p>\n<p style=\"text-align: justify\" align=\"justify\"><span style=\"font-family: Arial,serif\"><span style=\"font-size: medium\"> Il faut savoir que cette annexion allemande a inqui\u00e9t\u00e9 les intern\u00e9s et a fait augmenter le nombre d&rsquo;\u00e9vasions. En effet, elles se sont faites surtout dans l&rsquo;\u00eelot K, qui en ao\u00fbt 1942 \u00e9tait devenu l&rsquo;\u00eelot o\u00f9 \u00e9taient intern\u00e9s les <\/span><span style=\"font-size: medium\">juifs<\/span><span style=\"font-size: medium\"> (comme l&rsquo;\u00eelot F) et qui \u00e9tait positionn\u00e9 pr<\/span><span style=\"font-size: medium\">\u00e8s<\/span><span style=\"font-size: medium\"> de la route. <\/span><span style=\"font-size: medium\">Entre le 13 novembre et le 25 novembre 1942, on a pu r\u00e9pertorier plus de <a title=\"Graphique repr\u00e9sentant le nombre d\u2019\u00e9vasion au sein du camp de Rivesaltes pendant l\u2019ann\u00e9e 1942\" href=\"http:\/\/blogs.univ-jfc.fr\/campsdusudouest\/graphique-representant-le-nombre-devasion-au-sein-du-camp-de-rivesaltes-pendant-lannee-1942\/\" target=\"_blank\">200 \u00e9vasions de Tsiganes et d<\/a><\/span><a title=\"Graphique repr\u00e9sentant le nombre d\u2019\u00e9vasion au sein du camp de Rivesaltes pendant l\u2019ann\u00e9e 1942\" href=\"http:\/\/blogs.univ-jfc.fr\/campsdusudouest\/graphique-representant-le-nombre-devasion-au-sein-du-camp-de-rivesaltes-pendant-lannee-1942\/\" target=\"_blank\"><span style=\"font-size: medium\">e juifs<\/span><\/a><span style=\"font-size: medium\">. De plus, cette annexion allemande <\/span><span style=\"font-size: medium\">inqui\u00e9tait<\/span><span style=\"font-size: medium\"> la population locale et a cr\u00e9\u00e9e de nombreuses tensions \u00e9conomiques, avec la rar\u00e9faction des marchandises et l&rsquo;apparition du march\u00e9 <\/span><span style=\"font-size: medium\">noir. <\/span><\/span><\/p>\n<p style=\"text-align: justify\" align=\"justify\"><span style=\"font-family: Arial,serif\"><span style=\"font-size: medium\"> Au final, le camp a \u00e9t\u00e9 enti\u00e8rement annex\u00e9 par les Allemands puisqu&rsquo;ils se sont install\u00e9s dans les baraques des intern\u00e9s et en particulier dans celles des Espagnols des <a title=\"Lexique (Rivesalres)\" href=\"http:\/\/blogs.univ-jfc.fr\/campsdusudouest\/lexique-rivesalres\/\" target=\"_blank\">GTE<\/a>, mais aussi dans celles des autres b\u00e2tisseurs jusqu&rsquo;au 19 ao\u00fbt 1944 o\u00f9 les troupes se sont retir\u00e9es apr\u00e8s la Lib\u00e9ration. Les troupes ne manqu\u00e8rent pas de d\u00e9truire les installations \u00e9lectriques et les centres d&rsquo;eau de certains \u00eelots tout en d\u00e9robant \u00e9galement les armes stock\u00e9es en quittant le camp.<br \/>\n<\/span><\/span><\/p>\n<p style=\"text-align: justify\" align=\"justify\"><span style=\"font-family: Arial,serif\"><span style=\"font-size: medium\"> Le camp Joffre de Rivesaltes a retrouv\u00e9 sa fonction militaire \u00e0 partir de 1951, dans des centres de formations toujours encadr\u00e9s par l&rsquo;arm\u00e9e pour des anciens membres de l&rsquo;arm\u00e9e. <\/span><span style=\"font-size: medium\">Dans une logique politique de d\u00e9colonisation<\/span><span style=\"font-size: medium\">, <\/span><span style=\"font-size: medium\">l\u2019\u00c9tat<\/span><span style=\"font-size: medium\"> fran\u00e7ais <\/span><span style=\"font-size: medium\">a d\u00e9cid\u00e9 d&rsquo;ouvrir<\/span><span style=\"font-size: medium\"> ces centres afin de permettre <\/span><span style=\"font-size: medium\">aux<\/span><span style=\"font-size: medium\"> anciens soldats <\/span><span style=\"font-size: medium\">des troupes coloniales<\/span><span style=\"font-size: medium\"> de s&rsquo;int\u00e9grer socialement <\/span><span style=\"font-size: medium\">et de trouver un m\u00e9tier<\/span><span style=\"font-size: medium\">. <\/span><\/span><\/p>\n<p style=\"text-align: justify\" align=\"justify\"><span style=\"font-family: Arial,serif\"><span style=\"font-size: medium\"> A<\/span><span style=\"font-size: medium\">insi, le 1<\/span><sup><span style=\"font-size: medium\">er<\/span><\/sup><span style=\"font-size: medium\"> d\u00e9cembre 1951 <\/span><span style=\"font-size: medium\">le <\/span><span style=\"font-size: medium\"><i>\u00ab\u00a0Centre de formation professionnelle acc\u00e9l\u00e9r\u00e9e de Rivesaltes\u00a0\u00bb <\/i><\/span><span style=\"font-size: medium\">a ouvert ses portes afin de favoriser<\/span><span style=\"font-size: medium\"> l&rsquo;insertion des conscrits volontaires, <\/span><span style=\"font-size: medium\">et<\/span><span style=\"font-size: medium\"> en particulier des nord-africains. A <\/span><span style=\"font-size: medium\">l&rsquo;ouverture du centre, <\/span><span style=\"font-size: medium\">180 jeunes <\/span><span style=\"font-size: medium\">ont \u00e9t\u00e9 <\/span><span style=\"font-size: medium\">form\u00e9s<\/span><span style=\"font-size: medium\">, <\/span><span style=\"font-size: medium\">et<\/span><span style=\"font-size: medium\"> en 1954, le camp <\/span><span style=\"font-size: medium\">a <\/span><span style=\"font-size: medium\">accueill<\/span><span style=\"font-size: medium\">i<\/span><span style=\"font-size: medium\"> 150 \u00e0 200 jeunes chaque semestres,<\/span><span style=\"font-size: medium\"> encadr\u00e9s par 35 \u00e0 60 militaires<\/span><span style=\"font-size: medium\">. En 1957, cette politique <\/span><span style=\"font-size: medium\">s\u2019<\/span><span style=\"font-size: medium\">est <\/span><span style=\"font-size: medium\">intensifi<\/span><span style=\"font-size: medium\">\u00e9e<\/span><span style=\"font-size: medium\"> lorsque <\/span><span style=\"font-size: medium\">Robert Lacoste, gouverneur g\u00e9n\u00e9ral de l&rsquo;Alg\u00e9rie, <\/span><span style=\"font-size: medium\">a <\/span><span style=\"font-size: medium\">demand<\/span><span style=\"font-size: medium\">\u00e9<\/span><span style=\"font-size: medium\"> au Minist\u00e8re des arm\u00e9es de former 2\u00a0000 jeunes en pleine bataille d&rsquo;Al<\/span><span style=\"font-size: medium\">ger<\/span><span style=\"font-size: medium\">. Ainsi en quatre ans, 3\u00a0000 jeunes obtiennent un CAP.<\/span><\/span><\/p>\n<p style=\"text-align: justify\" align=\"justify\"><span style=\"font-family: Arial,serif\"><span style=\"font-size: medium\"> En 1962, L\u2019\u00eelot J con<\/span><span style=\"font-size: medium\">tenait<\/span><span style=\"font-size: medium\"> les conscrits fran\u00e7ais musulmans <\/span><span style=\"font-size: medium\">et<\/span><span style=\"font-size: medium\"> l\u2019\u00eelot N <\/span><span style=\"font-size: medium\">les membres du <\/span><span style=\"font-size: medium\">FLN<\/span><span style=\"font-size: medium\"> dans le <\/span><span style=\"font-size: medium\"><a title=\"Rivesaltes : le centre d\u2019enfermement\" href=\"http:\/\/blogs.univ-jfc.fr\/campsdusudouest\/mongraphies-de-camps\/rivesaltes\/rivesaltes-le-centre-denfermement\/\" target=\"_blank\">centre p\u00e9nitentiaire<\/a><\/span><span style=\"font-size: medium\">, q<\/span><span style=\"font-size: medium\">ui provoqu<\/span><span style=\"font-size: medium\">a<\/span><span style=\"font-size: medium\"> une cohabitation difficile\u00a0: <\/span><span style=\"font-size: medium\">bagarres, insultes\u2026 <\/span><span style=\"font-size: medium\">Cette<\/span><span style=\"font-size: medium\"> cohabitation difficile <\/span><span style=\"font-size: medium\">a <\/span><span style=\"font-size: medium\">con<\/span><span style=\"font-size: medium\">d<\/span><span style=\"font-size: medium\">uit \u00e0 la fermeture du centre pour un transfert vers Alen\u00e7on et le camp militaire <\/span><span style=\"font-size: medium\">est redevenu ainsi<\/span><span style=\"font-size: medium\"> une simple caserne. <\/span><\/span><\/p>\n<p style=\"text-align: justify\" align=\"justify\"><span style=\"font-family: Arial,serif\"><span style=\"font-size: medium\"> En 1951, les \u00eelots Q et O serv<\/span><span style=\"font-size: medium\">aient<\/span><span style=\"font-size: medium\"> de <\/span><span style=\"font-size: medium\"><i>\u00ab\u00a0Centre de Formation Professionnelle pour Adultes\u00a0\u00bb<\/i><\/span><span style=\"font-size: medium\"> (CFPA) et entre 1977 et 1978 les femmes <\/span><span style=\"font-size: medium\">ont pu<\/span><span style=\"font-size: medium\">, elles aussi, b\u00e9n\u00e9ficier <\/span><span style=\"font-size: medium\">d&rsquo;<\/span><span style=\"font-size: medium\">une formation. <\/span><span style=\"font-size: medium\">Il est important de parler <\/span><span style=\"font-size: medium\">\u00e9galement du \u00ab\u00a0camp des Guin\u00e9ens\u00a0\u00bb entre 1965 et 1966. <\/span><span style=\"font-size: medium\">En effet, apr\u00e8s<\/span><span style=\"font-size: medium\"> l&rsquo;ind\u00e9pendance de <\/span><span style=\"font-size: medium\">la Guin\u00e9e, <\/span><span style=\"font-size: medium\">le <\/span><span style=\"font-size: medium\">contrat <\/span><span style=\"font-size: medium\">des soldats guin\u00e9ens <\/span><span style=\"font-size: medium\">avec l&rsquo;arm\u00e9e fran\u00e7aise <\/span><span style=\"font-size: medium\">a \u00e9t\u00e9 rompu<\/span><span style=\"font-size: medium\">. <\/span><span style=\"font-size: medium\">Ils refus\u00e8rent cette d\u00e9cision <\/span><span style=\"font-size: medium\">et se <\/span><span style=\"font-size: medium\">sont fait<\/span><span style=\"font-size: medium\"> ainsi expulser de leur pays pour arriver en France en novembre 1964. Les autorit\u00e9s fran\u00e7aises ne sachant pas quoi faire de <\/span><span style=\"font-size: medium\">c<\/span><span style=\"font-size: medium\">es expuls\u00e9s d\u00e9cid<\/span><span style=\"font-size: medium\">\u00e8rent alors<\/span><span style=\"font-size: medium\"> de les envoyer au camp Joffre o\u00f9 ils ont <\/span><span style=\"font-size: medium\">\u00e9t\u00e9<\/span><span style=\"font-size: medium\"> recueilli par les troupes coloniales. Finalement, c&rsquo;est 700 personnes qui ont <\/span><span style=\"font-size: medium\">\u00e9t\u00e9<\/span><span style=\"font-size: medium\"> pris en charge jusqu&rsquo;en octobre 1966, date de leur d\u00e9part. Les derniers Guin\u00e9ens rest\u00e9s dans le camp <\/span><span style=\"font-size: medium\">furent<\/span><span style=\"font-size: medium\"> rapatri\u00e9s vers Konakry, le 15 octobre 1966. <\/span><span style=\"font-size: medium\">Ce <\/span><span style=\"font-size: medium\">d\u00e9part des Guin\u00e9ens marque la fin <\/span><span style=\"font-size: medium\">de toute pr\u00e9sence<\/span><span style=\"font-size: medium\"> de troupes coloniales dans le camp Joffre, <\/span><span style=\"font-size: medium\">mais <\/span><span style=\"font-size: medium\">aussi<\/span><span style=\"font-size: medium\"> la fin d&rsquo;une politique coloniale <\/span><span style=\"font-size: medium\">fran\u00e7aise<\/span><span style=\"font-size: medium\">.<\/span><\/span><\/p>\n<p style=\"text-align: justify\" align=\"justify\"><span style=\"font-family: Arial,serif\"><span style=\"font-size: medium\">La fin progressive du camp militaire Joffre de Rivesaltes est situ\u00e9e dans les ann\u00e9es 1970-1980 car le camp n&rsquo;\u00e9tait pas entretenu. Ainsi, les mairies des alentours rachet\u00e8rent petit-\u00e0-petit des parcelles du terrain et le peu qui en reste est aujourd&rsquo;hui laiss\u00e9 \u00e0 l&rsquo;abandon aux squatteurs, aux vagabonds et \u00e0 la tramontane. Au final, la seule partie bien conserv\u00e9e du camp militaire est la partie o\u00f9 le Minist\u00e8re de l&rsquo;Int\u00e9rieur a fait construire un <a title=\"Rivesaltes : le centre d\u2019enfermement\" href=\"http:\/\/blogs.univ-jfc.fr\/campsdusudouest\/mongraphies-de-camps\/rivesaltes\/rivesaltes-le-centre-denfermement\/\" target=\"_blank\">camp de r\u00e9tention <\/a>qui a ouvert ses portes en 1986.<\/span><\/span><\/p>\n<p style=\"text-align: justify\" align=\"justify\"><a title=\"Bibliographie G\u00e9n\u00e9rale\" href=\"http:\/\/blogs.univ-jfc.fr\/campsdusudouest\/bibliographie-generale\/\" target=\"_blank\">Pour aller plus loin&#8230;<\/a><\/p>\n","protected":false},"excerpt":{"rendered":"<p>Il est important dans l&rsquo;histoire du camp de s\u00e9parer le camp militaire Joffre de Rivesaltes et le camp d&rsquo;internement de Rivesaltes. Il faut donc s&rsquo;int\u00e9resser \u00e0 la fondation du camp en parlant du Centre d&rsquo;Instruction Militaire R\u00e9gional M\u00e9diterran\u00e9e cr\u00e9\u00e9 en &hellip; <a href=\"https:\/\/blogs.univ-jfc.fr\/campsdusudouest\/mongraphies-de-camps\/rivesaltes\/le-camp-joffre-de-rivesaltes-un-camp-militaire\/\">Lire la suite <span class=\"meta-nav\">&rarr;<\/span><\/a><\/p>\n","protected":false},"author":162,"featured_media":0,"parent":94,"menu_order":2,"comment_status":"closed","ping_status":"open","template":"","meta":[],"_links":{"self":[{"href":"https:\/\/blogs.univ-jfc.fr\/campsdusudouest\/wp-json\/wp\/v2\/pages\/926"}],"collection":[{"href":"https:\/\/blogs.univ-jfc.fr\/campsdusudouest\/wp-json\/wp\/v2\/pages"}],"about":[{"href":"https:\/\/blogs.univ-jfc.fr\/campsdusudouest\/wp-json\/wp\/v2\/types\/page"}],"author":[{"embeddable":true,"href":"https:\/\/blogs.univ-jfc.fr\/campsdusudouest\/wp-json\/wp\/v2\/users\/162"}],"replies":[{"embeddable":true,"href":"https:\/\/blogs.univ-jfc.fr\/campsdusudouest\/wp-json\/wp\/v2\/comments?post=926"}],"version-history":[{"count":20,"href":"https:\/\/blogs.univ-jfc.fr\/campsdusudouest\/wp-json\/wp\/v2\/pages\/926\/revisions"}],"predecessor-version":[{"id":4097,"href":"https:\/\/blogs.univ-jfc.fr\/campsdusudouest\/wp-json\/wp\/v2\/pages\/926\/revisions\/4097"}],"up":[{"embeddable":true,"href":"https:\/\/blogs.univ-jfc.fr\/campsdusudouest\/wp-json\/wp\/v2\/pages\/94"}],"wp:attachment":[{"href":"https:\/\/blogs.univ-jfc.fr\/campsdusudouest\/wp-json\/wp\/v2\/media?parent=926"}],"curies":[{"name":"wp","href":"https:\/\/api.w.org\/{rel}","templated":true}]}}