{"id":951,"date":"2016-03-10T09:31:48","date_gmt":"2016-03-10T08:31:48","guid":{"rendered":"http:\/\/blogs.univ-jfc.fr\/campsdusudouest\/?page_id=951"},"modified":"2016-05-02T13:25:43","modified_gmt":"2016-05-02T12:25:43","slug":"les-camps-dinternement-de-1919-a-1945","status":"publish","type":"page","link":"https:\/\/blogs.univ-jfc.fr\/campsdusudouest\/le-phenomene-concentrationnaire\/les-camps-dinternement-de-1919-a-1945\/","title":{"rendered":"Les camps d&rsquo;internement de 1919 \u00e0 1945"},"content":{"rendered":"<p style=\"text-align: justify\">Au d\u00e9but du 20<sup>\u00e8me<\/sup> si\u00e8cle, plu<a href=\"http:\/\/blogs.univ-jfc.fr\/campsdusudouest\/wp-content\/uploads\/sites\/48\/2016\/03\/IMAGE-TER.jpg\"><img loading=\"lazy\" class=\"size-medium wp-image-1168 alignleft\" title=\"Camp de Manzanar, Californie, vu du poste de garde, 1943. Ansel Adams. Collection priv\u00e9e. Autorisation de Photographic Traveling Exhibitions. Source : http:\/\/www.slate.fr\/grand-format\/vie-camp-internement-japonais-107981\" alt=\"IMAGE TER\" src=\"http:\/\/blogs.univ-jfc.fr\/campsdusudouest\/wp-content\/uploads\/sites\/48\/2016\/03\/IMAGE-TER-300x191.jpg\" width=\"300\" height=\"191\" srcset=\"https:\/\/blogs.univ-jfc.fr\/campsdusudouest\/wp-content\/uploads\/sites\/48\/2016\/03\/IMAGE-TER-300x191.jpg 300w, https:\/\/blogs.univ-jfc.fr\/campsdusudouest\/wp-content\/uploads\/sites\/48\/2016\/03\/IMAGE-TER-1024x654.jpg 1024w, https:\/\/blogs.univ-jfc.fr\/campsdusudouest\/wp-content\/uploads\/sites\/48\/2016\/03\/IMAGE-TER-469x300.jpg 469w, https:\/\/blogs.univ-jfc.fr\/campsdusudouest\/wp-content\/uploads\/sites\/48\/2016\/03\/IMAGE-TER.jpg 1090w\" sizes=\"(max-width: 300px) 100vw, 300px\" \/><\/a>sieurs r\u00e9gimes totalitaires (URSS, Nazi, Japon, Italie) s\u2019imposent en Europe et dans le monde. Ils mettent alors en place une r\u00e9pression de la population \u00e0 travers les camps apparus \u00e0 la fin du 19<sup>\u00e8me<\/sup> si\u00e8cle.<\/p>\n<p lang=\"fr-FR\" style=\"text-align: justify\" align=\"justify\"><span style=\"font-family: Arial,sans-serif\">Les camps sont des lieux o\u00f9 des personnes sont rassembl\u00e9es pour des raisons exceptionnelles ou politiques et dans lesquels les conditions de vie peuvent s\u2019av\u00e9rer tr\u00e8s pr\u00e9caires. Ils ont pour premier objectif d\u2019effrayer des populations consid\u00e9r\u00e9es comme suspectes ou dangereuses. Contrairement au cas des prisons, lieux de d\u00e9tention p\u00e9nale r\u00e9serv\u00e9s aux personnes jug\u00e9es par un tribunal, les camps ne d\u00e9pendent pas du syst\u00e8me judiciaire mais d\u2019un enfermement administratif sans proc\u00e8s et dans lequel les d\u00e9tenus sont coup\u00e9s de leurs droits. Il existe trois types de camps. Tout d\u2019abord, les camps d\u2019internement qui ont pour fonction de s\u00e9parer temporairement de la population des individus suspects ou consid\u00e9r\u00e9s comme dangereux, ils sont g\u00e9n\u00e9ralement cr\u00e9\u00e9s lors de conflits. Puis les camps de concentration, qui sont tout d\u2019abord apparus durant la <a title=\"Les origines coloniales du ph\u00e9nom\u00e8ne\" href=\"http:\/\/blogs.univ-jfc.fr\/campsdusudouest\/les-origines-coloniales-du-phenomene\/\" target=\"_blank\">guerre des Boers<\/a> (1899-1902) en Afrique du Sud et dont certains subsistent au-del\u00e0 des temps de crises ou de guerre et suivent la logique \u00ab\u00a0d\u2019avilissement, de r\u00e9\u00e9ducation, de travail et d\u2019an\u00e9antissement\u00a0\u00bb<a href=\"#sdfootnote1sym\" name=\"sdfootnote1anc\"><\/a> en fonction des diff\u00e9rentes id\u00e9ologies des r\u00e9gimes qui les ont mis en place. Enfin, les camps d\u2019extermination, qui ont pour unique fonction d\u2019exterminer une population ; c\u2019est un cas exceptionnel qui a fait son apparition dans le cadre de la <a title=\"Les camps de l\u2019Allemagne nazie\u00a0\" href=\"http:\/\/blogs.univ-jfc.fr\/campsdusudouest\/le-phenomene-concentrationnaire\/les-camps-dinternement-de-1919-a-1945\/le-phenomene-concentrationaire-pendant-lentre-deux-guerres\/lengrenage-des-camps-dans-la-seconde-guerre-mondiale\/lengrenage-des-camps-dans-la-seconde-guerre-mondiale-suite\/les-camps-de-lallemagne-nazie\/\" target=\"_blank\">solution finale du r\u00e9gime nazi<\/a>, ces camps ne recevraient pas d\u2019intern\u00e9s, les personnes qui arrivaient \u00e9taient gaz\u00e9es d\u00e8s leur arriv\u00e9e. Les camps de Auschwitz-Birkenau et de Majdanek \u00e9taient mixtes. Les camps d\u2019extermination sont propres au r\u00e9gime nazi et suivent son id\u00e9ologie.<\/span><\/p>\n<p id=\"sdfootnote1\" style=\"text-align: justify\">La Premi\u00e8re Guerre mondiale laisse une Europe d\u00e9truite et des blessures qui am\u00e8nent alors une peur de l\u2019\u00e9tranger. Ainsi se d\u00e9veloppe une radicalisation politique et la diffusion d\u2019id\u00e9ologies racistes en Europe et au <a title=\"Le ph\u00e9nom\u00e8ne concentrationnaire pendant l\u2019entre-deux guerres\" href=\"http:\/\/blogs.univ-jfc.fr\/campsdusudouest\/le-phenomene-concentrationnaire\/les-camps-dinternement-de-1919-a-1945\/le-phenomene-concentrationaire-pendant-lentre-deux-guerres\/\" target=\"_blank\">Japon<\/a> comme avec l\u2019id\u00e9ologie nazie ou japonaise (doctrine du hakko ichi\u2019u). Les camps apparus \u00e0 la fin du 19<sup>\u00e8me<\/sup> si\u00e8cle \u00e0 Cuba lors d\u2019une guerre de lib\u00e9ration nationale s\u2019exportent en Europe dans les <a title=\"L\u2019engrenage des camps dans la Seconde Guerre mondiale\u00a0(suite)\" href=\"http:\/\/blogs.univ-jfc.fr\/campsdusudouest\/le-phenomene-concentrationnaire\/les-camps-dinternement-de-1919-a-1945\/le-phenomene-concentrationaire-pendant-lentre-deux-guerres\/lengrenage-des-camps-dans-la-seconde-guerre-mondiale\/lengrenage-des-camps-dans-la-seconde-guerre-mondiale-suite\/\" target=\"_blank\">r\u00e9gimes totalitaires<\/a> comme en URSS, en Espagne franquiste, en Italie fasciste ou en <a title=\"Les camps de l\u2019Allemagne nazie\u00a0\" href=\"http:\/\/blogs.univ-jfc.fr\/campsdusudouest\/le-phenomene-concentrationnaire\/les-camps-dinternement-de-1919-a-1945\/le-phenomene-concentrationaire-pendant-lentre-deux-guerres\/lengrenage-des-camps-dans-la-seconde-guerre-mondiale\/lengrenage-des-camps-dans-la-seconde-guerre-mondiale-suite\/les-camps-de-lallemagne-nazie\/\" target=\"_blank\">Allemagne nazie<\/a> o\u00f9 ils atteignent leur apog\u00e9e en nombre et en violence durant la Seconde Guerre.<\/p>\n<p style=\"text-align: center\">\u00a0________<\/p>\n<h1 align=\"justify\"><strong>Le ph\u00e9nom\u00e8ne concentrationnaire pendant l&rsquo;entre-deux-guerres<\/strong><\/h1>\n<p lang=\"fr-FR\" align=\"justify\"><em>\u00a0\u00a0\u00a0\u00a0\u00a0\u00a0\u00a0\u00a0\u00a0 Les camps des r\u00e9gimes autoritaires<br \/>\n<\/em><\/p>\n<p lang=\"fr-FR\" align=\"justify\"><span style=\"color: #000000\"><span style=\"font-family: Arial,sans-serif\">En 1933, Hitler devient chancelier de la r\u00e9publique de Weimar, il est le fondateur et la figure centrale du parti nazi. Il <\/span><span style=\"color: #000000\">obtient<\/span><span style=\"color: #000000\"> tr\u00e8s vite les pleins pouvoirs <\/span><span style=\"color: #000000\">pour quatre ans,<\/span><span style=\"color: #000000\"> \u00e0 la suite du vote du Reichstag. Le 20 mars 1933, des suites de cette loi, le premier camp de concentration va \u00eatre ouvert \u00e0 Dachau. Les premi\u00e8res mesures discriminatoires contre les juifs sont mises en place en avril et des camps provisoires sont \u00e9galement cr\u00e9es dans toute l&rsquo;Allemagne. En 1935, <\/span><span style=\"color: #000000\">l<\/span><span style=\"color: #000000\">es <\/span><span style=\"color: #000000\">loi<\/span><span style=\"color: #000000\">s<\/span><span style=\"color: #000000\"> antis\u00e9mite<\/span><span style=\"color: #000000\">s dites<\/span><span style=\"color: #000000\"> \u00ab\u00a0de\u00a0Nuremberg\u00a0\u00bb <\/span><span style=\"color: #000000\">sont<\/span><span style=\"color: #000000\"> promulgu\u00e9e<\/span><span style=\"color: #000000\">s<\/span><span style=\"color: #000000\">. Le camp de Buchenwald est cr\u00e9\u00e9 en 1937. En 1939, <\/span><span style=\"color: #000000\">30\u00a0000 juifs sont envoy\u00e9s \u00e0 Dachau, Sachsenhausen et Buchenwald. <\/span><\/span><\/p>\n<p lang=\"fr-FR\" align=\"justify\">Ces camps avaient pour but d&rsquo;enfermer et d&rsquo;\u00e9liminer les \u00ab\u00a0ennemis d&rsquo;\u00c9tat\u00a0\u00bb. Le r\u00e9gime nazi appelait ces centres de d\u00e9tention \u00ab\u00a0camps de concentration\u00a0\u00bb car tous les prisonniers \u00e9taient concentr\u00e9s en un m\u00eame lieu. Les prisonniers des premiers camps \u00e9taient le plus souvent des communistes, des homosexuels, des socialistes, des juifs, et toutes autres personnes consid\u00e9r\u00e9es dangereuses pour l\u2019\u00c9tat.<\/p>\n<p lang=\"fr-FR\" align=\"justify\">En 1922, le parti fasciste prend le pouvoir en Italie, avec \u00e0 sa t\u00eate Mussolini. L\u2019Italie de Mussolini ne peut se comparer \u00e0 l&rsquo;Allemagne nazie ou encore \u00e0 l&rsquo;URSS car contrairement \u00e0 celles-ci, elle ne poss\u00e8de pas de camps de concentration jusqu&rsquo;\u00e0 l&rsquo;ann\u00e9e 1939. Elle met plut\u00f4t en place le syst\u00e8me de r\u00e9sidences surveill\u00e9es. En effet elle force \u00e0 l&rsquo;exil soit dans des petits villages de campagne ou dans les \u00eeles du sud de l&rsquo;Italie, mais en aucun cas il ne s&rsquo;y op\u00e8re un d\u00e9placement de population massif, avec un objectif d\u2019\u00e9limination ou de travail forc\u00e9. M\u00eame pour les juifs, le syst\u00e8me Mussolinien est tr\u00e8s loin de la r\u00e9alit\u00e9 allemande. En 1937, Mussolini adh\u00e8re au parti anti-Komintern et, \u00e0 l&rsquo;automne 1938, il met en place des lois antis\u00e9mites parmi lesquelles un d\u00e9cret qui pousse hors d&rsquo;Italie, dans les six mois qui suivent, tous les juifs \u00e9trangers habitant en Italie apr\u00e8s janvier 1919. Mais ce d\u00e9cret ne sera jamais appliqu\u00e9, ainsi les juifs se sentent en s\u00e9curit\u00e9 en Italie mais aussi dans les zones occup\u00e9es italiennes. Une id\u00e9ologie semblable \u00e0 celles de l\u2019Allemagne et de l\u2019Italie se voit aussi au Japon.<\/p>\n<p lang=\"fr-FR\" align=\"justify\">Le Japon s&rsquo;\u00e9tend de mani\u00e8re exceptionnelle en Asie. Le d\u00e9but de l&rsquo;expansion du Japon se fait en 1872, avec l&rsquo;annexion du Royaume de Ry\u00fbky\u00fb. \u00c0 partir de 1926 jusqu&rsquo;en 1945 l&rsquo;expansionnisme japonais va s&rsquo;accentuer. Cette volont\u00e9 d&rsquo;extension est bas\u00e9e sur une volont\u00e9 de dominer l&rsquo;Asie puisque le Japon pense qu&rsquo;il existe une sup\u00e9riorit\u00e9 de la race nippone. Cette id\u00e9ologie ressemble beaucoup au nazisme, on y retrouve cette id\u00e9e de la sup\u00e9riorit\u00e9 d&rsquo;une race par rapport \u00e0 une autre. De m\u00eame nous retrouvons la pr\u00e9sence de camps de concentration mais aussi, \u00e0 partir de la fin des ann\u00e9es 30, le Japon dispose d&rsquo;une police secr\u00e8te et de deux polices militaires. En Indon\u00e9sie les Japonais profitent de leur invasion pour changer l&rsquo;\u00e9conomie du pays \u00e0 leur profit. L&rsquo;occupation des territoires entra\u00eene \u00e9galement des d\u00e9rives sous la forme de crimes de guerre parmi lesquels l&rsquo;esclavage sexuel, perp\u00e9tr\u00e9s sur des opposants ou sur des civils. Les civils originaires d&rsquo;Europe et les m\u00e9tis furent enferm\u00e9s dans des camps. Cependant le cas de l&rsquo;Indon\u00e9sie n&rsquo;est pas unique, tous les pays envahis par le Japon connurent un sort similaire<\/p>\n<p style=\"text-align: justify\"><a title=\"Le ph\u00e9nom\u00e8ne concentrationaire pendant l\u2019entre-deux guerres\" href=\"http:\/\/blogs.univ-jfc.fr\/campsdusudouest\/le-phenomene-concentrationnaire\/les-camps-dinternement-de-1919-a-1945\/le-phenomene-concentrationaire-pendant-lentre-deux-guerres\/\">Lire la suite&#8230;<\/a><\/p>\n","protected":false},"excerpt":{"rendered":"<p>Au d\u00e9but du 20\u00e8me si\u00e8cle, plusieurs r\u00e9gimes totalitaires (URSS, Nazi, Japon, Italie) s\u2019imposent en Europe et dans le monde. Ils mettent alors en place une r\u00e9pression de la population \u00e0 travers les camps apparus \u00e0 la fin du 19\u00e8me si\u00e8cle. &hellip; <a href=\"https:\/\/blogs.univ-jfc.fr\/campsdusudouest\/le-phenomene-concentrationnaire\/les-camps-dinternement-de-1919-a-1945\/\">Lire la suite <span class=\"meta-nav\">&rarr;<\/span><\/a><\/p>\n","protected":false},"author":15,"featured_media":4001,"parent":11,"menu_order":1,"comment_status":"closed","ping_status":"open","template":"","meta":[],"_links":{"self":[{"href":"https:\/\/blogs.univ-jfc.fr\/campsdusudouest\/wp-json\/wp\/v2\/pages\/951"}],"collection":[{"href":"https:\/\/blogs.univ-jfc.fr\/campsdusudouest\/wp-json\/wp\/v2\/pages"}],"about":[{"href":"https:\/\/blogs.univ-jfc.fr\/campsdusudouest\/wp-json\/wp\/v2\/types\/page"}],"author":[{"embeddable":true,"href":"https:\/\/blogs.univ-jfc.fr\/campsdusudouest\/wp-json\/wp\/v2\/users\/15"}],"replies":[{"embeddable":true,"href":"https:\/\/blogs.univ-jfc.fr\/campsdusudouest\/wp-json\/wp\/v2\/comments?post=951"}],"version-history":[{"count":35,"href":"https:\/\/blogs.univ-jfc.fr\/campsdusudouest\/wp-json\/wp\/v2\/pages\/951\/revisions"}],"predecessor-version":[{"id":4581,"href":"https:\/\/blogs.univ-jfc.fr\/campsdusudouest\/wp-json\/wp\/v2\/pages\/951\/revisions\/4581"}],"up":[{"embeddable":true,"href":"https:\/\/blogs.univ-jfc.fr\/campsdusudouest\/wp-json\/wp\/v2\/pages\/11"}],"wp:featuredmedia":[{"embeddable":true,"href":"https:\/\/blogs.univ-jfc.fr\/campsdusudouest\/wp-json\/wp\/v2\/media\/4001"}],"wp:attachment":[{"href":"https:\/\/blogs.univ-jfc.fr\/campsdusudouest\/wp-json\/wp\/v2\/media?parent=951"}],"curies":[{"name":"wp","href":"https:\/\/api.w.org\/{rel}","templated":true}]}}

Les camps d&rsquo;internement de 1919 à 1945

<p style="text-align: justify">Au début du 20<sup>ème</sup> siècle, plu<a href="http://blogs.univ-jfc.fr/campsdusudouest/wp-content/uploads/sites/48/2016/03/IMAGE-TER.jpg"><img loading="lazy" class="size-medium wp-image-1168 alignleft" title="Camp de Manzanar, Californie, vu du poste de garde, 1943. Ansel Adams. Collection privée. Autorisation de Photographic Traveling Exhibitions. Source : http://www.slate.fr/grand-format/vie-camp-internement-japonais-107981" alt="IMAGE TER" src="http://blogs.univ-jfc.fr/campsdusudouest/wp-content/uploads/sites/48/2016/03/IMAGE-TER-300x191.jpg" width="300" height="191" srcset="https://blogs.univ-jfc.fr/campsdusudouest/wp-content/uploads/sites/48/2016/03/IMAGE-TER-300x191.jpg 300w, https://blogs.univ-jfc.fr/campsdusudouest/wp-content/uploads/sites/48/2016/03/IMAGE-TER-1024x654.jpg 1024w, https://blogs.univ-jfc.fr/campsdusudouest/wp-content/uploads/sites/48/2016/03/IMAGE-TER-469x300.jpg 469w, https://blogs.univ-jfc.fr/campsdusudouest/wp-content/uploads/sites/48/2016/03/IMAGE-TER.jpg 1090w" sizes="(max-width: 300px) 100vw, 300px" /></a>sieurs régimes totalitaires (URSS, Nazi, Japon, Italie) s’imposent en Europe et dans le monde. Ils mettent alors en place une répression de la population à travers les camps apparus à la fin du 19<sup>ème</sup> siècle.</p>
<p lang="fr-FR" style="text-align: justify" align="justify"><span style="font-family: Arial,sans-serif">Les camps sont des lieux où des personnes sont rassemblées pour des raisons exceptionnelles ou politiques et dans lesquels les conditions de vie peuvent s’avérer très précaires. Ils ont pour premier objectif d’effrayer des populations considérées comme suspectes ou dangereuses. Contrairement au cas des prisons, lieux de détention pénale réservés aux personnes jugées par un tribunal, les camps ne dépendent pas du système judiciaire mais d’un enfermement administratif sans procès et dans lequel les détenus sont coupés de leurs droits. Il existe trois types de camps. Tout d’abord, les camps d’internement qui ont pour fonction de séparer temporairement de la population des individus suspects ou considérés comme dangereux, ils sont généralement créés lors de conflits. Puis les camps de concentration, qui sont tout d’abord apparus durant la <a title="Les origines coloniales du phénomène" href="http://blogs.univ-jfc.fr/campsdusudouest/les-origines-coloniales-du-phenomene/" target="_blank">guerre des Boers</a> (1899-1902) en Afrique du Sud et dont certains subsistent au-delà des temps de crises ou de guerre et suivent la logique « d’avilissement, de rééducation, de travail et d’anéantissement »<a href="#sdfootnote1sym" name="sdfootnote1anc"></a> en fonction des différentes idéologies des régimes qui les ont mis en place. Enfin, les camps d’extermination, qui ont pour unique fonction d’exterminer une population ; c’est un cas exceptionnel qui a fait son apparition dans le cadre de la <a title="Les camps de l’Allemagne nazie " href="http://blogs.univ-jfc.fr/campsdusudouest/le-phenomene-concentrationnaire/les-camps-dinternement-de-1919-a-1945/le-phenomene-concentrationaire-pendant-lentre-deux-guerres/lengrenage-des-camps-dans-la-seconde-guerre-mondiale/lengrenage-des-camps-dans-la-seconde-guerre-mondiale-suite/les-camps-de-lallemagne-nazie/" target="_blank">solution finale du régime nazi</a>, ces camps ne recevraient pas d’internés, les personnes qui arrivaient étaient gazées dès leur arrivée. Les camps de Auschwitz-Birkenau et de Majdanek étaient mixtes. Les camps d’extermination sont propres au régime nazi et suivent son idéologie.</span></p>
<p id="sdfootnote1" style="text-align: justify">La Première Guerre mondiale laisse une Europe détruite et des blessures qui amènent alors une peur de l’étranger. Ainsi se développe une radicalisation politique et la diffusion d’idéologies racistes en Europe et au <a title="Le phénomène concentrationnaire pendant l’entre-deux guerres" href="http://blogs.univ-jfc.fr/campsdusudouest/le-phenomene-concentrationnaire/les-camps-dinternement-de-1919-a-1945/le-phenomene-concentrationaire-pendant-lentre-deux-guerres/" target="_blank">Japon</a> comme avec l’idéologie nazie ou japonaise (doctrine du hakko ichi’u). Les camps apparus à la fin du 19<sup>ème</sup> siècle à Cuba lors d’une guerre de libération nationale s’exportent en Europe dans les <a title="L’engrenage des camps dans la Seconde Guerre mondiale (suite)" href="http://blogs.univ-jfc.fr/campsdusudouest/le-phenomene-concentrationnaire/les-camps-dinternement-de-1919-a-1945/le-phenomene-concentrationaire-pendant-lentre-deux-guerres/lengrenage-des-camps-dans-la-seconde-guerre-mondiale/lengrenage-des-camps-dans-la-seconde-guerre-mondiale-suite/" target="_blank">régimes totalitaires</a> comme en URSS, en Espagne franquiste, en Italie fasciste ou en <a title="Les camps de l’Allemagne nazie " href="http://blogs.univ-jfc.fr/campsdusudouest/le-phenomene-concentrationnaire/les-camps-dinternement-de-1919-a-1945/le-phenomene-concentrationaire-pendant-lentre-deux-guerres/lengrenage-des-camps-dans-la-seconde-guerre-mondiale/lengrenage-des-camps-dans-la-seconde-guerre-mondiale-suite/les-camps-de-lallemagne-nazie/" target="_blank">Allemagne nazie</a> où ils atteignent leur apogée en nombre et en violence durant la Seconde Guerre.</p>
<p style="text-align: center"> ________</p>
<h1 align="justify"><strong>Le phénomène concentrationnaire pendant l&rsquo;entre-deux-guerres</strong></h1>
<p lang="fr-FR" align="justify"><em>          Les camps des régimes autoritaires<br />
</em></p>
<p lang="fr-FR" align="justify"><span style="color: #000000"><span style="font-family: Arial,sans-serif">En 1933, Hitler devient chancelier de la république de Weimar, il est le fondateur et la figure centrale du parti nazi. Il </span><span style="color: #000000">obtient</span><span style="color: #000000"> très vite les pleins pouvoirs </span><span style="color: #000000">pour quatre ans,</span><span style="color: #000000"> à la suite du vote du Reichstag. Le 20 mars 1933, des suites de cette loi, le premier camp de concentration va être ouvert à Dachau. Les premières mesures discriminatoires contre les juifs sont mises en place en avril et des camps provisoires sont également crées dans toute l&rsquo;Allemagne. En 1935, </span><span style="color: #000000">l</span><span style="color: #000000">es </span><span style="color: #000000">loi</span><span style="color: #000000">s</span><span style="color: #000000"> antisémite</span><span style="color: #000000">s dites</span><span style="color: #000000"> « de Nuremberg » </span><span style="color: #000000">sont</span><span style="color: #000000"> promulguée</span><span style="color: #000000">s</span><span style="color: #000000">. Le camp de Buchenwald est créé en 1937. En 1939, </span><span style="color: #000000">30 000 juifs sont envoyés à Dachau, Sachsenhausen et Buchenwald. </span></span></p>
<p lang="fr-FR" align="justify">Ces camps avaient pour but d&rsquo;enfermer et d&rsquo;éliminer les « ennemis d&rsquo;État ». Le régime nazi appelait ces centres de détention « camps de concentration » car tous les prisonniers étaient concentrés en un même lieu. Les prisonniers des premiers camps étaient le plus souvent des communistes, des homosexuels, des socialistes, des juifs, et toutes autres personnes considérées dangereuses pour l’État.</p>
<p lang="fr-FR" align="justify">En 1922, le parti fasciste prend le pouvoir en Italie, avec à sa tête Mussolini. L’Italie de Mussolini ne peut se comparer à l&rsquo;Allemagne nazie ou encore à l&rsquo;URSS car contrairement à celles-ci, elle ne possède pas de camps de concentration jusqu&rsquo;à l&rsquo;année 1939. Elle met plutôt en place le système de résidences surveillées. En effet elle force à l&rsquo;exil soit dans des petits villages de campagne ou dans les îles du sud de l&rsquo;Italie, mais en aucun cas il ne s&rsquo;y opère un déplacement de population massif, avec un objectif d’élimination ou de travail forcé. Même pour les juifs, le système Mussolinien est très loin de la réalité allemande. En 1937, Mussolini adhère au parti anti-Komintern et, à l&rsquo;automne 1938, il met en place des lois antisémites parmi lesquelles un décret qui pousse hors d&rsquo;Italie, dans les six mois qui suivent, tous les juifs étrangers habitant en Italie après janvier 1919. Mais ce décret ne sera jamais appliqué, ainsi les juifs se sentent en sécurité en Italie mais aussi dans les zones occupées italiennes. Une idéologie semblable à celles de l’Allemagne et de l’Italie se voit aussi au Japon.</p>
<p lang="fr-FR" align="justify">Le Japon s&rsquo;étend de manière exceptionnelle en Asie. Le début de l&rsquo;expansion du Japon se fait en 1872, avec l&rsquo;annexion du Royaume de Ryûkyû. À partir de 1926 jusqu&rsquo;en 1945 l&rsquo;expansionnisme japonais va s&rsquo;accentuer. Cette volonté d&rsquo;extension est basée sur une volonté de dominer l&rsquo;Asie puisque le Japon pense qu&rsquo;il existe une supériorité de la race nippone. Cette idéologie ressemble beaucoup au nazisme, on y retrouve cette idée de la supériorité d&rsquo;une race par rapport à une autre. De même nous retrouvons la présence de camps de concentration mais aussi, à partir de la fin des années 30, le Japon dispose d&rsquo;une police secrète et de deux polices militaires. En Indonésie les Japonais profitent de leur invasion pour changer l&rsquo;économie du pays à leur profit. L&rsquo;occupation des territoires entraîne également des dérives sous la forme de crimes de guerre parmi lesquels l&rsquo;esclavage sexuel, perpétrés sur des opposants ou sur des civils. Les civils originaires d&rsquo;Europe et les métis furent enfermés dans des camps. Cependant le cas de l&rsquo;Indonésie n&rsquo;est pas unique, tous les pays envahis par le Japon connurent un sort similaire</p>
<p style="text-align: justify"><a title="Le phénomène concentrationaire pendant l’entre-deux guerres" href="http://blogs.univ-jfc.fr/campsdusudouest/le-phenomene-concentrationnaire/les-camps-dinternement-de-1919-a-1945/le-phenomene-concentrationaire-pendant-lentre-deux-guerres/">Lire la suite&#8230;</a></p>

<p>Au début du 20ème siècle, plusieurs régimes totalitaires (URSS, Nazi, Japon, Italie) s’imposent en Europe et dans le monde. Ils mettent alors en place une répression de la population à travers les camps apparus à la fin du 19ème siècle. &hellip; <a href="https://blogs.univ-jfc.fr/campsdusudouest/le-phenomene-concentrationnaire/les-camps-dinternement-de-1919-a-1945/">Lire la suite <span class="meta-nav">&rarr;</span></a></p>
