{"id":28,"date":"2018-11-19T17:02:49","date_gmt":"2018-11-19T16:02:49","guid":{"rendered":"http:\/\/blogs.univ-jfc.fr\/clone\/?page_id=28"},"modified":"2018-11-20T17:39:40","modified_gmt":"2018-11-20T16:39:40","slug":"partenaires","status":"publish","type":"page","link":"https:\/\/blogs.univ-jfc.fr\/clone\/partenaires\/","title":{"rendered":"Partenaires"},"content":{"rendered":"<ul>\n<li><strong>Partenaires<\/strong> :<br \/>\n&#8211; <a href=\"https:\/\/www.univ-jfc.fr\/grp\/serious-game-research-lab-sgrl\">Serious Game Research Lab &#8211; Institut National Universitaire Champollion<\/a><br \/>\n&#8211; <a href=\"https:\/\/www.occitanie.ars.sante.fr\/\">Agence R\u00e9gionale de Sant\u00e9 (ARS Occitanie)<\/a><\/li>\n<\/ul>\n<p>&nbsp;<\/p>\n<ul>\n<li><strong>IFSI d&rsquo;Occitanie impliqu\u00e9s :<\/strong><br \/>\nIFSI d&rsquo;Albi (81)<br \/>\nIFSI d&rsquo;Auch (32)<br \/>\nIFSI de Cahors-Figeac (46)<br \/>\nIFSI de Castres (81)<br \/>\nIFSI Croix Rouge Fran\u00e7aise de Toulouse (31)<br \/>\nIFSI du CHU de Toulouse (31)<br \/>\nIFSI de Millau (12)<br \/>\nIFSI de Montauban (82)<br \/>\nIFSI de Pamiers (09)<br \/>\nIFSI de Rodez (12)<br \/>\nIFSI Tarbes (65)<\/li>\n<\/ul>\n","protected":false},"excerpt":{"rendered":"<p>Partenaires : &#8211; Serious Game Research Lab &#8211; Institut National Universitaire Champollion &#8211; Agence R\u00e9gionale de Sant\u00e9 (ARS Occitanie) &nbsp; IFSI d&rsquo;Occitanie impliqu\u00e9s : IFSI d&rsquo;Albi (81) IFSI d&rsquo;Auch (32) IFSI de Cahors-Figeac (46) IFSI de Castres (81) IFSI Croix &hellip; <a href=\"https:\/\/blogs.univ-jfc.fr\/clone\/partenaires\/\">Lire la suite <span class=\"meta-nav\">&rarr;<\/span><\/a><\/p>\n","protected":false},"author":492,"featured_media":12,"parent":0,"menu_order":0,"comment_status":"closed","ping_status":"closed","template":"","meta":[],"_links":{"self":[{"href":"https:\/\/blogs.univ-jfc.fr\/clone\/wp-json\/wp\/v2\/pages\/28"}],"collection":[{"href":"https:\/\/blogs.univ-jfc.fr\/clone\/wp-json\/wp\/v2\/pages"}],"about":[{"href":"https:\/\/blogs.univ-jfc.fr\/clone\/wp-json\/wp\/v2\/types\/page"}],"author":[{"embeddable":true,"href":"https:\/\/blogs.univ-jfc.fr\/clone\/wp-json\/wp\/v2\/users\/492"}],"replies":[{"embeddable":true,"href":"https:\/\/blogs.univ-jfc.fr\/clone\/wp-json\/wp\/v2\/comments?post=28"}],"version-history":[{"count":8,"href":"https:\/\/blogs.univ-jfc.fr\/clone\/wp-json\/wp\/v2\/pages\/28\/revisions"}],"predecessor-version":[{"id":63,"href":"https:\/\/blogs.univ-jfc.fr\/clone\/wp-json\/wp\/v2\/pages\/28\/revisions\/63"}],"wp:featuredmedia":[{"embeddable":true,"href":"https:\/\/blogs.univ-jfc.fr\/clone\/wp-json\/wp\/v2\/media\/12"}],"wp:attachment":[{"href":"https:\/\/blogs.univ-jfc.fr\/clone\/wp-json\/wp\/v2\/media?parent=28"}],"curies":[{"name":"wp","href":"https:\/\/api.w.org\/{rel}","templated":true}]}}