{"id":393,"date":"2024-06-07T09:08:54","date_gmt":"2024-06-07T07:08:54","guid":{"rendered":"https:\/\/blogs.univ-jfc.fr\/cnctraining\/?page_id=393"},"modified":"2024-06-07T11:49:52","modified_gmt":"2024-06-07T09:49:52","slug":"faire-une-origine-piece-ou-programme-en-z-et-la-renseigner-sur-machine-en-g54","status":"publish","type":"page","link":"https:\/\/blogs.univ-jfc.fr\/cnctraining\/enhancednctraining\/reglage-de-la-machine\/faire-une-origine-piece-ou-programme-en-z-et-la-renseigner-sur-machine-en-g54\/","title":{"rendered":"Faire une origine pi\u00e8ce ou programme en z et la renseigner sur machine en g54"},"content":{"rendered":"\n<p class=\"has-extra-large-font-size\">Conditions de d\u00e9part<\/p>\n\n\n\n<p>Aucun outil en broche.<\/p>\n\n\n\n<figure class=\"wp-block-embed is-type-video is-provider-youtube wp-block-embed-youtube wp-embed-aspect-16-9 wp-has-aspect-ratio\"><div class=\"wp-block-embed__wrapper\">\n<iframe title=\"Retirer outil\" width=\"750\" height=\"422\" src=\"https:\/\/www.youtube.com\/embed\/rnzkbI95DrI?feature=oembed\" frameborder=\"0\" allow=\"accelerometer; autoplay; clipboard-write; encrypted-media; gyroscope; picture-in-picture; web-share\" referrerpolicy=\"strict-origin-when-cross-origin\" allowfullscreen><\/iframe>\n<\/div><\/figure>\n\n\n\n<p class=\"has-extra-large-font-size\">Mat\u00e9riel :<\/p>\n\n\n\n<p>Cale rectifi\u00e9e par exemple de 100mm<\/p>\n\n\n\n<figure class=\"wp-block-image size-large\"><img loading=\"lazy\" width=\"720\" height=\"760\" src=\"https:\/\/blogs.univ-jfc.fr\/cnctraining\/wp-content\/uploads\/sites\/132\/2024\/06\/cale.png\" alt=\"\" class=\"wp-image-394\" srcset=\"https:\/\/blogs.univ-jfc.fr\/cnctraining\/wp-content\/uploads\/sites\/132\/2024\/06\/cale.png 720w, https:\/\/blogs.univ-jfc.fr\/cnctraining\/wp-content\/uploads\/sites\/132\/2024\/06\/cale-284x300.png 284w\" sizes=\"(max-width: 720px) 100vw, 720px\" \/><\/figure>\n\n\n\n<p class=\"has-extra-large-font-size\">ATTENTION<\/p>\n\n\n\n<p>Pendant la manipulation, on ne laissera jamais la cale rectifi\u00e9e entre la pi\u00e8ce et la broche. Risque d\u2019endommager la CN.<\/p>\n\n\n\n<figure class=\"wp-block-image size-large\"><img loading=\"lazy\" width=\"720\" height=\"760\" src=\"https:\/\/blogs.univ-jfc.fr\/cnctraining\/wp-content\/uploads\/sites\/132\/2024\/06\/PasCale.png\" alt=\"\" class=\"wp-image-395\" srcset=\"https:\/\/blogs.univ-jfc.fr\/cnctraining\/wp-content\/uploads\/sites\/132\/2024\/06\/PasCale.png 720w, https:\/\/blogs.univ-jfc.fr\/cnctraining\/wp-content\/uploads\/sites\/132\/2024\/06\/PasCale-284x300.png 284w\" sizes=\"(max-width: 720px) 100vw, 720px\" \/><\/figure>\n\n\n\n<p class=\"has-extra-large-font-size\">Action<\/p>\n\n\n\n<p>Descendez la broche, jusqu&rsquo;\u00e0 ne plus pouvoir ins\u00e9rer la calle alors remonte pour pouvoir faire passer la calle au plus pr\u00e8s possible.<\/p>\n\n\n\n<figure class=\"wp-block-embed is-type-video is-provider-youtube wp-block-embed-youtube wp-embed-aspect-16-9 wp-has-aspect-ratio\"><div class=\"wp-block-embed__wrapper\">\n<iframe title=\"Tanganter Z\" width=\"750\" height=\"422\" src=\"https:\/\/www.youtube.com\/embed\/Lc8s2ezZNno?feature=oembed\" frameborder=\"0\" allow=\"accelerometer; autoplay; clipboard-write; encrypted-media; gyroscope; picture-in-picture; web-share\" referrerpolicy=\"strict-origin-when-cross-origin\" allowfullscreen><\/iframe>\n<\/div><\/figure>\n\n\n\n<p class=\"has-extra-large-font-size\">Fin de l&rsquo;origine pi\u00e8ce ou programme en z<\/p>\n\n\n\n<div class=\"wp-block-buttons\">\n<div class=\"wp-block-button is-style-outline\"><a class=\"wp-block-button__link has-black-color has-yellow-background-color has-text-color has-background\" href=\"https:\/\/blogs.univ-jfc.fr\/cnctraining\/enhancednctraining\/faire-une-origine-piece-ou-programme\/\" style=\"border-radius:25px\">Faire une origine pi\u00e8ce ou programme<\/a><\/div>\n\n\n\n<div class=\"wp-block-button is-style-outline\"><a class=\"wp-block-button__link has-black-color has-orange-background-color has-text-color has-background\" href=\"https:\/\/blogs.univ-jfc.fr\/cnctraining\/\" style=\"border-radius:25px\">Menu principal<\/a><\/div>\n<\/div>\n","protected":false},"excerpt":{"rendered":"<p>Conditions de d\u00e9part Aucun outil en broche. Mat\u00e9riel : Cale rectifi\u00e9e par exemple de 100mm ATTENTION Pendant la manipulation, on ne laissera jamais la cale rectifi\u00e9e entre la pi\u00e8ce et la broche. Risque d\u2019endommager la CN. Action Descendez la broche, jusqu&rsquo;\u00e0 ne plus pouvoir ins\u00e9rer la calle alors remonte pour pouvoir faire passer la calle&hellip; <a class=\"more-link\" href=\"https:\/\/blogs.univ-jfc.fr\/cnctraining\/enhancednctraining\/reglage-de-la-machine\/faire-une-origine-piece-ou-programme-en-z-et-la-renseigner-sur-machine-en-g54\/\">Poursuivre la lecture <span class=\"screen-reader-text\">Faire une origine pi\u00e8ce ou programme en z et la renseigner sur machine en g54<\/span><\/a><\/p>\n","protected":false},"author":1487,"featured_media":0,"parent":26,"menu_order":13,"comment_status":"closed","ping_status":"closed","template":"","meta":[],"_links":{"self":[{"href":"https:\/\/blogs.univ-jfc.fr\/cnctraining\/wp-json\/wp\/v2\/pages\/393"}],"collection":[{"href":"https:\/\/blogs.univ-jfc.fr\/cnctraining\/wp-json\/wp\/v2\/pages"}],"about":[{"href":"https:\/\/blogs.univ-jfc.fr\/cnctraining\/wp-json\/wp\/v2\/types\/page"}],"author":[{"embeddable":true,"href":"https:\/\/blogs.univ-jfc.fr\/cnctraining\/wp-json\/wp\/v2\/users\/1487"}],"replies":[{"embeddable":true,"href":"https:\/\/blogs.univ-jfc.fr\/cnctraining\/wp-json\/wp\/v2\/comments?post=393"}],"version-history":[{"count":6,"href":"https:\/\/blogs.univ-jfc.fr\/cnctraining\/wp-json\/wp\/v2\/pages\/393\/revisions"}],"predecessor-version":[{"id":405,"href":"https:\/\/blogs.univ-jfc.fr\/cnctraining\/wp-json\/wp\/v2\/pages\/393\/revisions\/405"}],"up":[{"embeddable":true,"href":"https:\/\/blogs.univ-jfc.fr\/cnctraining\/wp-json\/wp\/v2\/pages\/26"}],"wp:attachment":[{"href":"https:\/\/blogs.univ-jfc.fr\/cnctraining\/wp-json\/wp\/v2\/media?parent=393"}],"curies":[{"name":"wp","href":"https:\/\/api.w.org\/{rel}","templated":true}]}}