{"id":124,"date":"2019-01-15T11:00:31","date_gmt":"2019-01-15T10:00:31","guid":{"rendered":"http:\/\/blogs.univ-jfc.fr\/dynamiquesurbaines\/?page_id=124"},"modified":"2019-01-15T11:00:31","modified_gmt":"2019-01-15T10:00:31","slug":"enrico-lusso","status":"publish","type":"page","link":"https:\/\/blogs.univ-jfc.fr\/dynamiquesurbaines\/enrico-lusso\/","title":{"rendered":"Enrico Lusso"},"content":{"rendered":"<p align=\"justify\">La contribution vise \u00e0 analyser, sur la base de documents publi\u00e9s et non publi\u00e9s, la v\u00e9ritable consistance du b\u00e2ti des implantations urbaines subalpines des XIIe-XVe si\u00e8cles, au-del\u00e0 des clich\u00e9s et des convictions plus ou moins fond\u00e9s de l\u2019historiographie. A cet \u00e9gard, on a toujours suppos\u00e9 que, pour l\u2019Italie communale, le XIIIe si\u00e8cle repr\u00e9sente un moment crucial dans les processus de transformation des techniques de construction\u00a0: la r\u00e9ouverture des carri\u00e8res, l\u2019accroissement de la capacit\u00e9 de production briqueti\u00e8re ainsi que les premi\u00e8res tentatives de standardisation des \u00e9l\u00e9ments \u2013 accompagn\u00e9s d\u2019une r\u00e9glementation plus pr\u00e9cise et plus stricte \u2013 ont souvent \u00e9t\u00e9 interpr\u00e9t\u00e9s comme des indications certaines d\u2019un rapide passage du b\u00e2timent en mat\u00e9riaux p\u00e9rissables \u00e0 une utilisation extensive de la pierre et de la brique. Si, dans sa substance, l\u2019id\u00e9e para\u00eet \u00eatre partageable, de nombreux aspects restent \u00e0 \u00e9tudier. Il suffit de constater que, au milieu du XVe si\u00e8cle m\u00eame, l\u2019effort de limiter l\u2019utilisation de bois et de la paille dans les \u00e9difices et dans les toits des b\u00e2timents, pour des raisons de s\u00e9curit\u00e9 ou de d\u00e9cence de l\u2019espace urbain, \u00e9tait une pr\u00e9occupation fr\u00e9quente des institutions qui avaient le gouvernement des villes. Il semble, donc, que le temps soit venu pour un r\u00e9examen des proc\u00e9d\u00e9s de construction, de la production au chantier, de la chronologie relative \u00e0 la diffusion des artefacts et de la v\u00e9ritable image de quelques-unes parmi les agglom\u00e9rations urbaines les principales du Pi\u00e9mont \u00e0 la fin du moyen-\u00e2ge.<\/p>\n<p>&nbsp;<\/p>\n","protected":false},"excerpt":{"rendered":"<p>La contribution vise \u00e0 analyser, sur la base de documents publi\u00e9s et non publi\u00e9s, la v\u00e9ritable consistance du b\u00e2ti des implantations urbaines subalpines des XIIe-XVe si\u00e8cles, au-del\u00e0 des clich\u00e9s et des convictions plus ou moins fond\u00e9s de l\u2019historiographie. A cet \u00e9gard, on a toujours suppos\u00e9 que, pour l\u2019Italie communale, le XIIIe si\u00e8cle repr\u00e9sente un moment &hellip; <\/p>\n<p class=\"link-more\"><a href=\"https:\/\/blogs.univ-jfc.fr\/dynamiquesurbaines\/enrico-lusso\/\" class=\"more-link\">Continuer la lecture<span class=\"screen-reader-text\"> de &laquo;&nbsp;Enrico Lusso&nbsp;&raquo;<\/span><\/a><\/p>\n","protected":false},"author":20,"featured_media":0,"parent":0,"menu_order":0,"comment_status":"closed","ping_status":"closed","template":"","meta":[],"_links":{"self":[{"href":"https:\/\/blogs.univ-jfc.fr\/dynamiquesurbaines\/wp-json\/wp\/v2\/pages\/124"}],"collection":[{"href":"https:\/\/blogs.univ-jfc.fr\/dynamiquesurbaines\/wp-json\/wp\/v2\/pages"}],"about":[{"href":"https:\/\/blogs.univ-jfc.fr\/dynamiquesurbaines\/wp-json\/wp\/v2\/types\/page"}],"author":[{"embeddable":true,"href":"https:\/\/blogs.univ-jfc.fr\/dynamiquesurbaines\/wp-json\/wp\/v2\/users\/20"}],"replies":[{"embeddable":true,"href":"https:\/\/blogs.univ-jfc.fr\/dynamiquesurbaines\/wp-json\/wp\/v2\/comments?post=124"}],"version-history":[{"count":1,"href":"https:\/\/blogs.univ-jfc.fr\/dynamiquesurbaines\/wp-json\/wp\/v2\/pages\/124\/revisions"}],"predecessor-version":[{"id":125,"href":"https:\/\/blogs.univ-jfc.fr\/dynamiquesurbaines\/wp-json\/wp\/v2\/pages\/124\/revisions\/125"}],"wp:attachment":[{"href":"https:\/\/blogs.univ-jfc.fr\/dynamiquesurbaines\/wp-json\/wp\/v2\/media?parent=124"}],"curies":[{"name":"wp","href":"https:\/\/api.w.org\/{rel}","templated":true}]}}

<p align="justify">La contribution vise à analyser, sur la base de documents publiés et non publiés, la véritable consistance du bâti des implantations urbaines subalpines des XIIe-XVe siècles, au-delà des clichés et des convictions plus ou moins fondés de l’historiographie. A cet égard, on a toujours supposé que, pour l’Italie communale, le XIIIe siècle représente un moment crucial dans les processus de transformation des techniques de construction : la réouverture des carrières, l’accroissement de la capacité de production briquetière ainsi que les premières tentatives de standardisation des éléments – accompagnés d’une réglementation plus précise et plus stricte – ont souvent été interprétés comme des indications certaines d’un rapide passage du bâtiment en matériaux périssables à une utilisation extensive de la pierre et de la brique. Si, dans sa substance, l’idée paraît être partageable, de nombreux aspects restent à étudier. Il suffit de constater que, au milieu du XVe siècle même, l’effort de limiter l’utilisation de bois et de la paille dans les édifices et dans les toits des bâtiments, pour des raisons de sécurité ou de décence de l’espace urbain, était une préoccupation fréquente des institutions qui avaient le gouvernement des villes. Il semble, donc, que le temps soit venu pour un réexamen des procédés de construction, de la production au chantier, de la chronologie relative à la diffusion des artefacts et de la véritable image de quelques-unes parmi les agglomérations urbaines les principales du Piémont à la fin du moyen-âge.</p>
<p>&nbsp;</p>

<p>La contribution vise à analyser, sur la base de documents publiés et non publiés, la véritable consistance du bâti des implantations urbaines subalpines des XIIe-XVe siècles, au-delà des clichés et des convictions plus ou moins fondés de l’historiographie. A cet égard, on a toujours supposé que, pour l’Italie communale, le XIIIe siècle représente un moment &hellip; </p>
<p class="link-more"><a href="https://blogs.univ-jfc.fr/dynamiquesurbaines/enrico-lusso/" class="more-link">Continuer la lecture<span class="screen-reader-text"> de &laquo;&nbsp;Enrico Lusso&nbsp;&raquo;</span></a></p>
