{"id":14,"date":"2018-12-07T12:56:52","date_gmt":"2018-12-07T11:56:52","guid":{"rendered":"http:\/\/blogs.univ-jfc.fr\/dynamiquesurbaines\/?page_id=14"},"modified":"2019-09-30T15:39:10","modified_gmt":"2019-09-30T13:39:10","slug":"programme","status":"publish","type":"page","link":"https:\/\/blogs.univ-jfc.fr\/dynamiquesurbaines\/programme\/","title":{"rendered":"Programme"},"content":{"rendered":"<h5><span style=\"color: #ff6600\">Lundi 14 octobre<\/span><\/h5>\n<p>&nbsp;<\/p>\n<p>14h \u2013 14h15<\/p>\n<p>Accueil et pr\u00e9sentation<\/p>\n<p>Mme Brigitte Pradin, directrice de l\u2019INU Champollion<\/p>\n<p>Mme St\u00e9phanie Guiraud-Chaumeil, maire d&rsquo;Albi<\/p>\n<p>14h15 \u2013 14h45<\/p>\n<p>Introduction par Sandrine Victor (Institut National Universitaire Champollion, Framespa) et C\u00e9cile Sabathier (Universit\u00e9 Paris 1\u00a0\u00a0\u00a0\u00a0 Panth\u00e9on-Sorbonne, LaMOP)<\/p>\n<h6><span style=\"color: #ff9900\">Session 1. Repr\u00e9sentations.<\/span><\/h6>\n<p><strong>Pr\u00e9sidence de s\u00e9ance<\/strong>\u00a0: Philippe Sosnowska<\/p>\n<p>14h45 \u2013 15h30<\/p>\n<p>Rapha\u00eble Skupien \u2013 Universit\u00e9 de Picardie Jules Vernes, TRAME<\/p>\n<p style=\"text-align: left\"><em>Usages et repr\u00e9sentations de la pierre \u00e0 b\u00e2tir dans le paysage parisien, du XIVe au XVIe si\u00e8cle. \u00a0\u00a0\u00a0\u00a0<\/em><\/p>\n<p>15h30 \u2013 16h15<\/p>\n<p style=\"text-align: left\">Marie-Christine Laleman<\/p>\n<p style=\"text-align: left\"><em> Les maisons m\u00e9di\u00e9vales en pierre \u00e0 Gand (Belgique)\u00a0: \u00ab\u00a0guide\u00a0\u00bb d\u2019une organisation urbaine aux XIIe et XIIIe si\u00e8cles.<\/em><\/p>\n<h5><span style=\"color: #ff6600\">MARDI 15 OCTOBRE<\/span><\/h5>\n<p>&nbsp;<\/p>\n<h6><span style=\"color: #ff9900\">Session 2. Contextes.<\/span><\/h6>\n<p><strong>Pr\u00e9sidence de s\u00e9ance<\/strong>\u00a0: Paulo Charruadas<\/p>\n<p>8h30 \u2013 9h15<\/p>\n<p>Vincent Debonne \u2013 Institut Flamand du Patrimoine, Katholieke Universiteit \u00a0\u00a0 Leuven<\/p>\n<p style=\"text-align: left\"><em>Between quarry, clay pit and forest. Materials of the building trade in medieval and early modern Oudenaarde (Belgium).<\/em><\/p>\n<p>9h15 \u2013 10h<\/p>\n<p>Cl\u00e9ment Alix \u2013 Universit\u00e9 de Tours, CESR et Daniel Morleghem- UMR 7324 Citeres-LAT<\/p>\n<p style=\"text-align: left\"><em>Usages de la pierre \u00e0 b\u00e2tir dans les constructions d\u2019Orl\u00e9ans aux XIIIe \u2013 XVIe si\u00e8cles.<\/em><\/p>\n<p>10h15 &#8211; 11h<\/p>\n<p>Caroline de Barrau &#8211; Universit\u00e9 de Perpignan<\/p>\n<p style=\"text-align: left\"><em>De terre, de galet et de pierre\u00a0: la construction \u00e0 Perpignan (XIe-XVe si\u00e8cle).<\/em><\/p>\n<p>11h \u2013 11h45<\/p>\n<p>Marie Lafont (Universit\u00e9 de Tours, CESR) et Lucie Gaugain (Universit\u00e9 de Tours, CERS)<\/p>\n<p><em>Tours, chantiers d\u2019une ville royale \u00e0 la fin du Moyen \u00c2ge.<\/em><\/p>\n<p>11h45 \u2013 12h30<\/p>\n<p>L\u00e9a Hermenault \u2013 Universit\u00e9 Paris 1 Panth\u00e9on-Sorbonne, ArScAn<\/p>\n<p style=\"text-align: left\"><em>\u00ab\u00a0Paver de carreaux bons, loyaux et marchans.\u00a0\u00bb Le pavage des rues de Paris \u00e0 partir du XIIIe si\u00e8cle, une certaine id\u00e9e de la ville et de la repr\u00e9sentation du pouvoir.<\/em><\/p>\n<p>&nbsp;<\/p>\n<h6><span style=\"color: #ff9900\">Session 3. Coexistence.<\/span><\/h6>\n<p><strong>Pr\u00e9sidence de s\u00e9ance<\/strong>\u00a0: H\u00e9l\u00e8ne Noizet<\/p>\n<p>14h \u2013 14h45<\/p>\n<p>Arnaldo Melo et Maria do Carmo Ribeiro \u2013 Universidade do Minho, Lab2pt<\/p>\n<p><em>Les rapports entre la pierre et les autres mat\u00e9riaux de construction dans les \u00a0\u00a0\u00a0 villes portugaises au Moyen \u00c2ge.<\/em><\/p>\n<p>14h45 \u2013 15h30<\/p>\n<p>Enrico Lusso<\/p>\n<p><em>Legno e paglia, pietra e mattone. Tecniche edilizie e decoro urbano negli insediamenti del Piemonte bassomedievale<\/em><\/p>\n<p>15h30 \u2013 16h15<\/p>\n<p>Quitterie Cazes \u2013 Universit\u00e9 Toulouse II Jean-Jaur\u00e8s, Framespa<\/p>\n<p style=\"text-align: left\"><em>La pierre dans la construction toulousaine.<\/em><\/p>\n<h5><span style=\"color: #ff6600\">MERCREDI 16 OCTOBRE<\/span><\/h5>\n<h6><span style=\"color: #ff9900\">Session 4. P\u00e9trification.<\/span><\/h6>\n<p><strong>Pr\u00e9sidence de s\u00e9ance<\/strong>\u00a0: Arnaldo Melo<\/p>\n<p>8h30 \u2013 9h15<\/p>\n<p>Paulo Charruadas et Philippe Sosnowska \u2013 Universit\u00e9 libre de Bruxelles<\/p>\n<p style=\"text-align: left\"><em>La\u00a0 \u00ab\u00a0p\u00e9trification\u00a0\u00bb du b\u00e2ti urbain en Brabant m\u00e9ridional \u00e0 la fin du Moyen \u00c2ge. \u00c9tat de la question, probl\u00e9matiques et perspectives.<\/em><\/p>\n<p>9h15 \u2013 10h<\/p>\n<p>Anna Boato \u2013 Dipartimento Architettura e Design, Universit\u00e0 degli Studi di Genova<\/p>\n<p><em>Dal legno alla pietra. Genova\u00a0: tempi e modalit\u00e0 di una trasformazione.<\/em><\/p>\n<p>10h15 \u2013 11h<\/p>\n<p>H\u00e9l\u00e8ne Noizet \u2013 Universit\u00e9 Paris 1 Panth\u00e9on-Sorbonne, LaMOP<\/p>\n<p style=\"text-align: left\"><em>La p\u00e9trification du tissu urbain, un effet du choix des mat\u00e9riaux\u00a0?<\/em><\/p>\n<p>11h &#8211; 11h45<\/p>\n<p>Lu\u00edsa Trindade &#8211; Universidade de Coimbra<\/p>\n<p style=\"text-align: left\"><em>\u00ab\u00a0Que se erga parede direita de pedra e cal \u00ab\u00a0. Construir casa na cidade\u00a0 medieval portuguesa.<\/em><\/p>\n<p>11h45 \u2013 12h30<\/p>\n<p>Bastien Lefebvre \u2013 Universit\u00e9 Toulouse II Jean-Jaur\u00e8s, TRACES<\/p>\n<p style=\"text-align: left\"><em>Les mat\u00e9riaux de la maison urbaine au Moyen \u00c2ge, le point du vue de l\u2019arch\u00e9ologie.<\/em><\/p>\n<p>&nbsp;<\/p>\n<p>12h30\u2013 13h<\/p>\n<p><strong>Conclusions<\/strong> par Philippe Bernardi \u2013 LaMOP, CNRS \u2013 Universit\u00e9 Paris 1 Panth\u00e9on-Sorbonne<\/p>\n<p>&nbsp;<\/p>\n<p>T\u00e9l\u00e9charger la <a href=\"http:\/\/blogs.univ-jfc.fr\/dynamiquesurbaines\/wp-content\/uploads\/sites\/70\/2018\/12\/ProgPierre.pdf\">plaquette du programme<\/a>\u00a0 <a href=\"http:\/\/blogs.univ-jfc.fr\/dynamiquesurbaines\/wp-content\/uploads\/sites\/70\/2018\/12\/ProgPierre.pdf\"><img loading=\"lazy\" class=\"wp-image-302 alignleft\" src=\"http:\/\/blogs.univ-jfc.fr\/dynamiquesurbaines\/wp-content\/uploads\/sites\/70\/2018\/12\/download-770x770.png\" alt=\"\" width=\"51\" height=\"51\" srcset=\"https:\/\/blogs.univ-jfc.fr\/dynamiquesurbaines\/wp-content\/uploads\/sites\/70\/2018\/12\/download-770x770.png 770w, https:\/\/blogs.univ-jfc.fr\/dynamiquesurbaines\/wp-content\/uploads\/sites\/70\/2018\/12\/download-770x770-150x150.png 150w, https:\/\/blogs.univ-jfc.fr\/dynamiquesurbaines\/wp-content\/uploads\/sites\/70\/2018\/12\/download-770x770-300x300.png 300w, https:\/\/blogs.univ-jfc.fr\/dynamiquesurbaines\/wp-content\/uploads\/sites\/70\/2018\/12\/download-770x770-768x768.png 768w, https:\/\/blogs.univ-jfc.fr\/dynamiquesurbaines\/wp-content\/uploads\/sites\/70\/2018\/12\/download-770x770-100x100.png 100w\" sizes=\"(max-width: 51px) 100vw, 51px\" \/><\/a><\/p>\n<p>&nbsp;<\/p>\n","protected":false},"excerpt":{"rendered":"<p>Lundi 14 octobre &nbsp; 14h \u2013 14h15 Accueil et pr\u00e9sentation Mme Brigitte Pradin, directrice de l\u2019INU Champollion Mme St\u00e9phanie Guiraud-Chaumeil, maire d&rsquo;Albi 14h15 \u2013 14h45 Introduction par Sandrine Victor (Institut National Universitaire Champollion, Framespa) et C\u00e9cile Sabathier (Universit\u00e9 Paris 1\u00a0\u00a0\u00a0\u00a0 Panth\u00e9on-Sorbonne, LaMOP) Session 1. Repr\u00e9sentations. Pr\u00e9sidence de s\u00e9ance\u00a0: Philippe Sosnowska 14h45 \u2013 15h30 Rapha\u00eble Skupien &hellip; <\/p>\n<p class=\"link-more\"><a href=\"https:\/\/blogs.univ-jfc.fr\/dynamiquesurbaines\/programme\/\" class=\"more-link\">Continuer la lecture<span class=\"screen-reader-text\"> de &laquo;&nbsp;Programme&nbsp;&raquo;<\/span><\/a><\/p>\n","protected":false},"author":20,"featured_media":0,"parent":0,"menu_order":0,"comment_status":"closed","ping_status":"closed","template":"","meta":[],"_links":{"self":[{"href":"https:\/\/blogs.univ-jfc.fr\/dynamiquesurbaines\/wp-json\/wp\/v2\/pages\/14"}],"collection":[{"href":"https:\/\/blogs.univ-jfc.fr\/dynamiquesurbaines\/wp-json\/wp\/v2\/pages"}],"about":[{"href":"https:\/\/blogs.univ-jfc.fr\/dynamiquesurbaines\/wp-json\/wp\/v2\/types\/page"}],"author":[{"embeddable":true,"href":"https:\/\/blogs.univ-jfc.fr\/dynamiquesurbaines\/wp-json\/wp\/v2\/users\/20"}],"replies":[{"embeddable":true,"href":"https:\/\/blogs.univ-jfc.fr\/dynamiquesurbaines\/wp-json\/wp\/v2\/comments?post=14"}],"version-history":[{"count":12,"href":"https:\/\/blogs.univ-jfc.fr\/dynamiquesurbaines\/wp-json\/wp\/v2\/pages\/14\/revisions"}],"predecessor-version":[{"id":362,"href":"https:\/\/blogs.univ-jfc.fr\/dynamiquesurbaines\/wp-json\/wp\/v2\/pages\/14\/revisions\/362"}],"wp:attachment":[{"href":"https:\/\/blogs.univ-jfc.fr\/dynamiquesurbaines\/wp-json\/wp\/v2\/media?parent=14"}],"curies":[{"name":"wp","href":"https:\/\/api.w.org\/{rel}","templated":true}]}}