{"id":145,"date":"2019-02-08T16:57:02","date_gmt":"2019-02-08T15:57:02","guid":{"rendered":"http:\/\/blogs.univ-jfc.fr\/dynamiquesurbaines\/?page_id=145"},"modified":"2019-09-02T19:21:41","modified_gmt":"2019-09-02T17:21:41","slug":"enrico-lusso-points-de-reperes","status":"publish","type":"page","link":"https:\/\/blogs.univ-jfc.fr\/dynamiquesurbaines\/enrico-lusso-points-de-reperes\/","title":{"rendered":"Enrico Lusso : points de rep\u00e8res"},"content":{"rendered":"<p><img loading=\"lazy\" class=\"alignleft wp-image-143 size-thumbnail\" src=\"http:\/\/blogs.univ-jfc.fr\/dynamiquesurbaines\/wp-content\/uploads\/sites\/70\/2019\/02\/Enrico_Lusso-150x150.jpg\" alt=\"\" width=\"150\" height=\"150\" srcset=\"https:\/\/blogs.univ-jfc.fr\/dynamiquesurbaines\/wp-content\/uploads\/sites\/70\/2019\/02\/Enrico_Lusso-150x150.jpg 150w, https:\/\/blogs.univ-jfc.fr\/dynamiquesurbaines\/wp-content\/uploads\/sites\/70\/2019\/02\/Enrico_Lusso-300x300.jpg 300w, https:\/\/blogs.univ-jfc.fr\/dynamiquesurbaines\/wp-content\/uploads\/sites\/70\/2019\/02\/Enrico_Lusso-768x768.jpg 768w, https:\/\/blogs.univ-jfc.fr\/dynamiquesurbaines\/wp-content\/uploads\/sites\/70\/2019\/02\/Enrico_Lusso-100x100.jpg 100w, https:\/\/blogs.univ-jfc.fr\/dynamiquesurbaines\/wp-content\/uploads\/sites\/70\/2019\/02\/Enrico_Lusso.jpg 787w\" sizes=\"(max-width: 150px) 100vw, 150px\" \/><\/p>\n<h5><span style=\"color: #ff6600\">Enrico Lusso<\/span><\/h5>\n<p align=\"justify\">PhD en Histoire et critique du patrimoine architectural et environnemental \u00e0 l\u2019\u00c9cole polytechnique de Torino, professeur associ\u00e9 d\u2019Histoire de l\u2019architecture au D\u00e9partement de Langues Etrang\u00e8res et Litt\u00e9rature et Cultures Modernes de l\u2019Universit\u00e9 de Torino, titulaire des enseignements d\u2019Histoire de l\u2019architecture. A pr\u00e9sent il est pr\u00e9sident du Master en Communication Internationale pour le Tourisme.<\/p>\n<p align=\"justify\">Parmi ses domaines de recherche principaux figurent les dynamiques d\u2019utilisation et de transformation des structures fortifi\u00e9es aux XIIe-XVIe si\u00e8cles, l\u2019organisation et la s\u00e9dimentation des tissus urbains au d\u00e9but et \u00e0 la fin du Moyen \u00c2ge, la structure et le gouvernement des territoires historiques et l\u2019emploi et l\u2019exploitation \u00e9conomique des campagnes \u00e0 la fin du Moyen \u00c2ge et au d\u00e9but de l\u2019\u00e8re moderne. Il effectue avec continuit\u00e9 des activit\u00e9s de recherche, en participant r\u00e9guli\u00e8rement \u00e0 des conf\u00e9rences nationales et internationales et \u00e0 la coordination des projets de recherche.<\/p>\n<p align=\"justify\">R\u00e9guli\u00e8re est aussi la collaboration scientifique avec des institutions externes. Il est \u00e0 pr\u00e9sent pr\u00e9sident de l\u2019Association Culturelle Antonella Salvatico et de la Section Pi\u00e9mont Vall\u00e9e d\u2019Aoste de l\u2019Institut Italien des Ch\u00e2teaux, et il est vice-pr\u00e9sident du Centre d\u2019\u00c9tudes et des Recherches Historiques sur l&rsquo;Architecture Militaire du Pi\u00e9mont. Il est conseiller et secr\u00e9taire du Conseil Scientifique National de l\u2019Institut Italien des Ch\u00e2teaux.<\/p>\n<p>Bibliographie r\u00e9cente :<\/p>\n<ul>\n<li>\n<p align=\"justify\">La torre di Masio. Un contributo allo studio dei borghi di fondazione fortificati nell\u2019Italia nord-occidentale (secoli XIII-XV), 2013.<\/p>\n<\/li>\n<li>\n<p align=\"justify\">Domus hospitales. Ricoveri per viandanti e poveri nei territori subalpini percorsi dalla strada di Francia (secoli XI-XV), 2010.<\/p>\n<\/li>\n<li>\n<p align=\"justify\">Forme dell\u2019insediamento e dell\u2019architettura nel basso medioevo. La regione subalpina nei secoli XI-XV, 2010.<\/p>\n<\/li>\n<li>\n<p align=\"justify\">\u00a0Castelli, palazzi di castello e palazzi urbani in Piemonte tra XIII e XIV secolo, \u00abStudi e ricerche di storia dell\u2019architettura\u00bb, II, 3 (2018).<\/p>\n<\/li>\n<li>\n<p align=\"justify\">Interventi problematici di riordino insediativo lungo l\u2019arco alpino occidentale, in F. Panero, P. Pirillo (\u00e9d.), Fondare abitati in et\u00e0 medievale: successi e fallimenti, 2017.<\/p>\n<\/li>\n<li>\n<p align=\"justify\">Sistemi e strutture difensive, in R. Comba, A. Longhi, R. Rao (\u00e9d.), Borghi nuovi. Paesaggi urbani del Piemonte sud-occidentale. XIII-XV secolo, 2015.<\/p>\n<\/li>\n<li>\n<p align=\"justify\">Il nuovo paesaggio urbano, in Saluzzo, citt\u00e0 e diocesi. Cinquecento anni di storia, \u00abBollettino della Societ\u00e0 per gli Studi Storici, Archeologici ed Artistici della Provincia di Cuneo\u00bb, 149 (2013).<\/p>\n<\/li>\n<li>\n<p align=\"justify\">Il patrimonio architettonico diffuso della val Maira. Scelte costruttive e orientamenti insediativi nei secoli XI-XVI, in M. Volpiano (\u00e9d.), Territorio storico e paesaggio. Metodologie di analisi e interpretazione, 2012.<\/p>\n<\/li>\n<li>\n<p align=\"justify\">Forme e modi della guerra. Strumenti, rappresentazioni, tecniche di offesa e di difesa tra medioevo ed et\u00e0 moderna, 2017.<\/p>\n<\/li>\n<li>\n<p align=\"justify\">Attivit\u00e0 produttive e insediamenti nell\u2019Italia dei secoli XII-XV, 2014; Atlante storico dell\u2019Alessandrino, 2013.<\/p>\n<\/li>\n<li>\n<p align=\"justify\">(avec V. Moretti) Beni culturali e paesaggio tra Langhe, Roero e Monferrato. Dalla ricerca alla valorizzazione, 2016.<\/p>\n<\/li>\n<li>\n<p align=\"justify\">(avec F. Panero) Insediamenti umani e luoghi di culto fra medioevo ed et\u00e0 moderna. Le diocesi di Alba, Mondov\u00ec e Cuneo, 2011.<\/p>\n<\/li>\n<\/ul>\n","protected":false},"excerpt":{"rendered":"<p>Enrico Lusso PhD en Histoire et critique du patrimoine architectural et environnemental \u00e0 l\u2019\u00c9cole polytechnique de Torino, professeur associ\u00e9 d\u2019Histoire de l\u2019architecture au D\u00e9partement de Langues Etrang\u00e8res et Litt\u00e9rature et Cultures Modernes de l\u2019Universit\u00e9 de Torino, titulaire des enseignements d\u2019Histoire de l\u2019architecture. A pr\u00e9sent il est pr\u00e9sident du Master en Communication Internationale pour le Tourisme. &hellip; <\/p>\n<p class=\"link-more\"><a href=\"https:\/\/blogs.univ-jfc.fr\/dynamiquesurbaines\/enrico-lusso-points-de-reperes\/\" class=\"more-link\">Continuer la lecture<span class=\"screen-reader-text\"> de &laquo;&nbsp;Enrico Lusso : points de rep\u00e8res&nbsp;&raquo;<\/span><\/a><\/p>\n","protected":false},"author":20,"featured_media":0,"parent":0,"menu_order":0,"comment_status":"closed","ping_status":"closed","template":"","meta":[],"_links":{"self":[{"href":"https:\/\/blogs.univ-jfc.fr\/dynamiquesurbaines\/wp-json\/wp\/v2\/pages\/145"}],"collection":[{"href":"https:\/\/blogs.univ-jfc.fr\/dynamiquesurbaines\/wp-json\/wp\/v2\/pages"}],"about":[{"href":"https:\/\/blogs.univ-jfc.fr\/dynamiquesurbaines\/wp-json\/wp\/v2\/types\/page"}],"author":[{"embeddable":true,"href":"https:\/\/blogs.univ-jfc.fr\/dynamiquesurbaines\/wp-json\/wp\/v2\/users\/20"}],"replies":[{"embeddable":true,"href":"https:\/\/blogs.univ-jfc.fr\/dynamiquesurbaines\/wp-json\/wp\/v2\/comments?post=145"}],"version-history":[{"count":4,"href":"https:\/\/blogs.univ-jfc.fr\/dynamiquesurbaines\/wp-json\/wp\/v2\/pages\/145\/revisions"}],"predecessor-version":[{"id":353,"href":"https:\/\/blogs.univ-jfc.fr\/dynamiquesurbaines\/wp-json\/wp\/v2\/pages\/145\/revisions\/353"}],"wp:attachment":[{"href":"https:\/\/blogs.univ-jfc.fr\/dynamiquesurbaines\/wp-json\/wp\/v2\/media?parent=145"}],"curies":[{"name":"wp","href":"https:\/\/api.w.org\/{rel}","templated":true}]}}