{"id":170,"date":"2019-02-08T17:13:09","date_gmt":"2019-02-08T16:13:09","guid":{"rendered":"http:\/\/blogs.univ-jfc.fr\/dynamiquesurbaines\/?page_id=170"},"modified":"2019-09-02T19:07:22","modified_gmt":"2019-09-02T17:07:22","slug":"caroline-de-barrau-points-de-reperes","status":"publish","type":"page","link":"https:\/\/blogs.univ-jfc.fr\/dynamiquesurbaines\/caroline-de-barrau-points-de-reperes\/","title":{"rendered":"Caroline de Barrau : points de rep\u00e8res"},"content":{"rendered":"<p><img loading=\"lazy\" class=\"alignleft wp-image-200 size-full\" src=\"http:\/\/blogs.univ-jfc.fr\/dynamiquesurbaines\/wp-content\/uploads\/sites\/70\/2019\/02\/Caroline_de_Barrau_.jpg\" alt=\"\" width=\"123\" height=\"123\" srcset=\"https:\/\/blogs.univ-jfc.fr\/dynamiquesurbaines\/wp-content\/uploads\/sites\/70\/2019\/02\/Caroline_de_Barrau_.jpg 123w, https:\/\/blogs.univ-jfc.fr\/dynamiquesurbaines\/wp-content\/uploads\/sites\/70\/2019\/02\/Caroline_de_Barrau_-100x100.jpg 100w\" sizes=\"(max-width: 123px) 100vw, 123px\" \/><\/p>\n<p>&nbsp;<\/p>\n<p>&nbsp;<\/p>\n<h5><span style=\"color: #ff6600\">Caroline de Barrau<\/span><\/h5>\n<p align=\"justify\">Ma\u00eetre de conf\u00e9rences en histoire de l&rsquo;art et arch\u00e9ologie du Moyen-\u00c2ge, Universit\u00e9 de Perpignan Via Domitia<\/p>\n<p align=\"justify\">Centre De Recherches Sur Les Soci\u00e9t\u00e9s Et Environnements M\u00e9diterran\u00e9ens (CRESEM \u2013 EA 7397)<\/p>\n<p align=\"justify\">Responsable scientifique du PCR \u2013 66 \u2013 PETRVS. Identification et localisation des roches et des carri\u00e8res utilis\u00e9es dans la construction en Roussillon au Moyen-\u00c2ge.<\/p>\n<p align=\"justify\">Responsable \u00e9ditoriale des Cahiers de Saint-Michel de Cuxa.<\/p>\n<p>Th\u00e8mes de recherches :<\/p>\n<p align=\"justify\">Architecture et sculpture gothiques du Midi de la France et de la M\u00e9diterran\u00e9e. Histoire de l\u2019art et arch\u00e9ologie du Moyen \u00e2ge, commande et transferts artistiques \u00e0 la fin du Moyen \u00c2ge et Renaissance (France, Espagne, Italie), techniques de la construction et du chantier, historiographie,\u00a0 histoire des restaurations, arch\u00e9ologie du b\u00e2ti, sculptures et contextes fun\u00e9raires.<\/p>\n<p>Bibliographie s\u00e9lective :<\/p>\n<ul>\n<li>\n<p align=\"justify\">Notre-Dame de Rodez\u00a0: architecture et sculpture (XIIIe-XVIe s.). Nouvelles recherches sur l\u2019histoire artistique d\u2019une cath\u00e9drale, Doctorat histoire de l\u2019art et arch\u00e9ologie, sous la dir. Nelly Pousthomis et\u00a0 Pascal Julien, Universit\u00e9 de Toulouse II- Le Mirail, 2010.<\/p>\n<\/li>\n<li>\n<p align=\"justify\">\u00ab\u00a0Des hommes et des pierres\u00a0: le chantier de la cath\u00e9drale de Rodez et son portail m\u00e9ridional\u00a0\u00bb, dans G\u00e9ly et Lorenz (dir.), Carriers et b\u00e2tisseurs de la p\u00e9riode pr\u00e9industrielle. Europe et r\u00e9gions limitrophes, Paris, Editions du\u00a0 comit\u00e9 des travaux historiques et scientifiques (CTHS \u2013 Sciences 11), 2011, p. 9-26.<\/p>\n<\/li>\n<li>\n<p align=\"justify\">avec Martzluff M., Giresse P., Catafau A. : \u00ab\u00a0Le marbre griotte des Pyr\u00e9n\u00e9es-Orientales\u00a0: carri\u00e8res et monuments (XIe au XXe si\u00e8cle)\u00a0\u00bb, Patrimoine du sud, n\u00b04 (https:\/\/inventaire-patrimoine -culturel.cr-languedocroussillon.fr), 2016, p. 63-81, 22 fig.<\/p>\n<\/li>\n<li>\n<p align=\"justify\">avec Martzluff M., Giresse P., Catafau A. : \u00ab\u00a0Les marbres rouges des Pyr\u00e9n\u00e9es de l\u2019est et leur utilisation dans l\u2019architecture depuis l\u2019Antiquit\u00e9\u00a0\u00bb, Pays pyr\u00e9n\u00e9ens et environnement, P. Debofle et J.-C. Sanchez dir., F\u00e9d\u00e9raion historique de Midi-Pyr\u00e9n\u00e9es, Soci\u00e9t\u00e9 Raymond \u00e9d, 2016, p. 219-242, 12 fig.<\/p>\n<\/li>\n<li>\n<p align=\"justify\">avec Martzluff M., Catafau A., Giresse P., de Barrau C. : \u00ab\u00a0Les roches ornementales dans le domaine pyr\u00e9n\u00e9en des rois de Majorque. Sources et usages\u00a0: approches pluridisciplinaires\u00a0\u00bb, dans Francesca Espa\u00f1ol, Joan Valero (ed.), Les pedreres medievals a la corona d\u2019Arago, Institut d\u2019Estudis catalans. Amics de l\u2019art rom\u00e0nic, Barcelona, 2017, p. 53-88.<\/p>\n<\/li>\n<li>\n<p align=\"justify\">avec Martzluff M., Giresse P., Catafau A., de Barrau C., Respaut C.\u00a0: \u00ab\u00a0Les roches des Pyr\u00e9n\u00e9es catalanes employ\u00e9es dans l\u2019architecture entre l\u2019Antiquit\u00e9 et le haut Moyen \u00c2ge\u00a0: \u00e9tat actuel de la question\u00a0\u00bb,\u00a0 Arch\u00e9o 66, Bulletin de l\u2019AAPO,\u00a0n\u00b031, 2017 p. 97-112, 20 fig, 1 tabl.<\/p>\n<\/li>\n<\/ul>\n","protected":false},"excerpt":{"rendered":"<p>&nbsp; &nbsp; Caroline de Barrau Ma\u00eetre de conf\u00e9rences en histoire de l&rsquo;art et arch\u00e9ologie du Moyen-\u00c2ge, Universit\u00e9 de Perpignan Via Domitia Centre De Recherches Sur Les Soci\u00e9t\u00e9s Et Environnements M\u00e9diterran\u00e9ens (CRESEM \u2013 EA 7397) Responsable scientifique du PCR \u2013 66 \u2013 PETRVS. Identification et localisation des roches et des carri\u00e8res utilis\u00e9es dans la construction en &hellip; <\/p>\n<p class=\"link-more\"><a href=\"https:\/\/blogs.univ-jfc.fr\/dynamiquesurbaines\/caroline-de-barrau-points-de-reperes\/\" class=\"more-link\">Continuer la lecture<span class=\"screen-reader-text\"> de &laquo;&nbsp;Caroline de Barrau : points de rep\u00e8res&nbsp;&raquo;<\/span><\/a><\/p>\n","protected":false},"author":20,"featured_media":0,"parent":0,"menu_order":0,"comment_status":"closed","ping_status":"closed","template":"","meta":[],"_links":{"self":[{"href":"https:\/\/blogs.univ-jfc.fr\/dynamiquesurbaines\/wp-json\/wp\/v2\/pages\/170"}],"collection":[{"href":"https:\/\/blogs.univ-jfc.fr\/dynamiquesurbaines\/wp-json\/wp\/v2\/pages"}],"about":[{"href":"https:\/\/blogs.univ-jfc.fr\/dynamiquesurbaines\/wp-json\/wp\/v2\/types\/page"}],"author":[{"embeddable":true,"href":"https:\/\/blogs.univ-jfc.fr\/dynamiquesurbaines\/wp-json\/wp\/v2\/users\/20"}],"replies":[{"embeddable":true,"href":"https:\/\/blogs.univ-jfc.fr\/dynamiquesurbaines\/wp-json\/wp\/v2\/comments?post=170"}],"version-history":[{"count":7,"href":"https:\/\/blogs.univ-jfc.fr\/dynamiquesurbaines\/wp-json\/wp\/v2\/pages\/170\/revisions"}],"predecessor-version":[{"id":339,"href":"https:\/\/blogs.univ-jfc.fr\/dynamiquesurbaines\/wp-json\/wp\/v2\/pages\/170\/revisions\/339"}],"wp:attachment":[{"href":"https:\/\/blogs.univ-jfc.fr\/dynamiquesurbaines\/wp-json\/wp\/v2\/media?parent=170"}],"curies":[{"name":"wp","href":"https:\/\/api.w.org\/{rel}","templated":true}]}}