{"id":176,"date":"2019-02-08T17:14:59","date_gmt":"2019-02-08T16:14:59","guid":{"rendered":"http:\/\/blogs.univ-jfc.fr\/dynamiquesurbaines\/?page_id=176"},"modified":"2019-09-02T19:17:17","modified_gmt":"2019-09-02T17:17:17","slug":"marie-lafont-points-de-reperes","status":"publish","type":"page","link":"https:\/\/blogs.univ-jfc.fr\/dynamiquesurbaines\/marie-lafont-points-de-reperes\/","title":{"rendered":"Marie Lafont : points de rep\u00e8res"},"content":{"rendered":"<p><img loading=\"lazy\" class=\"alignleft wp-image-279 size-thumbnail\" src=\"http:\/\/blogs.univ-jfc.fr\/dynamiquesurbaines\/wp-content\/uploads\/sites\/70\/2019\/02\/MLafont-150x150.jpg\" alt=\"\" width=\"150\" height=\"150\" srcset=\"https:\/\/blogs.univ-jfc.fr\/dynamiquesurbaines\/wp-content\/uploads\/sites\/70\/2019\/02\/MLafont-150x150.jpg 150w, https:\/\/blogs.univ-jfc.fr\/dynamiquesurbaines\/wp-content\/uploads\/sites\/70\/2019\/02\/MLafont-100x100.jpg 100w\" sizes=\"(max-width: 150px) 100vw, 150px\" \/><\/p>\n<h5><span style=\"color: #ff6600\">Marie Lafont<\/span><\/h5>\n<p align=\"justify\">Marie Lafont, actuellement ATER en histoire de l\u2019art m\u00e9di\u00e9val \u00e0 l\u2019universit\u00e9 de Tours, pr\u00e9pare une th\u00e8se de doctorat sous la direction d\u2019Alain Salamagne. Ce travail, men\u00e9 au Centre d\u2019\u00e9tudes sup\u00e9rieures de la Renaissance de Tours, porte sur la reconstruction de la ville de Bourges apr\u00e8s le grand incendie de 1487.<\/p>\n<p>Publications :<\/p>\n<ul>\n<li>\n<p align=\"justify\">\u00ab\u00a0L\u2019enceinte m\u00e9di\u00e9vale de Blois\u00a0: quelques pr\u00e9cisions sur un ensemble m\u00e9connu\u00a0\u00bb, Revue Arch\u00e9ologique de la France, tome 56, 2017, 10 p. (en ligne)<\/p>\n<\/li>\n<li>\n<p align=\"justify\">\u00ab\u00a0L\u2019apport des sources comptables dans l\u2019\u00e9tude des actions du pouvoir municipal de Bourges \u00e0 la fin du XVe si\u00e8cle, Cahiers d\u2019Histoire et d\u2019Arch\u00e9ologie du Berry, (\u00e0 para\u00eetre automne 2019)<\/p>\n<\/li>\n<li>\n<p align=\"justify\">Avec Lucie Gaugain, \u00ab\u00a0L\u2019h\u00f4tel de ville de Bourges\u00a0\u00bb, 176e Congr\u00e8s Arch\u00e9ologique de France, Bourges et le Berry aux XVe et XVIe si\u00e8cles, (\u00e0 para\u00eetre automne 2019)<\/p>\n<\/li>\n<\/ul>\n<p>&nbsp;<\/p>\n","protected":false},"excerpt":{"rendered":"<p>Marie Lafont Marie Lafont, actuellement ATER en histoire de l\u2019art m\u00e9di\u00e9val \u00e0 l\u2019universit\u00e9 de Tours, pr\u00e9pare une th\u00e8se de doctorat sous la direction d\u2019Alain Salamagne. Ce travail, men\u00e9 au Centre d\u2019\u00e9tudes sup\u00e9rieures de la Renaissance de Tours, porte sur la reconstruction de la ville de Bourges apr\u00e8s le grand incendie de 1487. Publications : \u00ab\u00a0L\u2019enceinte &hellip; <\/p>\n<p class=\"link-more\"><a href=\"https:\/\/blogs.univ-jfc.fr\/dynamiquesurbaines\/marie-lafont-points-de-reperes\/\" class=\"more-link\">Continuer la lecture<span class=\"screen-reader-text\"> de &laquo;&nbsp;Marie Lafont : points de rep\u00e8res&nbsp;&raquo;<\/span><\/a><\/p>\n","protected":false},"author":20,"featured_media":0,"parent":0,"menu_order":0,"comment_status":"closed","ping_status":"closed","template":"","meta":[],"_links":{"self":[{"href":"https:\/\/blogs.univ-jfc.fr\/dynamiquesurbaines\/wp-json\/wp\/v2\/pages\/176"}],"collection":[{"href":"https:\/\/blogs.univ-jfc.fr\/dynamiquesurbaines\/wp-json\/wp\/v2\/pages"}],"about":[{"href":"https:\/\/blogs.univ-jfc.fr\/dynamiquesurbaines\/wp-json\/wp\/v2\/types\/page"}],"author":[{"embeddable":true,"href":"https:\/\/blogs.univ-jfc.fr\/dynamiquesurbaines\/wp-json\/wp\/v2\/users\/20"}],"replies":[{"embeddable":true,"href":"https:\/\/blogs.univ-jfc.fr\/dynamiquesurbaines\/wp-json\/wp\/v2\/comments?post=176"}],"version-history":[{"count":9,"href":"https:\/\/blogs.univ-jfc.fr\/dynamiquesurbaines\/wp-json\/wp\/v2\/pages\/176\/revisions"}],"predecessor-version":[{"id":346,"href":"https:\/\/blogs.univ-jfc.fr\/dynamiquesurbaines\/wp-json\/wp\/v2\/pages\/176\/revisions\/346"}],"wp:attachment":[{"href":"https:\/\/blogs.univ-jfc.fr\/dynamiquesurbaines\/wp-json\/wp\/v2\/media?parent=176"}],"curies":[{"name":"wp","href":"https:\/\/api.w.org\/{rel}","templated":true}]}}