{"id":37,"date":"2018-12-07T13:00:18","date_gmt":"2018-12-07T12:00:18","guid":{"rendered":"http:\/\/blogs.univ-jfc.fr\/dynamiquesurbaines\/?page_id=37"},"modified":"2019-05-30T11:47:47","modified_gmt":"2019-05-30T09:47:47","slug":"du-moyen-age-a-nos-jours","status":"publish","type":"page","link":"https:\/\/blogs.univ-jfc.fr\/dynamiquesurbaines\/du-moyen-age-a-nos-jours\/","title":{"rendered":"\u00ab\u00a0Du Moyen \u00c2ge \u00e0 nos jours\u00a0\u00bb"},"content":{"rendered":"<p>&nbsp;<\/p>\n<p><img loading=\"lazy\" class=\"aligncenter  wp-image-307\" src=\"http:\/\/blogs.univ-jfc.fr\/dynamiquesurbaines\/wp-content\/uploads\/sites\/70\/2018\/12\/dia_0115-1-690x1024.jpg\" alt=\"\" width=\"342\" height=\"507\" srcset=\"https:\/\/blogs.univ-jfc.fr\/dynamiquesurbaines\/wp-content\/uploads\/sites\/70\/2018\/12\/dia_0115-1-690x1024.jpg 690w, https:\/\/blogs.univ-jfc.fr\/dynamiquesurbaines\/wp-content\/uploads\/sites\/70\/2018\/12\/dia_0115-1-202x300.jpg 202w, https:\/\/blogs.univ-jfc.fr\/dynamiquesurbaines\/wp-content\/uploads\/sites\/70\/2018\/12\/dia_0115-1-768x1140.jpg 768w, https:\/\/blogs.univ-jfc.fr\/dynamiquesurbaines\/wp-content\/uploads\/sites\/70\/2018\/12\/dia_0115-1.jpg 1024w\" sizes=\"(max-width: 342px) 100vw, 342px\" \/><\/p>\n<p>&nbsp;<\/p>\n<p align=\"justify\">Du Moyen \u00c2ge \u00e0 nos jours est une association cr\u00e9\u00e9e en 1992 par Pascal Waringo (pr\u00e9sident), Alain Lafon (secr\u00e9taire) et Jean-Louis Rigal (tr\u00e9sorier). Elle s\u2019int\u00e9resse principalement aux th\u00e9matiques abord\u00e9es par la construction au Moyen \u00c2ge. Ses r\u00e9flexions concernent les techniques et l\u2019outillage m\u00e9di\u00e9val, ainsi que l\u2019aspect \u00e9conomique et social que rev\u00eat la construction (hommes sur les chantiers,\u00a0organisation du travail, mode de r\u00e9mun\u00e9rations\u2026etc). Elle souhaite \u00e9galement mettre en avant l\u2019actualit\u00e9 de la recherche de l\u2019histoire m\u00e9di\u00e9vale en g\u00e9n\u00e9ral. L\u2019association regroupe techniciens, artisans et ouvriers, historiens et \u00e9tudiants, et a l\u2019intention de se rapprocher d\u2019arch\u00e9ologues. L\u2019int\u00e9r\u00eat est de favoriser l\u2019\u00e9change et un regard interdisciplinaire sur le Moyen \u00c2ge et ses acteurs.<\/p>\n<p align=\"justify\">De cette association est issue la troupe \u00ab Les b\u00e2tisseurs m\u00e9di\u00e9vaux \u00bb dont l\u2019objet est la reconstitution de chantiers m\u00e9di\u00e9vaux. Gr\u00e2ce aux diff\u00e9rentes recherches, cette troupe recr\u00e9e des engins de levages grandeur nature, et propose la d\u00e9monstration du fonctionnement de ces diff\u00e9rentes machines, afin de transmettre ses connaissances sur les techniques m\u00e9di\u00e9vales de construction. La page de l\u2019association Du Moyen \u00c2ge \u00e0 nos jours appara\u00eet dans une optique plus universitaire permettant de compl\u00e9ter les informations employ\u00e9es par sa troupe, et construire un autre lien entre la recherche et l\u2019histoire vivante.<\/p>\n<p align=\"justify\">Pour ce faire nous partagerons colloques, journ\u00e9es d\u2019\u00e9tudes, nouveaux articles et ouvrages sur le sujet, ainsi que les activit\u00e9s de nombreuses pages et institutions qui communiquent sur les r\u00e9seaux, mais aussi certains travaux effectu\u00e9s par les membres Du Moyen \u00c2ge \u00e0 nos jours et les diff\u00e9rents \u00e9v\u00e9nements auxquels participe l\u2019association.<\/p>\n<p align=\"justify\">Liens vers la troupe :<\/p>\n<p><a href=\"https:\/\/www.facebook.com\/BatisseursMedievaux\/\">https:\/\/www.facebook.com\/BatisseursMedievaux\/<\/a><\/p>\n","protected":false},"excerpt":{"rendered":"<p>&nbsp; &nbsp; Du Moyen \u00c2ge \u00e0 nos jours est une association cr\u00e9\u00e9e en 1992 par Pascal Waringo (pr\u00e9sident), Alain Lafon (secr\u00e9taire) et Jean-Louis Rigal (tr\u00e9sorier). Elle s\u2019int\u00e9resse principalement aux th\u00e9matiques abord\u00e9es par la construction au Moyen \u00c2ge. Ses r\u00e9flexions concernent les techniques et l\u2019outillage m\u00e9di\u00e9val, ainsi que l\u2019aspect \u00e9conomique et social que rev\u00eat la construction &hellip; <\/p>\n<p class=\"link-more\"><a href=\"https:\/\/blogs.univ-jfc.fr\/dynamiquesurbaines\/du-moyen-age-a-nos-jours\/\" class=\"more-link\">Continuer la lecture<span class=\"screen-reader-text\"> de &laquo;&nbsp;\u00ab\u00a0Du Moyen \u00c2ge \u00e0 nos jours\u00a0\u00bb&nbsp;&raquo;<\/span><\/a><\/p>\n","protected":false},"author":20,"featured_media":0,"parent":0,"menu_order":0,"comment_status":"closed","ping_status":"closed","template":"","meta":[],"_links":{"self":[{"href":"https:\/\/blogs.univ-jfc.fr\/dynamiquesurbaines\/wp-json\/wp\/v2\/pages\/37"}],"collection":[{"href":"https:\/\/blogs.univ-jfc.fr\/dynamiquesurbaines\/wp-json\/wp\/v2\/pages"}],"about":[{"href":"https:\/\/blogs.univ-jfc.fr\/dynamiquesurbaines\/wp-json\/wp\/v2\/types\/page"}],"author":[{"embeddable":true,"href":"https:\/\/blogs.univ-jfc.fr\/dynamiquesurbaines\/wp-json\/wp\/v2\/users\/20"}],"replies":[{"embeddable":true,"href":"https:\/\/blogs.univ-jfc.fr\/dynamiquesurbaines\/wp-json\/wp\/v2\/comments?post=37"}],"version-history":[{"count":5,"href":"https:\/\/blogs.univ-jfc.fr\/dynamiquesurbaines\/wp-json\/wp\/v2\/pages\/37\/revisions"}],"predecessor-version":[{"id":308,"href":"https:\/\/blogs.univ-jfc.fr\/dynamiquesurbaines\/wp-json\/wp\/v2\/pages\/37\/revisions\/308"}],"wp:attachment":[{"href":"https:\/\/blogs.univ-jfc.fr\/dynamiquesurbaines\/wp-json\/wp\/v2\/media?parent=37"}],"curies":[{"name":"wp","href":"https:\/\/api.w.org\/{rel}","templated":true}]}}