{"id":72,"date":"2018-12-07T13:41:44","date_gmt":"2018-12-07T12:41:44","guid":{"rendered":"http:\/\/blogs.univ-jfc.fr\/dynamiquesurbaines\/?page_id=72"},"modified":"2018-12-07T13:41:44","modified_gmt":"2018-12-07T12:41:44","slug":"marie-lafont-et-lucie-gaugain","status":"publish","type":"page","link":"https:\/\/blogs.univ-jfc.fr\/dynamiquesurbaines\/marie-lafont-et-lucie-gaugain\/","title":{"rendered":"Marie Lafont et Lucie Gaugain"},"content":{"rendered":"<p align=\"justify\">En 1444, Tours devient capitale du royaume, supplantant Paris. Ce nouveau statut implique une transformation de sa morphologie : enceintes, ponts, urbanisme et architecture \u00e9dilitaire. Tant les sources textuelles (d\u00e9lib\u00e9rations et comptes municipaux, correspondances), qu\u2019iconographiques (vues cavali\u00e8res, gravures, plans) et mat\u00e9rielles (vestiges arch\u00e9ologiques, \u00e9difices, fontaines publiques) permettent d\u2019appr\u00e9hender les usages, les choix, les co\u00fbts et les savoir-faire d\u00e9velopp\u00e9s \u00e0 Tours autour des mat\u00e9riaux lithiques (nature de la pierre, approvisionnement, mise en \u0153uvre). Il s\u2019agira ainsi de distinguer la tradition constructive lig\u00e9rienne des apports r\u00e9sultant d\u2019un brassage de gens de m\u00e9tiers attir\u00e9s par l\u2019ouverture de nombreux chantiers \u00e0 la suite du changement de statut de la ville. Nous reviendrons sur les dimensions politique, esth\u00e9tique et symbolique de l\u2019architecture de pierre \u00e0 travers le prisme des imp\u00e9ratifs techniques. \u00c0 l\u2019aune des chantiers d\u2019autres villes, telles qu\u2019Amboise et Bourges, l\u2019\u00e9tude appr\u00e9ciera les sp\u00e9cificit\u00e9s tourangelles relatives \u00e0 l\u2019emploi de la pierre.<\/p>\n","protected":false},"excerpt":{"rendered":"<p>En 1444, Tours devient capitale du royaume, supplantant Paris. Ce nouveau statut implique une transformation de sa morphologie : enceintes, ponts, urbanisme et architecture \u00e9dilitaire. Tant les sources textuelles (d\u00e9lib\u00e9rations et comptes municipaux, correspondances), qu\u2019iconographiques (vues cavali\u00e8res, gravures, plans) et mat\u00e9rielles (vestiges arch\u00e9ologiques, \u00e9difices, fontaines publiques) permettent d\u2019appr\u00e9hender les usages, les choix, les co\u00fbts et &hellip; <\/p>\n<p class=\"link-more\"><a href=\"https:\/\/blogs.univ-jfc.fr\/dynamiquesurbaines\/marie-lafont-et-lucie-gaugain\/\" class=\"more-link\">Continuer la lecture<span class=\"screen-reader-text\"> de &laquo;&nbsp;Marie Lafont et Lucie Gaugain&nbsp;&raquo;<\/span><\/a><\/p>\n","protected":false},"author":20,"featured_media":0,"parent":0,"menu_order":0,"comment_status":"closed","ping_status":"closed","template":"","meta":[],"_links":{"self":[{"href":"https:\/\/blogs.univ-jfc.fr\/dynamiquesurbaines\/wp-json\/wp\/v2\/pages\/72"}],"collection":[{"href":"https:\/\/blogs.univ-jfc.fr\/dynamiquesurbaines\/wp-json\/wp\/v2\/pages"}],"about":[{"href":"https:\/\/blogs.univ-jfc.fr\/dynamiquesurbaines\/wp-json\/wp\/v2\/types\/page"}],"author":[{"embeddable":true,"href":"https:\/\/blogs.univ-jfc.fr\/dynamiquesurbaines\/wp-json\/wp\/v2\/users\/20"}],"replies":[{"embeddable":true,"href":"https:\/\/blogs.univ-jfc.fr\/dynamiquesurbaines\/wp-json\/wp\/v2\/comments?post=72"}],"version-history":[{"count":1,"href":"https:\/\/blogs.univ-jfc.fr\/dynamiquesurbaines\/wp-json\/wp\/v2\/pages\/72\/revisions"}],"predecessor-version":[{"id":73,"href":"https:\/\/blogs.univ-jfc.fr\/dynamiquesurbaines\/wp-json\/wp\/v2\/pages\/72\/revisions\/73"}],"wp:attachment":[{"href":"https:\/\/blogs.univ-jfc.fr\/dynamiquesurbaines\/wp-json\/wp\/v2\/media?parent=72"}],"curies":[{"name":"wp","href":"https:\/\/api.w.org\/{rel}","templated":true}]}}

<p align="justify">En 1444, Tours devient capitale du royaume, supplantant Paris. Ce nouveau statut implique une transformation de sa morphologie : enceintes, ponts, urbanisme et architecture édilitaire. Tant les sources textuelles (délibérations et comptes municipaux, correspondances), qu’iconographiques (vues cavalières, gravures, plans) et matérielles (vestiges archéologiques, édifices, fontaines publiques) permettent d’appréhender les usages, les choix, les coûts et les savoir-faire développés à Tours autour des matériaux lithiques (nature de la pierre, approvisionnement, mise en œuvre). Il s’agira ainsi de distinguer la tradition constructive ligérienne des apports résultant d’un brassage de gens de métiers attirés par l’ouverture de nombreux chantiers à la suite du changement de statut de la ville. Nous reviendrons sur les dimensions politique, esthétique et symbolique de l’architecture de pierre à travers le prisme des impératifs techniques. À l’aune des chantiers d’autres villes, telles qu’Amboise et Bourges, l’étude appréciera les spécificités tourangelles relatives à l’emploi de la pierre.</p>

<p>En 1444, Tours devient capitale du royaume, supplantant Paris. Ce nouveau statut implique une transformation de sa morphologie : enceintes, ponts, urbanisme et architecture édilitaire. Tant les sources textuelles (délibérations et comptes municipaux, correspondances), qu’iconographiques (vues cavalières, gravures, plans) et matérielles (vestiges archéologiques, édifices, fontaines publiques) permettent d’appréhender les usages, les choix, les coûts et &hellip; </p>
<p class="link-more"><a href="https://blogs.univ-jfc.fr/dynamiquesurbaines/marie-lafont-et-lucie-gaugain/" class="more-link">Continuer la lecture<span class="screen-reader-text"> de &laquo;&nbsp;Marie Lafont et Lucie Gaugain&nbsp;&raquo;</span></a></p>
