{"id":76,"date":"2018-12-07T13:44:17","date_gmt":"2018-12-07T12:44:17","guid":{"rendered":"http:\/\/blogs.univ-jfc.fr\/dynamiquesurbaines\/?page_id=76"},"modified":"2018-12-07T13:44:17","modified_gmt":"2018-12-07T12:44:17","slug":"arnaldo-melo-et-maria-do-carmo-ribeiro","status":"publish","type":"page","link":"https:\/\/blogs.univ-jfc.fr\/dynamiquesurbaines\/arnaldo-melo-et-maria-do-carmo-ribeiro\/","title":{"rendered":"Arnaldo Melo et Maria do Carmo Ribeiro"},"content":{"rendered":"<p align=\"justify\">Le but est d&rsquo;analyser comment la pierre a \u00e9t\u00e9 combin\u00e9e avec d&rsquo;autres mat\u00e9riaux de construction dans les villes m\u00e9di\u00e9vales portugaises, afin de r\u00e9pondre \u00e0 la question de l&rsquo;existence \u00e9ventuelle d&rsquo;une tendance \u00e0 la pr\u00e9dominance de l&rsquo;utilisation de la pierre aux XIIIe et XVIe si\u00e8cles. \u00c0 cet effet, diff\u00e9rentes typologies de b\u00e2timents (religieux, royaux ou seigneuriaux, syst\u00e8mes d\u00e9fensifs, maisons-tours et construction courante) sont analys\u00e9es, comme l&rsquo;application combin\u00e9e de diff\u00e9rents mat\u00e9riaux de construction dans les distinctes parties morphologiques et fonctionnelles des b\u00e2timents (rez-de-chauss\u00e9e \/ \u00e9tages sup\u00e9rieures ; int\u00e9rieur et ext\u00e9rieur &#8230;). De plus, il convient d\u2019avoir une r\u00e9flexion sur l&rsquo;aspect final ou la d\u00e9coration des b\u00e2timents. Dans ce dernier cas, il s\u2019agit d\u2019analyser l&rsquo;aspect visible et\/ou occulte des mat\u00e9riaux appliqu\u00e9s dans les structures construites, \u00e0 savoir par la pratique de l&rsquo;application de bois sur la pierre, pour la cacher, ou bien \u00e0 travers la peinture du bois, pour imiter la pierre.<\/p>\n","protected":false},"excerpt":{"rendered":"<p>Le but est d&rsquo;analyser comment la pierre a \u00e9t\u00e9 combin\u00e9e avec d&rsquo;autres mat\u00e9riaux de construction dans les villes m\u00e9di\u00e9vales portugaises, afin de r\u00e9pondre \u00e0 la question de l&rsquo;existence \u00e9ventuelle d&rsquo;une tendance \u00e0 la pr\u00e9dominance de l&rsquo;utilisation de la pierre aux XIIIe et XVIe si\u00e8cles. \u00c0 cet effet, diff\u00e9rentes typologies de b\u00e2timents (religieux, royaux ou seigneuriaux, &hellip; <\/p>\n<p class=\"link-more\"><a href=\"https:\/\/blogs.univ-jfc.fr\/dynamiquesurbaines\/arnaldo-melo-et-maria-do-carmo-ribeiro\/\" class=\"more-link\">Continuer la lecture<span class=\"screen-reader-text\"> de &laquo;&nbsp;Arnaldo Melo et Maria do Carmo Ribeiro&nbsp;&raquo;<\/span><\/a><\/p>\n","protected":false},"author":20,"featured_media":0,"parent":0,"menu_order":0,"comment_status":"closed","ping_status":"closed","template":"","meta":[],"_links":{"self":[{"href":"https:\/\/blogs.univ-jfc.fr\/dynamiquesurbaines\/wp-json\/wp\/v2\/pages\/76"}],"collection":[{"href":"https:\/\/blogs.univ-jfc.fr\/dynamiquesurbaines\/wp-json\/wp\/v2\/pages"}],"about":[{"href":"https:\/\/blogs.univ-jfc.fr\/dynamiquesurbaines\/wp-json\/wp\/v2\/types\/page"}],"author":[{"embeddable":true,"href":"https:\/\/blogs.univ-jfc.fr\/dynamiquesurbaines\/wp-json\/wp\/v2\/users\/20"}],"replies":[{"embeddable":true,"href":"https:\/\/blogs.univ-jfc.fr\/dynamiquesurbaines\/wp-json\/wp\/v2\/comments?post=76"}],"version-history":[{"count":1,"href":"https:\/\/blogs.univ-jfc.fr\/dynamiquesurbaines\/wp-json\/wp\/v2\/pages\/76\/revisions"}],"predecessor-version":[{"id":77,"href":"https:\/\/blogs.univ-jfc.fr\/dynamiquesurbaines\/wp-json\/wp\/v2\/pages\/76\/revisions\/77"}],"wp:attachment":[{"href":"https:\/\/blogs.univ-jfc.fr\/dynamiquesurbaines\/wp-json\/wp\/v2\/media?parent=76"}],"curies":[{"name":"wp","href":"https:\/\/api.w.org\/{rel}","templated":true}]}}

<p align="justify">Le but est d&rsquo;analyser comment la pierre a été combinée avec d&rsquo;autres matériaux de construction dans les villes médiévales portugaises, afin de répondre à la question de l&rsquo;existence éventuelle d&rsquo;une tendance à la prédominance de l&rsquo;utilisation de la pierre aux XIIIe et XVIe siècles. À cet effet, différentes typologies de bâtiments (religieux, royaux ou seigneuriaux, systèmes défensifs, maisons-tours et construction courante) sont analysées, comme l&rsquo;application combinée de différents matériaux de construction dans les distinctes parties morphologiques et fonctionnelles des bâtiments (rez-de-chaussée / étages supérieures ; intérieur et extérieur &#8230;). De plus, il convient d’avoir une réflexion sur l&rsquo;aspect final ou la décoration des bâtiments. Dans ce dernier cas, il s’agit d’analyser l&rsquo;aspect visible et/ou occulte des matériaux appliqués dans les structures construites, à savoir par la pratique de l&rsquo;application de bois sur la pierre, pour la cacher, ou bien à travers la peinture du bois, pour imiter la pierre.</p>

<p>Le but est d&rsquo;analyser comment la pierre a été combinée avec d&rsquo;autres matériaux de construction dans les villes médiévales portugaises, afin de répondre à la question de l&rsquo;existence éventuelle d&rsquo;une tendance à la prédominance de l&rsquo;utilisation de la pierre aux XIIIe et XVIe siècles. À cet effet, différentes typologies de bâtiments (religieux, royaux ou seigneuriaux, &hellip; </p>
<p class="link-more"><a href="https://blogs.univ-jfc.fr/dynamiquesurbaines/arnaldo-melo-et-maria-do-carmo-ribeiro/" class="more-link">Continuer la lecture<span class="screen-reader-text"> de &laquo;&nbsp;Arnaldo Melo et Maria do Carmo Ribeiro&nbsp;&raquo;</span></a></p>
