{"id":82,"date":"2018-12-07T13:47:14","date_gmt":"2018-12-07T12:47:14","guid":{"rendered":"http:\/\/blogs.univ-jfc.fr\/dynamiquesurbaines\/?page_id=82"},"modified":"2019-01-02T11:17:54","modified_gmt":"2019-01-02T10:17:54","slug":"paulo-charruadas-et-philippe-sosnowska","status":"publish","type":"page","link":"https:\/\/blogs.univ-jfc.fr\/dynamiquesurbaines\/paulo-charruadas-et-philippe-sosnowska\/","title":{"rendered":"Paulo Charruadas et Philippe Sosnowska"},"content":{"rendered":"<p align=\"justify\">En Belgique, le passage du bois \u00e0 la pierre et \u00e0 la brique est une question encore largement tributaire d\u2019une lecture historienne\u00a0et\u00a0normative, se couplant insuffisamment aux donn\u00e9es mat\u00e9rielles glan\u00e9es par l\u2019arch\u00e9ologie. \u00c0 ce titre, la question a \u00e9t\u00e9 fortement structur\u00e9e autour du r\u00f4le de la brique et de l\u2019influence des travaux publics (fortifications, infrastructures commerciales et religieuses) comme incubateurs pour le d\u00e9veloppement et la diffusion de cette pierre artificielle dans le b\u00e2ti civil et ordinaire. La pierre n\u2019est pourtant nullement absente de ce territoire, mais semble se moduler avec la brique dans le temps et dans l\u2019espace selon une s\u00e9rie de configurations particuli\u00e8res qui doivent encore \u00eatre \u00e9tudi\u00e9es.<\/p>\n<p align=\"justify\">L\u2019objectif de cette communication, centr\u00e9e sur le cas de Bruxelles, est d\u2019envisager sur nouveaux frais cette tradition historiographique. Dans un dialogue entre sources \u00e9crites et sources arch\u00e9ologiques, elle t\u00e2chera de r\u00e9-envisager les raisons pratiques et culturelles conduisant \u00e0 l\u2019adoption de nouveaux mat\u00e9riaux. La communication proposera en outre des comparaisons entre Bruxelles et son environnement rural ainsi qu\u2019avec d\u2019autres villes de l\u2019espace belge (Bruges, Louvain, Li\u00e8ge en particulier) afin de mieux saisir les facteurs \u00e0 l\u2019\u0153uvre et les \u00e9l\u00e9ments \u2013 moteurs comme freins \u2013 qui ont influ\u00e9 sur le b\u00e2ti urbain.<\/p>\n","protected":false},"excerpt":{"rendered":"<p>En Belgique, le passage du bois \u00e0 la pierre et \u00e0 la brique est une question encore largement tributaire d\u2019une lecture historienne\u00a0et\u00a0normative, se couplant insuffisamment aux donn\u00e9es mat\u00e9rielles glan\u00e9es par l\u2019arch\u00e9ologie. \u00c0 ce titre, la question a \u00e9t\u00e9 fortement structur\u00e9e autour du r\u00f4le de la brique et de l\u2019influence des travaux publics (fortifications, infrastructures commerciales &hellip; <\/p>\n<p class=\"link-more\"><a href=\"https:\/\/blogs.univ-jfc.fr\/dynamiquesurbaines\/paulo-charruadas-et-philippe-sosnowska\/\" class=\"more-link\">Continuer la lecture<span class=\"screen-reader-text\"> de &laquo;&nbsp;Paulo Charruadas et Philippe Sosnowska&nbsp;&raquo;<\/span><\/a><\/p>\n","protected":false},"author":20,"featured_media":0,"parent":0,"menu_order":0,"comment_status":"closed","ping_status":"closed","template":"","meta":[],"_links":{"self":[{"href":"https:\/\/blogs.univ-jfc.fr\/dynamiquesurbaines\/wp-json\/wp\/v2\/pages\/82"}],"collection":[{"href":"https:\/\/blogs.univ-jfc.fr\/dynamiquesurbaines\/wp-json\/wp\/v2\/pages"}],"about":[{"href":"https:\/\/blogs.univ-jfc.fr\/dynamiquesurbaines\/wp-json\/wp\/v2\/types\/page"}],"author":[{"embeddable":true,"href":"https:\/\/blogs.univ-jfc.fr\/dynamiquesurbaines\/wp-json\/wp\/v2\/users\/20"}],"replies":[{"embeddable":true,"href":"https:\/\/blogs.univ-jfc.fr\/dynamiquesurbaines\/wp-json\/wp\/v2\/comments?post=82"}],"version-history":[{"count":3,"href":"https:\/\/blogs.univ-jfc.fr\/dynamiquesurbaines\/wp-json\/wp\/v2\/pages\/82\/revisions"}],"predecessor-version":[{"id":123,"href":"https:\/\/blogs.univ-jfc.fr\/dynamiquesurbaines\/wp-json\/wp\/v2\/pages\/82\/revisions\/123"}],"wp:attachment":[{"href":"https:\/\/blogs.univ-jfc.fr\/dynamiquesurbaines\/wp-json\/wp\/v2\/media?parent=82"}],"curies":[{"name":"wp","href":"https:\/\/api.w.org\/{rel}","templated":true}]}}