{"id":12,"date":"2022-04-15T12:06:51","date_gmt":"2022-04-15T10:06:51","guid":{"rendered":"https:\/\/blogs.univ-jfc.fr\/easyrmm\/?page_id=12"},"modified":"2026-03-27T10:29:02","modified_gmt":"2026-03-27T09:29:02","slug":"easyrmm","status":"publish","type":"page","link":"https:\/\/blogs.univ-jfc.fr\/easyrmm\/","title":{"rendered":"EasyRMM"},"content":{"rendered":"\n<p>Easy RMM est un logiciel d&rsquo;aide \u00e0 la conduite de r\u00e9union de morbi-mortalit\u00e9 dans les services cliniques.<br>L&rsquo;objectif de Easy RMM est de proposer une solution aux \u00e9tablissements de sant\u00e9 pour impulser une dynamique de r\u00e9alisation de RMM au sein des services cliniques. En ce sens, il les aide \u00e0 r\u00e9pondre au caract\u00e8re r\u00e9glementaire de r\u00e9alisation de RMM pour la certification (HAS V2010).<\/p>\n\n\n\n<p>Face \u00e0 ce caract\u00e8re r\u00e9glementaire, les praticiens en charge de r\u00e9aliser des RMM ne sont pas toujours form\u00e9s ou inform\u00e9s de la m\u00e9thodologie \u00e0 mettre \u0153uvre. Il sont aussi confront\u00e9s \u00e0 des facteurs humains qui repr\u00e9sentent des freins \u00e0 la bonne conduite de RMM, la RMM \u00e9tant bien souvent per\u00e7ue comme inquisitrice et culpabilisante.<\/p>\n\n\n\n<p>Easy RMM est aussi un outil de formation \u00e0 l&rsquo;analyse et \u00e0 la conduite de r\u00e9union morbi-mortalit\u00e9.<\/p>\n\n\n\n<p>Accessible via Internet depuis 2013, Easy RMM est destin\u00e9 aux cliniciens coordinateurs de RMM et \u00e0 ses coll\u00e8gues. Easy RMM accompagne les cliniciens dans leur analyse. Il offre un support interactif d&rsquo;analyse syst\u00e9mique collaborative permettant d&rsquo;identifier les causes ayant conduit \u00e0 un \u00e9v\u00e9nement ind\u00e9sirable grave, d&rsquo;\u00e9tablir des mesures d&rsquo;am\u00e9lioration et produit un rapport de RMM standardis\u00e9 au format PDF pour r\u00e9pondre au cadre r\u00e9glementaire.<\/p>\n\n\n\n<h3>Objectifs<\/h3>\n\n\n\n<p>L&rsquo;objectif est de proposer un moyen simple et accessible de mettre en oeuvre une RMM. Pour cela, Easy RMM r\u00e9pond aux objectifs suivants :<\/p>\n\n\n\n<ul><li>Web-application disponible en ligne sans installation<\/li><li>Repose sur la m\u00e9thodologie ALARM, recommand\u00e9 par l&rsquo;HAS<\/li><li>Intuitivit\u00e9 renforc\u00e9e pour faciliter l&rsquo;acc\u00e8s \u00e0 l&rsquo;application \u00e0 un large public<\/li><li>Export automatique de rapports standardis\u00e9s, anonymes et statistiques<\/li><\/ul>\n\n\n\n<h3>EASY RMM Institution<\/h3>\n\n\n\n<p>Le logiciel Easy RMM Institution est destin\u00e9 \u00e0 la fois aux m\u00e9decins coordonnateurs RMM dans leur service clinique et au service qualit\u00e9 et gestion des risques des \u00e9tablissements de sant\u00e9. Il leur propose des tableaux de bord personnalis\u00e9s de suivi des RMM r\u00e9alis\u00e9s au sein du service et\/ou de leur l&rsquo;\u00e9tablissement tout en assurant la confidentialit\u00e9 des donn\u00e9es transmises entre services.<\/p>\n\n\n\n<p>La suite logicielle Easy RMM est d\u00e9velopp\u00e9e par l&rsquo;Universit\u00e9 Champollion en association avec le Dr Lubrano de la facult\u00e9 de m\u00e9decine de Toulouse.<\/p>\n\n\n\n\n\n\n\n<p> <\/p>\n\n\n\n\n","protected":false},"excerpt":{"rendered":"<p>Easy RMM est un logiciel d&rsquo;aide \u00e0 la conduite de r\u00e9union de morbi-mortalit\u00e9 dans les services cliniques.L&rsquo;objectif de Easy RMM est de proposer une solution aux \u00e9tablissements de sant\u00e9 pour impulser une dynamique de r\u00e9alisation de RMM au sein des &hellip; <a href=\"https:\/\/blogs.univ-jfc.fr\/easyrmm\/\">Lire la suite <span class=\"meta-nav\">&rarr;<\/span><\/a><\/p>\n","protected":false},"author":242,"featured_media":0,"parent":0,"menu_order":0,"comment_status":"closed","ping_status":"closed","template":"","meta":[],"_links":{"self":[{"href":"https:\/\/blogs.univ-jfc.fr\/easyrmm\/wp-json\/wp\/v2\/pages\/12"}],"collection":[{"href":"https:\/\/blogs.univ-jfc.fr\/easyrmm\/wp-json\/wp\/v2\/pages"}],"about":[{"href":"https:\/\/blogs.univ-jfc.fr\/easyrmm\/wp-json\/wp\/v2\/types\/page"}],"author":[{"embeddable":true,"href":"https:\/\/blogs.univ-jfc.fr\/easyrmm\/wp-json\/wp\/v2\/users\/242"}],"replies":[{"embeddable":true,"href":"https:\/\/blogs.univ-jfc.fr\/easyrmm\/wp-json\/wp\/v2\/comments?post=12"}],"version-history":[{"count":4,"href":"https:\/\/blogs.univ-jfc.fr\/easyrmm\/wp-json\/wp\/v2\/pages\/12\/revisions"}],"predecessor-version":[{"id":48,"href":"https:\/\/blogs.univ-jfc.fr\/easyrmm\/wp-json\/wp\/v2\/pages\/12\/revisions\/48"}],"wp:attachment":[{"href":"https:\/\/blogs.univ-jfc.fr\/easyrmm\/wp-json\/wp\/v2\/media?parent=12"}],"curies":[{"name":"wp","href":"https:\/\/api.w.org\/{rel}","templated":true}]}}