{"id":17,"date":"2022-04-15T12:13:50","date_gmt":"2022-04-15T10:13:50","guid":{"rendered":"https:\/\/blogs.univ-jfc.fr\/easyrmm\/?page_id=17"},"modified":"2026-03-27T10:29:49","modified_gmt":"2026-03-27T09:29:49","slug":"equipe","status":"publish","type":"page","link":"https:\/\/blogs.univ-jfc.fr\/easyrmm\/equipe\/","title":{"rendered":"\u00c9quipe"},"content":{"rendered":"\n<p>Easy RMM est port\u00e9 par l&rsquo;Institut Universitaire Champollion<\/p>\n\n\n\n<h3>Membres de l&rsquo;Institut Universitaire Champollion impliqu\u00e9s :<\/h3>\n\n\n\n<ul><li>Cathy PONS <\/li><li>David Panzoli<\/li><\/ul>\n\n\n\n<h3>Expertises et collaborations m\u00e9dicales :<\/h3>\n\n\n\n<ul><li>Jacques Ragni (Dr en anesth\u00e9sie &#8211; Coordinateur de la Gestion des Risques associ\u00e9s aux Soins (ViGeRiS) &#8211; Assistance Publique des H\u00f4pitaux de Marseille<\/li><li>Michel Meignan (APHP &#8211; CHU Henri Mondor)<\/li><li>Vincent Lubrano (Dr en neurochirurgie au CHU de Toulouse) &#8211; H\u00f4pitaux de Toulouse<\/li><\/ul>\n\n\n\n<h3>Accord de coop\u00e9ration scientifique avec les Hopitaux Henri Mondor (2013-10)<\/h3>\n\n\n\n<h3>Accord de coop\u00e9ration scientifique avec l&rsquo;Association Echo (2016)<\/h3>\n\n\n\n<h3>Accord de coop\u00e9ration scientifique avec les H\u00f4pitaux d&rsquo;Annecy Genevois (2016)<\/h3>\n\n\n\n<h3>Accord avec la Clinique Charcot de Lyon (2017)<\/h3>\n\n\n\n<h3>Accord avec les H\u00f4pitaux du Vaucluse (2019) (Avignon, Apt, Cavaillon)<\/h3>\n\n\n\n<h3>Accord avec l&rsquo;H\u00f4pital de Chateaubriand (2019)<\/h3>\n","protected":false},"excerpt":{"rendered":"<p>Easy RMM est port\u00e9 par l&rsquo;Institut Universitaire Champollion Membres de l&rsquo;Institut Universitaire Champollion impliqu\u00e9s : Cathy PONS David Panzoli Expertises et collaborations m\u00e9dicales : Jacques Ragni (Dr en anesth\u00e9sie &#8211; Coordinateur de la Gestion des Risques associ\u00e9s aux Soins (ViGeRiS) &hellip; <a href=\"https:\/\/blogs.univ-jfc.fr\/easyrmm\/equipe\/\">Lire la suite <span class=\"meta-nav\">&rarr;<\/span><\/a><\/p>\n","protected":false},"author":242,"featured_media":0,"parent":0,"menu_order":0,"comment_status":"closed","ping_status":"closed","template":"","meta":[],"_links":{"self":[{"href":"https:\/\/blogs.univ-jfc.fr\/easyrmm\/wp-json\/wp\/v2\/pages\/17"}],"collection":[{"href":"https:\/\/blogs.univ-jfc.fr\/easyrmm\/wp-json\/wp\/v2\/pages"}],"about":[{"href":"https:\/\/blogs.univ-jfc.fr\/easyrmm\/wp-json\/wp\/v2\/types\/page"}],"author":[{"embeddable":true,"href":"https:\/\/blogs.univ-jfc.fr\/easyrmm\/wp-json\/wp\/v2\/users\/242"}],"replies":[{"embeddable":true,"href":"https:\/\/blogs.univ-jfc.fr\/easyrmm\/wp-json\/wp\/v2\/comments?post=17"}],"version-history":[{"count":3,"href":"https:\/\/blogs.univ-jfc.fr\/easyrmm\/wp-json\/wp\/v2\/pages\/17\/revisions"}],"predecessor-version":[{"id":49,"href":"https:\/\/blogs.univ-jfc.fr\/easyrmm\/wp-json\/wp\/v2\/pages\/17\/revisions\/49"}],"wp:attachment":[{"href":"https:\/\/blogs.univ-jfc.fr\/easyrmm\/wp-json\/wp\/v2\/media?parent=17"}],"curies":[{"name":"wp","href":"https:\/\/api.w.org\/{rel}","templated":true}]}}