{"id":283,"date":"2022-04-13T11:34:06","date_gmt":"2022-04-13T09:34:06","guid":{"rendered":"https:\/\/blogs.univ-jfc.fr\/gamelabsnet\/?page_id=283"},"modified":"2022-06-10T11:00:39","modified_gmt":"2022-06-10T09:00:39","slug":"catalogue","status":"publish","type":"page","link":"https:\/\/blogs.univ-jfc.fr\/gamelabsnet\/catalogue\/","title":{"rendered":"Catalogue"},"content":{"rendered":"\n<div class=\"wp-block-columns\">\n<div class=\"wp-block-column\">\n<figure class=\"wp-block-image size-large is-resized\"><img loading=\"lazy\" src=\"https:\/\/blogs.univ-jfc.fr\/gamelabsnet\/wp-content\/uploads\/sites\/89\/2022\/04\/Catal_0-1.jpg\" alt=\"\" class=\"wp-image-333\" width=\"246\" height=\"228\" srcset=\"https:\/\/blogs.univ-jfc.fr\/gamelabsnet\/wp-content\/uploads\/sites\/89\/2022\/04\/Catal_0-1.jpg 376w, https:\/\/blogs.univ-jfc.fr\/gamelabsnet\/wp-content\/uploads\/sites\/89\/2022\/04\/Catal_0-1-300x278.jpg 300w, https:\/\/blogs.univ-jfc.fr\/gamelabsnet\/wp-content\/uploads\/sites\/89\/2022\/04\/Catal_0-1-323x300.jpg 323w\" sizes=\"(max-width: 246px) 100vw, 246px\" \/><\/figure>\n<\/div>\n\n\n\n<div class=\"wp-block-column\">\n<p>D\u00e9couvrez tous les projets et toutes les solutions pr\u00e9sent\u00e9es r\u00e9guli\u00e8rement au sein de <strong>l&rsquo;Immersive Lab.<\/strong><br>Ce sont les r\u00e9sultats des travaux de recherche du SGRL, men\u00e9s en collaboration avec les \u00e9tudiants du master AMINJ, ainsi que les solutions de nos partenaires du r\u00e9seau <strong><a href=\"https:\/\/gamelabsnet.eu\/?lang=fr\">GameLabsNet<\/a><\/strong>.<\/p>\n<\/div>\n<\/div>\n\n\n\n<p>Le catalogue est r\u00e9guli\u00e8rement mis \u00e0 jour en fonction de l&rsquo;actualit\u00e9 num\u00e9rique et de l&rsquo;avancement de nos projets.<\/p>\n\n\n\n<figure class=\"wp-block-image size-large\"><img loading=\"lazy\" width=\"1024\" height=\"256\" src=\"https:\/\/blogs.univ-jfc.fr\/gamelabsnet\/wp-content\/uploads\/sites\/89\/2022\/04\/Catal_1-1-1024x256.jpg\" alt=\"\" class=\"wp-image-320\" srcset=\"https:\/\/blogs.univ-jfc.fr\/gamelabsnet\/wp-content\/uploads\/sites\/89\/2022\/04\/Catal_1-1-1024x256.jpg 1024w, https:\/\/blogs.univ-jfc.fr\/gamelabsnet\/wp-content\/uploads\/sites\/89\/2022\/04\/Catal_1-1-300x75.jpg 300w, https:\/\/blogs.univ-jfc.fr\/gamelabsnet\/wp-content\/uploads\/sites\/89\/2022\/04\/Catal_1-1-768x192.jpg 768w, https:\/\/blogs.univ-jfc.fr\/gamelabsnet\/wp-content\/uploads\/sites\/89\/2022\/04\/Catal_1-1-500x125.jpg 500w, https:\/\/blogs.univ-jfc.fr\/gamelabsnet\/wp-content\/uploads\/sites\/89\/2022\/04\/Catal_1-1.jpg 1280w\" sizes=\"(max-width: 1024px) 100vw, 1024px\" \/><\/figure>\n\n\n\n<figure class=\"wp-block-image size-large\"><img loading=\"lazy\" width=\"1024\" height=\"246\" src=\"https:\/\/blogs.univ-jfc.fr\/gamelabsnet\/wp-content\/uploads\/sites\/89\/2022\/05\/Catal_2-1024x246.jpg\" alt=\"\" class=\"wp-image-396\" srcset=\"https:\/\/blogs.univ-jfc.fr\/gamelabsnet\/wp-content\/uploads\/sites\/89\/2022\/05\/Catal_2-1024x246.jpg 1024w, https:\/\/blogs.univ-jfc.fr\/gamelabsnet\/wp-content\/uploads\/sites\/89\/2022\/05\/Catal_2-300x72.jpg 300w, https:\/\/blogs.univ-jfc.fr\/gamelabsnet\/wp-content\/uploads\/sites\/89\/2022\/05\/Catal_2-768x185.jpg 768w, https:\/\/blogs.univ-jfc.fr\/gamelabsnet\/wp-content\/uploads\/sites\/89\/2022\/05\/Catal_2-500x120.jpg 500w, https:\/\/blogs.univ-jfc.fr\/gamelabsnet\/wp-content\/uploads\/sites\/89\/2022\/05\/Catal_2.jpg 1280w\" sizes=\"(max-width: 1024px) 100vw, 1024px\" \/><\/figure>\n\n\n\n<figure class=\"wp-block-image size-large\"><img loading=\"lazy\" width=\"1024\" height=\"259\" src=\"https:\/\/blogs.univ-jfc.fr\/gamelabsnet\/wp-content\/uploads\/sites\/89\/2022\/05\/cat_3-1024x259.jpg\" alt=\"\" class=\"wp-image-345\" srcset=\"https:\/\/blogs.univ-jfc.fr\/gamelabsnet\/wp-content\/uploads\/sites\/89\/2022\/05\/cat_3-1024x259.jpg 1024w, https:\/\/blogs.univ-jfc.fr\/gamelabsnet\/wp-content\/uploads\/sites\/89\/2022\/05\/cat_3-300x76.jpg 300w, https:\/\/blogs.univ-jfc.fr\/gamelabsnet\/wp-content\/uploads\/sites\/89\/2022\/05\/cat_3-768x194.jpg 768w, https:\/\/blogs.univ-jfc.fr\/gamelabsnet\/wp-content\/uploads\/sites\/89\/2022\/05\/cat_3-500x126.jpg 500w, https:\/\/blogs.univ-jfc.fr\/gamelabsnet\/wp-content\/uploads\/sites\/89\/2022\/05\/cat_3.jpg 1279w\" sizes=\"(max-width: 1024px) 100vw, 1024px\" \/><\/figure>\n\n\n\n<figure class=\"wp-block-image size-large\"><img loading=\"lazy\" width=\"1024\" height=\"261\" src=\"https:\/\/blogs.univ-jfc.fr\/gamelabsnet\/wp-content\/uploads\/sites\/89\/2022\/06\/Catal_4-1024x261.jpg\" alt=\"\" class=\"wp-image-429\" srcset=\"https:\/\/blogs.univ-jfc.fr\/gamelabsnet\/wp-content\/uploads\/sites\/89\/2022\/06\/Catal_4-1024x261.jpg 1024w, https:\/\/blogs.univ-jfc.fr\/gamelabsnet\/wp-content\/uploads\/sites\/89\/2022\/06\/Catal_4-300x77.jpg 300w, https:\/\/blogs.univ-jfc.fr\/gamelabsnet\/wp-content\/uploads\/sites\/89\/2022\/06\/Catal_4-768x196.jpg 768w, https:\/\/blogs.univ-jfc.fr\/gamelabsnet\/wp-content\/uploads\/sites\/89\/2022\/06\/Catal_4-500x128.jpg 500w, https:\/\/blogs.univ-jfc.fr\/gamelabsnet\/wp-content\/uploads\/sites\/89\/2022\/06\/Catal_4.jpg 1277w\" sizes=\"(max-width: 1024px) 100vw, 1024px\" \/><\/figure>\n\n\n\n<figure class=\"wp-block-image size-large\"><img loading=\"lazy\" width=\"1024\" height=\"255\" src=\"https:\/\/blogs.univ-jfc.fr\/gamelabsnet\/wp-content\/uploads\/sites\/89\/2022\/04\/Catal_5-2-1024x255.jpg\" alt=\"\" class=\"wp-image-325\" srcset=\"https:\/\/blogs.univ-jfc.fr\/gamelabsnet\/wp-content\/uploads\/sites\/89\/2022\/04\/Catal_5-2-1024x255.jpg 1024w, https:\/\/blogs.univ-jfc.fr\/gamelabsnet\/wp-content\/uploads\/sites\/89\/2022\/04\/Catal_5-2-300x75.jpg 300w, https:\/\/blogs.univ-jfc.fr\/gamelabsnet\/wp-content\/uploads\/sites\/89\/2022\/04\/Catal_5-2-768x191.jpg 768w, https:\/\/blogs.univ-jfc.fr\/gamelabsnet\/wp-content\/uploads\/sites\/89\/2022\/04\/Catal_5-2-500x125.jpg 500w, https:\/\/blogs.univ-jfc.fr\/gamelabsnet\/wp-content\/uploads\/sites\/89\/2022\/04\/Catal_5-2.jpg 1280w\" sizes=\"(max-width: 1024px) 100vw, 1024px\" \/><\/figure>\n\n\n\n<figure class=\"wp-block-image size-large\"><img loading=\"lazy\" width=\"1024\" height=\"262\" src=\"https:\/\/blogs.univ-jfc.fr\/gamelabsnet\/wp-content\/uploads\/sites\/89\/2022\/04\/Catal_6-1-1024x262.jpg\" alt=\"\" class=\"wp-image-326\" srcset=\"https:\/\/blogs.univ-jfc.fr\/gamelabsnet\/wp-content\/uploads\/sites\/89\/2022\/04\/Catal_6-1-1024x262.jpg 1024w, https:\/\/blogs.univ-jfc.fr\/gamelabsnet\/wp-content\/uploads\/sites\/89\/2022\/04\/Catal_6-1-300x77.jpg 300w, https:\/\/blogs.univ-jfc.fr\/gamelabsnet\/wp-content\/uploads\/sites\/89\/2022\/04\/Catal_6-1-768x196.jpg 768w, https:\/\/blogs.univ-jfc.fr\/gamelabsnet\/wp-content\/uploads\/sites\/89\/2022\/04\/Catal_6-1-500x128.jpg 500w, https:\/\/blogs.univ-jfc.fr\/gamelabsnet\/wp-content\/uploads\/sites\/89\/2022\/04\/Catal_6-1.jpg 1286w\" sizes=\"(max-width: 1024px) 100vw, 1024px\" \/><\/figure>\n\n\n\n<figure class=\"wp-block-image size-large\"><img loading=\"lazy\" width=\"1024\" height=\"256\" src=\"https:\/\/blogs.univ-jfc.fr\/gamelabsnet\/wp-content\/uploads\/sites\/89\/2022\/04\/Catal_7-1-1024x256.jpg\" alt=\"\" class=\"wp-image-337\" srcset=\"https:\/\/blogs.univ-jfc.fr\/gamelabsnet\/wp-content\/uploads\/sites\/89\/2022\/04\/Catal_7-1-1024x256.jpg 1024w, https:\/\/blogs.univ-jfc.fr\/gamelabsnet\/wp-content\/uploads\/sites\/89\/2022\/04\/Catal_7-1-300x75.jpg 300w, https:\/\/blogs.univ-jfc.fr\/gamelabsnet\/wp-content\/uploads\/sites\/89\/2022\/04\/Catal_7-1-768x192.jpg 768w, https:\/\/blogs.univ-jfc.fr\/gamelabsnet\/wp-content\/uploads\/sites\/89\/2022\/04\/Catal_7-1-500x125.jpg 500w, https:\/\/blogs.univ-jfc.fr\/gamelabsnet\/wp-content\/uploads\/sites\/89\/2022\/04\/Catal_7-1.jpg 1287w\" sizes=\"(max-width: 1024px) 100vw, 1024px\" \/><\/figure>\n\n\n\n<figure class=\"wp-block-image size-large\"><img loading=\"lazy\" width=\"1024\" height=\"257\" src=\"https:\/\/blogs.univ-jfc.fr\/gamelabsnet\/wp-content\/uploads\/sites\/89\/2022\/04\/Catal_8-1-1024x257.jpg\" alt=\"\" class=\"wp-image-338\" srcset=\"https:\/\/blogs.univ-jfc.fr\/gamelabsnet\/wp-content\/uploads\/sites\/89\/2022\/04\/Catal_8-1-1024x257.jpg 1024w, https:\/\/blogs.univ-jfc.fr\/gamelabsnet\/wp-content\/uploads\/sites\/89\/2022\/04\/Catal_8-1-300x75.jpg 300w, https:\/\/blogs.univ-jfc.fr\/gamelabsnet\/wp-content\/uploads\/sites\/89\/2022\/04\/Catal_8-1-768x193.jpg 768w, https:\/\/blogs.univ-jfc.fr\/gamelabsnet\/wp-content\/uploads\/sites\/89\/2022\/04\/Catal_8-1-500x126.jpg 500w, https:\/\/blogs.univ-jfc.fr\/gamelabsnet\/wp-content\/uploads\/sites\/89\/2022\/04\/Catal_8-1.jpg 1282w\" sizes=\"(max-width: 1024px) 100vw, 1024px\" \/><\/figure>\n\n\n\n<figure class=\"wp-block-image size-large\"><img loading=\"lazy\" width=\"1024\" height=\"257\" src=\"https:\/\/blogs.univ-jfc.fr\/gamelabsnet\/wp-content\/uploads\/sites\/89\/2022\/06\/Catal_9-1024x257.jpg\" alt=\"\" class=\"wp-image-427\" srcset=\"https:\/\/blogs.univ-jfc.fr\/gamelabsnet\/wp-content\/uploads\/sites\/89\/2022\/06\/Catal_9-1024x257.jpg 1024w, https:\/\/blogs.univ-jfc.fr\/gamelabsnet\/wp-content\/uploads\/sites\/89\/2022\/06\/Catal_9-300x75.jpg 300w, https:\/\/blogs.univ-jfc.fr\/gamelabsnet\/wp-content\/uploads\/sites\/89\/2022\/06\/Catal_9-768x193.jpg 768w, https:\/\/blogs.univ-jfc.fr\/gamelabsnet\/wp-content\/uploads\/sites\/89\/2022\/06\/Catal_9-500x126.jpg 500w, https:\/\/blogs.univ-jfc.fr\/gamelabsnet\/wp-content\/uploads\/sites\/89\/2022\/06\/Catal_9.jpg 1281w\" sizes=\"(max-width: 1024px) 100vw, 1024px\" \/><\/figure>\n\n\n\n<figure class=\"wp-block-image size-large\"><img loading=\"lazy\" width=\"1024\" height=\"265\" src=\"https:\/\/blogs.univ-jfc.fr\/gamelabsnet\/wp-content\/uploads\/sites\/89\/2022\/06\/Catal_13-1-1024x265.jpg\" alt=\"\" class=\"wp-image-422\" srcset=\"https:\/\/blogs.univ-jfc.fr\/gamelabsnet\/wp-content\/uploads\/sites\/89\/2022\/06\/Catal_13-1-1024x265.jpg 1024w, https:\/\/blogs.univ-jfc.fr\/gamelabsnet\/wp-content\/uploads\/sites\/89\/2022\/06\/Catal_13-1-300x78.jpg 300w, https:\/\/blogs.univ-jfc.fr\/gamelabsnet\/wp-content\/uploads\/sites\/89\/2022\/06\/Catal_13-1-768x199.jpg 768w, https:\/\/blogs.univ-jfc.fr\/gamelabsnet\/wp-content\/uploads\/sites\/89\/2022\/06\/Catal_13-1-500x129.jpg 500w, https:\/\/blogs.univ-jfc.fr\/gamelabsnet\/wp-content\/uploads\/sites\/89\/2022\/06\/Catal_13-1.jpg 1283w\" sizes=\"(max-width: 1024px) 100vw, 1024px\" \/><\/figure>\n\n\n\n<figure class=\"wp-block-image size-large\"><img loading=\"lazy\" width=\"1024\" height=\"262\" src=\"https:\/\/blogs.univ-jfc.fr\/gamelabsnet\/wp-content\/uploads\/sites\/89\/2022\/06\/Catal_10-1024x262.jpg\" alt=\"\" class=\"wp-image-423\" srcset=\"https:\/\/blogs.univ-jfc.fr\/gamelabsnet\/wp-content\/uploads\/sites\/89\/2022\/06\/Catal_10-1024x262.jpg 1024w, https:\/\/blogs.univ-jfc.fr\/gamelabsnet\/wp-content\/uploads\/sites\/89\/2022\/06\/Catal_10-300x77.jpg 300w, https:\/\/blogs.univ-jfc.fr\/gamelabsnet\/wp-content\/uploads\/sites\/89\/2022\/06\/Catal_10-768x197.jpg 768w, https:\/\/blogs.univ-jfc.fr\/gamelabsnet\/wp-content\/uploads\/sites\/89\/2022\/06\/Catal_10-500x128.jpg 500w, https:\/\/blogs.univ-jfc.fr\/gamelabsnet\/wp-content\/uploads\/sites\/89\/2022\/06\/Catal_10.jpg 1280w\" sizes=\"(max-width: 1024px) 100vw, 1024px\" \/><\/figure>\n\n\n\n<figure class=\"wp-block-image size-large\"><img loading=\"lazy\" width=\"1024\" height=\"262\" src=\"https:\/\/blogs.univ-jfc.fr\/gamelabsnet\/wp-content\/uploads\/sites\/89\/2022\/06\/Catal_11-1024x262.jpg\" alt=\"\" class=\"wp-image-425\" srcset=\"https:\/\/blogs.univ-jfc.fr\/gamelabsnet\/wp-content\/uploads\/sites\/89\/2022\/06\/Catal_11-1024x262.jpg 1024w, https:\/\/blogs.univ-jfc.fr\/gamelabsnet\/wp-content\/uploads\/sites\/89\/2022\/06\/Catal_11-300x77.jpg 300w, https:\/\/blogs.univ-jfc.fr\/gamelabsnet\/wp-content\/uploads\/sites\/89\/2022\/06\/Catal_11-768x196.jpg 768w, https:\/\/blogs.univ-jfc.fr\/gamelabsnet\/wp-content\/uploads\/sites\/89\/2022\/06\/Catal_11-500x128.jpg 500w, https:\/\/blogs.univ-jfc.fr\/gamelabsnet\/wp-content\/uploads\/sites\/89\/2022\/06\/Catal_11.jpg 1287w\" sizes=\"(max-width: 1024px) 100vw, 1024px\" \/><\/figure>\n","protected":false},"excerpt":{"rendered":"<p>D\u00e9couvrez tous les projets et toutes les solutions pr\u00e9sent\u00e9es r\u00e9guli\u00e8rement au sein de l&rsquo;Immersive Lab.Ce sont les r\u00e9sultats des travaux de recherche du SGRL, men\u00e9s en collaboration avec les \u00e9tudiants du master AMINJ, ainsi que les solutions de nos partenaires &hellip; <a href=\"https:\/\/blogs.univ-jfc.fr\/gamelabsnet\/catalogue\/\">Lire la suite <span class=\"meta-nav\">&rarr;<\/span><\/a><\/p>\n","protected":false},"author":804,"featured_media":0,"parent":0,"menu_order":3,"comment_status":"closed","ping_status":"closed","template":"","meta":[],"_links":{"self":[{"href":"https:\/\/blogs.univ-jfc.fr\/gamelabsnet\/wp-json\/wp\/v2\/pages\/283"}],"collection":[{"href":"https:\/\/blogs.univ-jfc.fr\/gamelabsnet\/wp-json\/wp\/v2\/pages"}],"about":[{"href":"https:\/\/blogs.univ-jfc.fr\/gamelabsnet\/wp-json\/wp\/v2\/types\/page"}],"author":[{"embeddable":true,"href":"https:\/\/blogs.univ-jfc.fr\/gamelabsnet\/wp-json\/wp\/v2\/users\/804"}],"replies":[{"embeddable":true,"href":"https:\/\/blogs.univ-jfc.fr\/gamelabsnet\/wp-json\/wp\/v2\/comments?post=283"}],"version-history":[{"count":24,"href":"https:\/\/blogs.univ-jfc.fr\/gamelabsnet\/wp-json\/wp\/v2\/pages\/283\/revisions"}],"predecessor-version":[{"id":430,"href":"https:\/\/blogs.univ-jfc.fr\/gamelabsnet\/wp-json\/wp\/v2\/pages\/283\/revisions\/430"}],"wp:attachment":[{"href":"https:\/\/blogs.univ-jfc.fr\/gamelabsnet\/wp-json\/wp\/v2\/media?parent=283"}],"curies":[{"name":"wp","href":"https:\/\/api.w.org\/{rel}","templated":true}]}}