{"id":29,"date":"2017-09-25T13:01:36","date_gmt":"2017-09-25T11:01:36","guid":{"rendered":"http:\/\/blogs.univ-jfc.fr\/heritage-historique-europeen\/?page_id=29"},"modified":"2024-06-06T11:04:51","modified_gmt":"2024-06-06T09:04:51","slug":"les-activites","status":"publish","type":"page","link":"https:\/\/blogs.univ-jfc.fr\/heritage-historique-europeen\/les-activites\/","title":{"rendered":"Les activit\u00e9s"},"content":{"rendered":"<p>L&rsquo;enjeu de cette formation\u00a0est de placer l&rsquo;\u00e9tudiant comme acteur-citoyen, au c\u0153ur de sa communaut\u00e9.<\/p>\n<p>De nombreuses activit\u00e9s de diffusion et divulgation sont ainsi mises en \u0153uvre.<\/p>\n\n\n<div class=\"wp-block-image\"><figure class=\"aligncenter size-large\"><img loading=\"lazy\" width=\"779\" height=\"1024\" src=\"https:\/\/blogs.univ-jfc.fr\/heritage-historique-europeen\/wp-content\/uploads\/sites\/63\/2024\/06\/Couv_494574-779x1024.jpg\" alt=\"\" class=\"wp-image-847\" srcset=\"https:\/\/blogs.univ-jfc.fr\/heritage-historique-europeen\/wp-content\/uploads\/sites\/63\/2024\/06\/Couv_494574-779x1024.jpg 779w, https:\/\/blogs.univ-jfc.fr\/heritage-historique-europeen\/wp-content\/uploads\/sites\/63\/2024\/06\/Couv_494574-228x300.jpg 228w, https:\/\/blogs.univ-jfc.fr\/heritage-historique-europeen\/wp-content\/uploads\/sites\/63\/2024\/06\/Couv_494574-768x1009.jpg 768w, https:\/\/blogs.univ-jfc.fr\/heritage-historique-europeen\/wp-content\/uploads\/sites\/63\/2024\/06\/Couv_494574.jpg 800w\" sizes=\"(max-width: 706px) 89vw, (max-width: 767px) 82vw, 740px\" \/><\/figure><\/div>\n\n\n\n<div class=\"wp-block-image\"><figure class=\"aligncenter size-large\"><a href=\"https:\/\/media.univ-jfc.fr\/videos\/?video=MEDIA240606094107107\" target=\"_blank\" rel=\"noopener\"><img loading=\"lazy\" width=\"409\" height=\"545\" src=\"https:\/\/blogs.univ-jfc.fr\/heritage-historique-europeen\/wp-content\/uploads\/sites\/63\/2024\/06\/Capture-decran-2024-06-06-095218.png\" alt=\"\" class=\"wp-image-850\" srcset=\"https:\/\/blogs.univ-jfc.fr\/heritage-historique-europeen\/wp-content\/uploads\/sites\/63\/2024\/06\/Capture-decran-2024-06-06-095218.png 409w, https:\/\/blogs.univ-jfc.fr\/heritage-historique-europeen\/wp-content\/uploads\/sites\/63\/2024\/06\/Capture-decran-2024-06-06-095218-225x300.png 225w\" sizes=\"(max-width: 409px) 100vw, 409px\" \/><\/a><figcaption>Cliquez pour lire la <a href=\"https:\/\/media.univ-jfc.fr\/videos\/?video=MEDIA240606094107107\" target=\"_blank\" rel=\"noreferrer noopener\">vid\u00e9o<\/a><\/figcaption><\/figure><\/div>\n\n\n\n<p><\/p>\n","protected":false},"excerpt":{"rendered":"<p>L&rsquo;enjeu de cette formation\u00a0est de placer l&rsquo;\u00e9tudiant comme acteur-citoyen, au c\u0153ur de sa communaut\u00e9. De nombreuses activit\u00e9s de diffusion et divulgation sont ainsi mises en \u0153uvre.<\/p>\n","protected":false},"author":20,"featured_media":0,"parent":0,"menu_order":0,"comment_status":"closed","ping_status":"closed","template":"","meta":[],"_links":{"self":[{"href":"https:\/\/blogs.univ-jfc.fr\/heritage-historique-europeen\/wp-json\/wp\/v2\/pages\/29"}],"collection":[{"href":"https:\/\/blogs.univ-jfc.fr\/heritage-historique-europeen\/wp-json\/wp\/v2\/pages"}],"about":[{"href":"https:\/\/blogs.univ-jfc.fr\/heritage-historique-europeen\/wp-json\/wp\/v2\/types\/page"}],"author":[{"embeddable":true,"href":"https:\/\/blogs.univ-jfc.fr\/heritage-historique-europeen\/wp-json\/wp\/v2\/users\/20"}],"replies":[{"embeddable":true,"href":"https:\/\/blogs.univ-jfc.fr\/heritage-historique-europeen\/wp-json\/wp\/v2\/comments?post=29"}],"version-history":[{"count":6,"href":"https:\/\/blogs.univ-jfc.fr\/heritage-historique-europeen\/wp-json\/wp\/v2\/pages\/29\/revisions"}],"predecessor-version":[{"id":852,"href":"https:\/\/blogs.univ-jfc.fr\/heritage-historique-europeen\/wp-json\/wp\/v2\/pages\/29\/revisions\/852"}],"wp:attachment":[{"href":"https:\/\/blogs.univ-jfc.fr\/heritage-historique-europeen\/wp-json\/wp\/v2\/media?parent=29"}],"curies":[{"name":"wp","href":"https:\/\/api.w.org\/{rel}","templated":true}]}}