{"id":45,"date":"2017-09-26T12:50:04","date_gmt":"2017-09-26T10:50:04","guid":{"rendered":"http:\/\/blogs.univ-jfc.fr\/heritage-historique-europeen\/?page_id=45"},"modified":"2017-12-09T12:26:17","modified_gmt":"2017-12-09T11:26:17","slug":"archives-videos","status":"publish","type":"page","link":"https:\/\/blogs.univ-jfc.fr\/heritage-historique-europeen\/les-ressources\/archives-videos\/","title":{"rendered":"Archives vid\u00e9os"},"content":{"rendered":"<h1>Archives vid\u00e9os<\/h1>\n<p>&nbsp;<\/p>\n<p><a href=\"https:\/\/media.univ-jfc.fr\/videos\/?video=MEDIA170928215413585\"><img loading=\"lazy\" class=\"alignleft size-thumbnail wp-image-88\" src=\"http:\/\/blogs.univ-jfc.fr\/heritage-historique-europeen\/wp-content\/uploads\/sites\/63\/2017\/09\/Image-Lviv-pour-video-1941-150x150.jpg\" alt=\"\" width=\"150\" height=\"150\" srcset=\"https:\/\/blogs.univ-jfc.fr\/heritage-historique-europeen\/wp-content\/uploads\/sites\/63\/2017\/09\/Image-Lviv-pour-video-1941-150x150.jpg 150w, https:\/\/blogs.univ-jfc.fr\/heritage-historique-europeen\/wp-content\/uploads\/sites\/63\/2017\/09\/Image-Lviv-pour-video-1941-100x100.jpg 100w\" sizes=\"(max-width: 150px) 100vw, 150px\" \/><\/a>Film du <a href=\"https:\/\/media.univ-jfc.fr\/videos\/?video=MEDIA170928215413585\">pogrom de 1941 \u00e0 Lviv<\/a>.<\/p>\n<p><em>Attention, certaines images peuvent choquer.<\/em><\/p>\n<p>&nbsp;<\/p>\n<p>&nbsp;<\/p>\n<p>&nbsp;<\/p>\n<p><a href=\"https:\/\/www.youtube.com\/watch?v=ybHK1hhz5kM\"><img loading=\"lazy\" class=\"alignleft wp-image-396 size-thumbnail\" src=\"http:\/\/blogs.univ-jfc.fr\/heritage-historique-europeen\/wp-content\/uploads\/sites\/63\/2017\/09\/Lviv-150x150.png\" alt=\"\" width=\"150\" height=\"150\" srcset=\"https:\/\/blogs.univ-jfc.fr\/heritage-historique-europeen\/wp-content\/uploads\/sites\/63\/2017\/09\/Lviv-150x150.png 150w, https:\/\/blogs.univ-jfc.fr\/heritage-historique-europeen\/wp-content\/uploads\/sites\/63\/2017\/09\/Lviv-100x100.png 100w\" sizes=\"(max-width: 150px) 100vw, 150px\" \/><\/a>Images du <a href=\"https:\/\/www.youtube.com\/watch?v=ybHK1hhz5kM\">Pogrom de Lviv<\/a>, 1941.<\/p>\n<p><em>Attention, certaines images peuvent choquer.<\/em><\/p>\n<p>&nbsp;<\/p>\n<p>&nbsp;<\/p>\n<p><a href=\"https:\/\/media.univ-jfc.fr\/videos\/?video=MEDIA170928221409732\"><img loading=\"lazy\" class=\"size-thumbnail wp-image-90 alignleft\" src=\"http:\/\/blogs.univ-jfc.fr\/heritage-historique-europeen\/wp-content\/uploads\/sites\/63\/2017\/09\/Image-Pi\u00e8ge-du-Diable-150x150.jpg\" alt=\"\" width=\"150\" height=\"150\" srcset=\"https:\/\/blogs.univ-jfc.fr\/heritage-historique-europeen\/wp-content\/uploads\/sites\/63\/2017\/09\/Image-Pi\u00e8ge-du-Diable-150x150.jpg 150w, https:\/\/blogs.univ-jfc.fr\/heritage-historique-europeen\/wp-content\/uploads\/sites\/63\/2017\/09\/Image-Pi\u00e8ge-du-Diable-100x100.jpg 100w\" sizes=\"(max-width: 150px) 100vw, 150px\" \/><\/a>\u00a0 Film des <a href=\"https:\/\/media.univ-jfc.fr\/videos\/?video=MEDIA170928221409732\">massacres\u00a0 perp\u00e9tr\u00e9s contre la population <\/a>ukrainienne de Lviv en 1941 par le NKVD sovi\u00e9tique, \u00e0 l&rsquo;origine de ce qui sera nomm\u00e9 \u00ab\u00a0le pi\u00e8ge du Diable\u00a0\u00bb.<\/p>\n<p><em>Attention, certaines images peuvent choquer.<\/em><\/p>\n<p>&nbsp;<\/p>\n","protected":false},"excerpt":{"rendered":"<p>Archives vid\u00e9os &nbsp; Film du pogrom de 1941 \u00e0 Lviv. Attention, certaines images peuvent choquer. &nbsp; &nbsp; &nbsp; Images du Pogrom de Lviv, 1941. Attention, certaines images peuvent choquer. &nbsp; &nbsp; \u00a0 Film des massacres\u00a0 perp\u00e9tr\u00e9s contre la population ukrainienne de Lviv en 1941 par le NKVD sovi\u00e9tique, \u00e0 l&rsquo;origine de ce qui sera nomm\u00e9 &hellip; <\/p>\n<p class=\"link-more\"><a href=\"https:\/\/blogs.univ-jfc.fr\/heritage-historique-europeen\/les-ressources\/archives-videos\/\" class=\"more-link\">Continuer la lecture<span class=\"screen-reader-text\"> de &laquo;&nbsp;Archives vid\u00e9os&nbsp;&raquo;<\/span><\/a><\/p>\n","protected":false},"author":20,"featured_media":0,"parent":27,"menu_order":0,"comment_status":"closed","ping_status":"closed","template":"","meta":[],"_links":{"self":[{"href":"https:\/\/blogs.univ-jfc.fr\/heritage-historique-europeen\/wp-json\/wp\/v2\/pages\/45"}],"collection":[{"href":"https:\/\/blogs.univ-jfc.fr\/heritage-historique-europeen\/wp-json\/wp\/v2\/pages"}],"about":[{"href":"https:\/\/blogs.univ-jfc.fr\/heritage-historique-europeen\/wp-json\/wp\/v2\/types\/page"}],"author":[{"embeddable":true,"href":"https:\/\/blogs.univ-jfc.fr\/heritage-historique-europeen\/wp-json\/wp\/v2\/users\/20"}],"replies":[{"embeddable":true,"href":"https:\/\/blogs.univ-jfc.fr\/heritage-historique-europeen\/wp-json\/wp\/v2\/comments?post=45"}],"version-history":[{"count":7,"href":"https:\/\/blogs.univ-jfc.fr\/heritage-historique-europeen\/wp-json\/wp\/v2\/pages\/45\/revisions"}],"predecessor-version":[{"id":399,"href":"https:\/\/blogs.univ-jfc.fr\/heritage-historique-europeen\/wp-json\/wp\/v2\/pages\/45\/revisions\/399"}],"up":[{"embeddable":true,"href":"https:\/\/blogs.univ-jfc.fr\/heritage-historique-europeen\/wp-json\/wp\/v2\/pages\/27"}],"wp:attachment":[{"href":"https:\/\/blogs.univ-jfc.fr\/heritage-historique-europeen\/wp-json\/wp\/v2\/media?parent=45"}],"curies":[{"name":"wp","href":"https:\/\/api.w.org\/{rel}","templated":true}]}}