{"id":854,"date":"2024-06-14T15:32:44","date_gmt":"2024-06-14T13:32:44","guid":{"rendered":"http:\/\/blogs.univ-jfc.fr\/heritage-historique-europeen\/?page_id=854"},"modified":"2024-06-14T15:32:44","modified_gmt":"2024-06-14T13:32:44","slug":"bd-je-nai-pas-oublie","status":"publish","type":"page","link":"https:\/\/blogs.univ-jfc.fr\/heritage-historique-europeen\/bd-je-nai-pas-oublie\/","title":{"rendered":"BD \u00ab\u00a0Je n&rsquo;ai pas oubli\u00e9&#8230;\u00a0\u00bb"},"content":{"rendered":"\n<figure class=\"wp-block-image size-large\"><a href=\"https:\/\/media.univ-jfc.fr\/videos\/?video=MEDIA240606094107107\"><img loading=\"lazy\" width=\"779\" height=\"1024\" src=\"http:\/\/blogs.univ-jfc.fr\/heritage-historique-europeen\/wp-content\/uploads\/sites\/63\/2024\/06\/Couv_494574-1-779x1024.jpg\" alt=\"\" class=\"wp-image-855\" srcset=\"https:\/\/blogs.univ-jfc.fr\/heritage-historique-europeen\/wp-content\/uploads\/sites\/63\/2024\/06\/Couv_494574-1-779x1024.jpg 779w, https:\/\/blogs.univ-jfc.fr\/heritage-historique-europeen\/wp-content\/uploads\/sites\/63\/2024\/06\/Couv_494574-1-228x300.jpg 228w, https:\/\/blogs.univ-jfc.fr\/heritage-historique-europeen\/wp-content\/uploads\/sites\/63\/2024\/06\/Couv_494574-1-768x1009.jpg 768w, https:\/\/blogs.univ-jfc.fr\/heritage-historique-europeen\/wp-content\/uploads\/sites\/63\/2024\/06\/Couv_494574-1.jpg 800w\" sizes=\"(max-width: 706px) 89vw, (max-width: 767px) 82vw, 740px\" \/><\/a><\/figure>\n\n\n\n<p>\u00ab Il a vu les nazis, le massacre des juifs, les balles dans la nuque \u00e0 bout portant, les enfants tra\u00een\u00e9s comme des chiens, la fosse commune se remplir la terre bouger au-dessus des cadavres. \u00bb<br>Un journaliste part en Pologne avec une vingtaine d&rsquo;\u00e9tudiants sur les traces des derniers t\u00e9moins de la Shoah par balles. Elle a caus\u00e9 la mort de pr\u00e8s de deux millions de victimes pendant la Seconde Guerre mondiale.<br>Lorsque la nature a repris ses droits, qu&rsquo;il ne subsiste aucune trace de ce qui s&rsquo;est produit et que les archives font d\u00e9faut, il ne reste plus que leurs r\u00e9cits.<br>Mais, \u00e0 90 ans pass\u00e9s, ces femmes et ces hommes sont sur le point d&#8217;emporter avec eux ce qu&rsquo;ils ont vu de ces fusillades de masse alors qu&rsquo;ils n&rsquo;\u00e9taient que des enfants : l&rsquo;horreur d&rsquo;un g\u00e9nocide en Europe de l&rsquo;Est.<br>Cet album, inspir\u00e9 de faits r\u00e9els, raconte ce moment d&rsquo;histoire peu connu et propose une r\u00e9flexion plus globale sur les discriminations et le racisme aujourd&rsquo;hui.<\/p>\n\n\n\n<p><\/p>\n\n\n\n<p><a href=\"https:\/\/www.babelio.com\/auteur\/Christophe-Girard\/9878\">Christophe Girard (Autre)<\/a><a href=\"https:\/\/www.babelio.com\/auteur\/Pierre-Roland-Saint-Dizier\/250490\">Pierre-Roland Saint-Dizier (Autre)<\/a> EAN : 9782268109558<br>152 pages<br><a href=\"https:\/\/www.babelio.com\/editeur\/1222\/Les-Editions-du-Rocher\">Les Editions du Rocher<\/a><\/p>\n","protected":false},"excerpt":{"rendered":"<p>\u00ab Il a vu les nazis, le massacre des juifs, les balles dans la nuque \u00e0 bout portant, les enfants tra\u00een\u00e9s comme des chiens, la fosse commune se remplir la terre bouger au-dessus des cadavres. \u00bbUn journaliste part en Pologne avec une vingtaine d&rsquo;\u00e9tudiants sur les traces des derniers t\u00e9moins de la Shoah par balles. &hellip; <\/p>\n<p class=\"link-more\"><a href=\"https:\/\/blogs.univ-jfc.fr\/heritage-historique-europeen\/bd-je-nai-pas-oublie\/\" class=\"more-link\">Continuer la lecture<span class=\"screen-reader-text\"> de &laquo;&nbsp;BD \u00ab\u00a0Je n&rsquo;ai pas oubli\u00e9&#8230;\u00a0\u00bb&nbsp;&raquo;<\/span><\/a><\/p>\n","protected":false},"author":20,"featured_media":0,"parent":0,"menu_order":0,"comment_status":"closed","ping_status":"closed","template":"","meta":[],"_links":{"self":[{"href":"https:\/\/blogs.univ-jfc.fr\/heritage-historique-europeen\/wp-json\/wp\/v2\/pages\/854"}],"collection":[{"href":"https:\/\/blogs.univ-jfc.fr\/heritage-historique-europeen\/wp-json\/wp\/v2\/pages"}],"about":[{"href":"https:\/\/blogs.univ-jfc.fr\/heritage-historique-europeen\/wp-json\/wp\/v2\/types\/page"}],"author":[{"embeddable":true,"href":"https:\/\/blogs.univ-jfc.fr\/heritage-historique-europeen\/wp-json\/wp\/v2\/users\/20"}],"replies":[{"embeddable":true,"href":"https:\/\/blogs.univ-jfc.fr\/heritage-historique-europeen\/wp-json\/wp\/v2\/comments?post=854"}],"version-history":[{"count":1,"href":"https:\/\/blogs.univ-jfc.fr\/heritage-historique-europeen\/wp-json\/wp\/v2\/pages\/854\/revisions"}],"predecessor-version":[{"id":856,"href":"https:\/\/blogs.univ-jfc.fr\/heritage-historique-europeen\/wp-json\/wp\/v2\/pages\/854\/revisions\/856"}],"wp:attachment":[{"href":"https:\/\/blogs.univ-jfc.fr\/heritage-historique-europeen\/wp-json\/wp\/v2\/media?parent=854"}],"curies":[{"name":"wp","href":"https:\/\/api.w.org\/{rel}","templated":true}]}}