{"id":2,"date":"2023-04-03T10:27:24","date_gmt":"2023-04-03T08:27:24","guid":{"rendered":"http:\/\/blogs.univ-jfc.fr\/inscriptions-rodez\/?page_id=2"},"modified":"2025-07-18T15:42:07","modified_gmt":"2025-07-18T13:42:07","slug":"accueil","status":"publish","type":"page","link":"https:\/\/blogs.univ-jfc.fr\/inscriptions-rodez\/","title":{"rendered":"Guide des inscriptions 2025"},"content":{"rendered":"\n<p>Nos services sont actuellement ferm\u00e9s, les dossiers en attente seront trait\u00e9s \u00e0 partir du 28 ao\u00fbt 2025. L&rsquo;acc\u00e8s \u00e0 l&rsquo;application d&rsquo;inscription est possible pendant la fermeture de l&rsquo;\u00e9tablissement mais la hotline ne sera joignable qu&rsquo;\u00e0 partir du 28 ao\u00fbt.<\/p>\n\n\n\n<p>Campus de Rodez : 05.65.73.36.53<\/p>\n\n\n\n<p>inscriptions-rodez@univ-jfc.fr<\/p>\n","protected":false},"excerpt":{"rendered":"<p>Nos services sont actuellement ferm\u00e9s, les dossiers en attente seront trait\u00e9s \u00e0 partir du 28 ao\u00fbt 2025. L&rsquo;acc\u00e8s \u00e0 l&rsquo;application d&rsquo;inscription est possible pendant la fermeture de l&rsquo;\u00e9tablissement mais la hotline ne sera joignable qu&rsquo;\u00e0 partir du 28 ao\u00fbt. Campus de Rodez : 05.65.73.36.53 inscriptions-rodez@univ-jfc.fr<\/p>\n","protected":false},"author":242,"featured_media":0,"parent":0,"menu_order":0,"comment_status":"closed","ping_status":"open","template":"","meta":[],"_links":{"self":[{"href":"https:\/\/blogs.univ-jfc.fr\/inscriptions-rodez\/wp-json\/wp\/v2\/pages\/2"}],"collection":[{"href":"https:\/\/blogs.univ-jfc.fr\/inscriptions-rodez\/wp-json\/wp\/v2\/pages"}],"about":[{"href":"https:\/\/blogs.univ-jfc.fr\/inscriptions-rodez\/wp-json\/wp\/v2\/types\/page"}],"author":[{"embeddable":true,"href":"https:\/\/blogs.univ-jfc.fr\/inscriptions-rodez\/wp-json\/wp\/v2\/users\/242"}],"replies":[{"embeddable":true,"href":"https:\/\/blogs.univ-jfc.fr\/inscriptions-rodez\/wp-json\/wp\/v2\/comments?post=2"}],"version-history":[{"count":14,"href":"https:\/\/blogs.univ-jfc.fr\/inscriptions-rodez\/wp-json\/wp\/v2\/pages\/2\/revisions"}],"predecessor-version":[{"id":426,"href":"https:\/\/blogs.univ-jfc.fr\/inscriptions-rodez\/wp-json\/wp\/v2\/pages\/2\/revisions\/426"}],"wp:attachment":[{"href":"https:\/\/blogs.univ-jfc.fr\/inscriptions-rodez\/wp-json\/wp\/v2\/media?parent=2"}],"curies":[{"name":"wp","href":"https:\/\/api.w.org\/{rel}","templated":true}]}}