{"id":41,"date":"2023-04-03T11:41:22","date_gmt":"2023-04-03T09:41:22","guid":{"rendered":"http:\/\/blogs.univ-jfc.fr\/inscriptions-rodez\/?page_id=41"},"modified":"2025-06-13T15:03:17","modified_gmt":"2025-06-13T13:03:17","slug":"je-suis-en-formation-continue-ou-en-alternance","status":"publish","type":"page","link":"https:\/\/blogs.univ-jfc.fr\/inscriptions-rodez\/reinscription\/je-suis-en-formation-continue-ou-en-alternance\/","title":{"rendered":"Je suis en formation continue ou en alternance"},"content":{"rendered":"\n<p>Les personnes relevant du service Formation Continue Apprentissage (demandeurs d&#8217;emploi, cong\u00e9s de formation, alternance, reprise d&rsquo;\u00e9tude&#8230;) ne peuvent pas proc\u00e9der \u00e0 leur inscription\/r\u00e9inscription par l&rsquo;application en ligne, merci de contacter le service Formation Continue :<\/p>\n\n\n\n<ul><li>Pour les stagiaires de la formation continue : formation-continue@univ-jfc.fr<\/li><li>Pour les alternants de la formation continue : alternance@univ-jfc.fr<\/li><\/ul>\n\n\n\n<p><\/p>\n","protected":false},"excerpt":{"rendered":"<p>Les personnes relevant du service Formation Continue Apprentissage (demandeurs d&#8217;emploi, cong\u00e9s de formation, alternance, reprise d&rsquo;\u00e9tude&#8230;) ne peuvent pas proc\u00e9der \u00e0 leur inscription\/r\u00e9inscription par l&rsquo;application en ligne, merci de contacter le service Formation Continue : Pour les stagiaires de la formation continue : formation-continue@univ-jfc.fr Pour les alternants de la formation continue : alternance@univ-jfc.fr<\/p>\n","protected":false},"author":242,"featured_media":0,"parent":18,"menu_order":7,"comment_status":"closed","ping_status":"closed","template":"","meta":[],"_links":{"self":[{"href":"https:\/\/blogs.univ-jfc.fr\/inscriptions-rodez\/wp-json\/wp\/v2\/pages\/41"}],"collection":[{"href":"https:\/\/blogs.univ-jfc.fr\/inscriptions-rodez\/wp-json\/wp\/v2\/pages"}],"about":[{"href":"https:\/\/blogs.univ-jfc.fr\/inscriptions-rodez\/wp-json\/wp\/v2\/types\/page"}],"author":[{"embeddable":true,"href":"https:\/\/blogs.univ-jfc.fr\/inscriptions-rodez\/wp-json\/wp\/v2\/users\/242"}],"replies":[{"embeddable":true,"href":"https:\/\/blogs.univ-jfc.fr\/inscriptions-rodez\/wp-json\/wp\/v2\/comments?post=41"}],"version-history":[{"count":1,"href":"https:\/\/blogs.univ-jfc.fr\/inscriptions-rodez\/wp-json\/wp\/v2\/pages\/41\/revisions"}],"predecessor-version":[{"id":42,"href":"https:\/\/blogs.univ-jfc.fr\/inscriptions-rodez\/wp-json\/wp\/v2\/pages\/41\/revisions\/42"}],"up":[{"embeddable":true,"href":"https:\/\/blogs.univ-jfc.fr\/inscriptions-rodez\/wp-json\/wp\/v2\/pages\/18"}],"wp:attachment":[{"href":"https:\/\/blogs.univ-jfc.fr\/inscriptions-rodez\/wp-json\/wp\/v2\/media?parent=41"}],"curies":[{"name":"wp","href":"https:\/\/api.w.org\/{rel}","templated":true}]}}